{"id":2020,"date":"2023-05-22T17:32:22","date_gmt":"2023-05-22T17:32:22","guid":{"rendered":"https:\/\/lallavepsi.net\/?page_id=2020"},"modified":"2025-01-30T19:49:45","modified_gmt":"2025-01-30T19:49:45","slug":"fundamentos-del-psicoanalisis-entendiendo-a-freud-y-lacan","status":"publish","type":"page","link":"https:\/\/lallavepsi.net\/index.php\/formaciones-online\/fundamentos-del-psicoanalisis-entendiendo-a-freud-y-lacan\/","title":{"rendered":"FUNDAMENTOS DEL PSICOAN\u00c1LISIS: ENTENDIENDO A FREUD Y LACAN"},"content":{"rendered":"<p><strong>FORMACI\u00d3N FUNDAMENTOS DEL PSICOAN\u00c1LISIS: ENTENDIENDO A FREUD Y LACAN<\/strong><\/p>\n<p>P\u00fablico: profesionales de la salud mental que quieran especializarse, adquirir mayores conocimientos o recursos, y p\u00fablico en general.<\/p>\n<p>Objetivo: incorporar\u00a0 conceptos claves del psicoan\u00e1lisis para su aplicaci\u00f3n te\u00f3rico pr\u00e1ctica o como aporte de autoconocimiento y crecimiento personal. Desarrollar un apropiamiento del psicoan\u00e1lisis como forma de interpelaci\u00f3n y posicionamiento existencial.<\/p>\n<p>Duraci\u00f3n: 12 clases o 3 meses aprox. cada uno. Pueden realizarse juntos o por separado.<\/p>\n<p>Inversi\u00f3n: Argentina $ 58000 mensuales. Descuento 10% abonando el curso completo.<\/p>\n<p>Promoci\u00f3n residentes Sudam\u00e9rica 40 % de descuento: usd\/\u20ac 48. Resto del mundo: usd\/\u20ac 80. Descuento adicional 10% abonando el curso completo.<\/p>\n<p>Modalidad: una clase semanal grupal online sincr\u00f3nica de dos horas te\u00f3rico-pr\u00e1ctica. Modalidad asincr\u00f3nica con env\u00edo de material te\u00f3rico-pr\u00e1ctico con feedback de dudas y consultas a trav\u00e9s de plataforma Skype.<\/p>\n<p>Bibliograf\u00eda: material digitalizado.<\/p>\n<p>Se entrega certificado cumplida el 80% de asistencia.<\/p>\n<p>&nbsp;<\/p>\n<p><strong>ENTENDIENDO A FREUD<\/strong><\/p>\n<p>Clase 1: Or\u00edgenes e influencias. Obras m\u00e1s importantes. Aberraciones sexuales. Instinto y pulsi\u00f3n. Inconsciente. Primera t\u00f3pica. Necesidad, deseo y demanda.<\/p>\n<p>Clase 2: Sexualidad infantil. Elecci\u00f3n de objeto. Fases. Teor\u00eda universal del falo. Teor\u00edas sexuales infantiles.<\/p>\n<p>Clase 3: Complejo de Edipo. Sepultamiento. Represi\u00f3n.<\/p>\n<p>Clase 4: Sexualidad femenina. Esquema del peine. Transferencia. Resistencias.<\/p>\n<p>Clase 5: Interpretaci\u00f3n de los sue\u00f1os.<\/p>\n<p>Clase 6: Huellas mn\u00e9micas. Preconsciente. Series complementarias. Segunda t\u00f3pica. Articulaci\u00f3n entre la primera y la segunda t\u00f3picas.<\/p>\n<p>Clase 7: Narcisismo. Masoquismo. Grandes casos: Anna O.<\/p>\n<p>Clase 8: Metamorfosis de la pubertad. Series complementarias. La religi\u00f3n en Freud.<\/p>\n<p>Clase 9: Deseo. Grandes casos: Dora y Juanito.<\/p>\n<p>Clase 10: Recordar, repetir y reelaborar. Grandes casos: Schereber.<\/p>\n<p>Clase 11: Mecanismos de defensa. Grandes casos: el hombre lobo y el hombre de las ratas.<\/p>\n<p>Clase 12: Pulsi\u00f3n de vida y de muerte. Repaso, dudas y cierre.<\/p>\n<p>&nbsp;<\/p>\n<p><strong>ENTENDIENDO A LACAN<\/strong><\/p>\n<p>Clase 1: Retorno a Freud. Seminarios fundamentales. Grafo del deseo. El YO. El sujeto (S).<\/p>\n<p>Clase 2: Abordaje lacaniano. Nudo borromeo.<\/p>\n<p>Clase 3: Articulaci\u00f3n campo del lenguaje y funci\u00f3n de la palabra.<\/p>\n<p>Clase 4: Estructuras ps\u00edquicas.<\/p>\n<p>Clase 5: Leyes del lenguaje y estructura del inconsciente. Articulaci\u00f3n Edipo-castraci\u00f3n.<\/p>\n<p>Clase 6: Plano del espejo. Registros. Muro del lenguaje. El Gran Otro.<\/p>\n<p>Clase 7: Vectores. Etapas del lenguaje.<\/p>\n<p>Clase 8: Inconsciente y goce.<\/p>\n<p>Clase 9: Objeto a y fantasma. Dimensiones de la falta.<\/p>\n<p>Clase 10: El cuerpo.<\/p>\n<p>Clase 11: Registro de lo real.<\/p>\n<p>Clase 12: Cuatro conceptos fundamentales y una nueva definici\u00f3n del inconsciente.<\/p>\n","protected":false},"excerpt":{"rendered":"<p>FORMACI\u00d3N FUNDAMENTOS DEL PSICOAN\u00c1LISIS: ENTENDIENDO A FREUD Y LACAN P\u00fablico: profesionales de la salud mental que quieran especializarse, adquirir mayores conocimientos o recursos, y p\u00fablico en general. Objetivo: incorporar\u00a0 conceptos claves del psicoan\u00e1lisis para su aplicaci\u00f3n te\u00f3rico pr\u00e1ctica o como aporte de autoconocimiento y crecimiento personal. Desarrollar un apropiamiento del psicoan\u00e1lisis como forma de interpelaci\u00f3n [&hellip;]<\/p>\n","protected":false},"author":1,"featured_media":0,"parent":49,"menu_order":0,"comment_status":"closed","ping_status":"closed","template":"","meta":{"_monsterinsights_skip_tracking":false,"_monsterinsights_sitenote_active":false,"_monsterinsights_sitenote_note":"","_monsterinsights_sitenote_category":0,"_uf_show_specific_survey":0,"_uf_disable_surveys":false,"site-sidebar-layout":"default","site-content-layout":"default","ast-site-content-layout":"default","site-content-style":"default","site-sidebar-style":"default","ast-global-header-display":"","ast-banner-title-visibility":"","ast-main-header-display":"","ast-hfb-above-header-display":"","ast-hfb-below-header-display":"","ast-hfb-mobile-header-display":"","site-post-title":"","ast-breadcrumbs-content":"","ast-featured-img":"","footer-sml-layout":"","ast-disable-related-posts":"","theme-transparent-header-meta":"default","adv-header-id-meta":"","stick-header-meta":"","header-above-stick-meta":"","header-main-stick-meta":"","header-below-stick-meta":"","astra-migrate-meta-layouts":"set","ast-page-background-enabled":"default","ast-page-background-meta":{"desktop":{"background-color":"var(--ast-global-color-4)","background-image":"","background-repeat":"repeat","background-position":"center center","background-size":"auto","background-attachment":"scroll","background-type":"","background-media":"","overlay-type":"","overlay-color":"","overlay-opacity":"","overlay-gradient":""},"tablet":{"background-color":"","background-image":"","background-repeat":"repeat","background-position":"center center","background-size":"auto","background-attachment":"scroll","background-type":"","background-media":"","overlay-type":"","overlay-color":"","overlay-opacity":"","overlay-gradient":""},"mobile":{"background-color":"","background-image":"","background-repeat":"repeat","background-position":"center center","background-size":"auto","background-attachment":"scroll","background-type":"","background-media":"","overlay-type":"","overlay-color":"","overlay-opacity":"","overlay-gradient":""}},"ast-content-background-meta":{"desktop":{"background-color":"var(--ast-global-color-5)","background-image":"","background-repeat":"repeat","background-position":"center center","background-size":"auto","background-attachment":"scroll","background-type":"","background-media":"","overlay-type":"","overlay-color":"","overlay-opacity":"","overlay-gradient":""},"tablet":{"background-color":"var(--ast-global-color-5)","background-image":"","background-repeat":"repeat","background-position":"center center","background-size":"auto","background-attachment":"scroll","background-type":"","background-media":"","overlay-type":"","overlay-color":"","overlay-opacity":"","overlay-gradient":""},"mobile":{"background-color":"var(--ast-global-color-5)","background-image":"","background-repeat":"repeat","background-position":"center center","background-size":"auto","background-attachment":"scroll","background-type":"","background-media":"","overlay-type":"","overlay-color":"","overlay-opacity":"","overlay-gradient":""}},"footnotes":""},"class_list":["post-2020","page","type-page","status-publish","hentry"],"yoast_head":"<!-- This site is optimized with the Yoast SEO plugin v27.0 - https:\/\/yoast.com\/product\/yoast-seo-wordpress\/ -->\n<title>FUNDAMENTOS DEL PSICOAN\u00c1LISIS: ENTENDIENDO A FREUD Y LACAN -<\/title>\n<meta name=\"description\" content=\"FUNDAMENTOS DEL PSICOAN\u00c1LISIS: ENTENDIENDO A FREUD Y LACAN -\" \/>\n<meta name=\"robots\" content=\"index, follow, max-snippet:-1, max-image-preview:large, max-video-preview:-1\" \/>\n<link rel=\"canonical\" href=\"https:\/\/lallavepsi.net\/index.php\/formaciones-online\/fundamentos-del-psicoanalisis-entendiendo-a-freud-y-lacan\/\" \/>\n<meta property=\"og:locale\" content=\"es_ES\" \/>\n<meta property=\"og:type\" content=\"article\" \/>\n<meta property=\"og:title\" content=\"FUNDAMENTOS DEL PSICOAN\u00c1LISIS: ENTENDIENDO A FREUD Y LACAN -\" \/>\n<meta property=\"og:description\" content=\"FUNDAMENTOS DEL PSICOAN\u00c1LISIS: ENTENDIENDO A FREUD Y LACAN -\" \/>\n<meta property=\"og:url\" content=\"https:\/\/lallavepsi.net\/index.php\/formaciones-online\/fundamentos-del-psicoanalisis-entendiendo-a-freud-y-lacan\/\" \/>\n<meta property=\"article:modified_time\" content=\"2025-01-30T19:49:45+00:00\" \/>\n<meta name=\"twitter:card\" content=\"summary_large_image\" \/>\n<meta name=\"twitter:label1\" content=\"Tiempo de lectura\" \/>\n\t<meta name=\"twitter:data1\" content=\"2 minutos\" \/>\n<script type=\"application\/ld+json\" class=\"yoast-schema-graph\">{\"@context\":\"https:\/\/schema.org\",\"@graph\":[{\"@type\":\"WebPage\",\"@id\":\"https:\/\/lallavepsi.net\/index.php\/formaciones-online\/fundamentos-del-psicoanalisis-entendiendo-a-freud-y-lacan\/\",\"url\":\"https:\/\/lallavepsi.net\/index.php\/formaciones-online\/fundamentos-del-psicoanalisis-entendiendo-a-freud-y-lacan\/\",\"name\":\"FUNDAMENTOS DEL PSICOAN\u00c1LISIS: ENTENDIENDO A FREUD Y LACAN -\",\"isPartOf\":{\"@id\":\"https:\/\/lallavepsi.net\/#website\"},\"datePublished\":\"2023-05-22T17:32:22+00:00\",\"dateModified\":\"2025-01-30T19:49:45+00:00\",\"description\":\"FUNDAMENTOS DEL PSICOAN\u00c1LISIS: ENTENDIENDO A FREUD Y LACAN -\",\"breadcrumb\":{\"@id\":\"https:\/\/lallavepsi.net\/index.php\/formaciones-online\/fundamentos-del-psicoanalisis-entendiendo-a-freud-y-lacan\/#breadcrumb\"},\"inLanguage\":\"es-AR\",\"potentialAction\":[{\"@type\":\"ReadAction\",\"target\":[\"https:\/\/lallavepsi.net\/index.php\/formaciones-online\/fundamentos-del-psicoanalisis-entendiendo-a-freud-y-lacan\/\"]}]},{\"@type\":\"BreadcrumbList\",\"@id\":\"https:\/\/lallavepsi.net\/index.php\/formaciones-online\/fundamentos-del-psicoanalisis-entendiendo-a-freud-y-lacan\/#breadcrumb\",\"itemListElement\":[{\"@type\":\"ListItem\",\"position\":1,\"name\":\"Inicio\",\"item\":\"https:\/\/lallavepsi.net\/\"},{\"@type\":\"ListItem\",\"position\":2,\"name\":\"FORMACIONES Y ESPECIALIZACIONES ONLINE\",\"item\":\"https:\/\/lallavepsi.net\/index.php\/formaciones-online\/\"},{\"@type\":\"ListItem\",\"position\":3,\"name\":\"FUNDAMENTOS DEL PSICOAN\u00c1LISIS: ENTENDIENDO A FREUD Y LACAN\"}]},{\"@type\":\"WebSite\",\"@id\":\"https:\/\/lallavepsi.net\/#website\",\"url\":\"https:\/\/lallavepsi.net\/\",\"name\":\"\",\"description\":\"\",\"potentialAction\":[{\"@type\":\"SearchAction\",\"target\":{\"@type\":\"EntryPoint\",\"urlTemplate\":\"https:\/\/lallavepsi.net\/?s={search_term_string}\"},\"query-input\":{\"@type\":\"PropertyValueSpecification\",\"valueRequired\":true,\"valueName\":\"search_term_string\"}}],\"inLanguage\":\"es-AR\"}]}<\/script>\n<!-- \/ Yoast SEO plugin. -->","yoast_head_json":{"title":"FUNDAMENTOS DEL PSICOAN\u00c1LISIS: ENTENDIENDO A FREUD Y LACAN -","description":"FUNDAMENTOS DEL PSICOAN\u00c1LISIS: ENTENDIENDO A FREUD Y LACAN -","robots":{"index":"index","follow":"follow","max-snippet":"max-snippet:-1","max-image-preview":"max-image-preview:large","max-video-preview":"max-video-preview:-1"},"canonical":"https:\/\/lallavepsi.net\/index.php\/formaciones-online\/fundamentos-del-psicoanalisis-entendiendo-a-freud-y-lacan\/","og_locale":"es_ES","og_type":"article","og_title":"FUNDAMENTOS DEL PSICOAN\u00c1LISIS: ENTENDIENDO A FREUD Y LACAN -","og_description":"FUNDAMENTOS DEL PSICOAN\u00c1LISIS: ENTENDIENDO A FREUD Y LACAN -","og_url":"https:\/\/lallavepsi.net\/index.php\/formaciones-online\/fundamentos-del-psicoanalisis-entendiendo-a-freud-y-lacan\/","article_modified_time":"2025-01-30T19:49:45+00:00","twitter_card":"summary_large_image","twitter_misc":{"Tiempo de lectura":"2 minutos"},"schema":{"@context":"https:\/\/schema.org","@graph":[{"@type":"WebPage","@id":"https:\/\/lallavepsi.net\/index.php\/formaciones-online\/fundamentos-del-psicoanalisis-entendiendo-a-freud-y-lacan\/","url":"https:\/\/lallavepsi.net\/index.php\/formaciones-online\/fundamentos-del-psicoanalisis-entendiendo-a-freud-y-lacan\/","name":"FUNDAMENTOS DEL PSICOAN\u00c1LISIS: ENTENDIENDO A FREUD Y LACAN -","isPartOf":{"@id":"https:\/\/lallavepsi.net\/#website"},"datePublished":"2023-05-22T17:32:22+00:00","dateModified":"2025-01-30T19:49:45+00:00","description":"FUNDAMENTOS DEL PSICOAN\u00c1LISIS: ENTENDIENDO A FREUD Y LACAN -","breadcrumb":{"@id":"https:\/\/lallavepsi.net\/index.php\/formaciones-online\/fundamentos-del-psicoanalisis-entendiendo-a-freud-y-lacan\/#breadcrumb"},"inLanguage":"es-AR","potentialAction":[{"@type":"ReadAction","target":["https:\/\/lallavepsi.net\/index.php\/formaciones-online\/fundamentos-del-psicoanalisis-entendiendo-a-freud-y-lacan\/"]}]},{"@type":"BreadcrumbList","@id":"https:\/\/lallavepsi.net\/index.php\/formaciones-online\/fundamentos-del-psicoanalisis-entendiendo-a-freud-y-lacan\/#breadcrumb","itemListElement":[{"@type":"ListItem","position":1,"name":"Inicio","item":"https:\/\/lallavepsi.net\/"},{"@type":"ListItem","position":2,"name":"FORMACIONES Y ESPECIALIZACIONES ONLINE","item":"https:\/\/lallavepsi.net\/index.php\/formaciones-online\/"},{"@type":"ListItem","position":3,"name":"FUNDAMENTOS DEL PSICOAN\u00c1LISIS: ENTENDIENDO A FREUD Y LACAN"}]},{"@type":"WebSite","@id":"https:\/\/lallavepsi.net\/#website","url":"https:\/\/lallavepsi.net\/","name":"","description":"","potentialAction":[{"@type":"SearchAction","target":{"@type":"EntryPoint","urlTemplate":"https:\/\/lallavepsi.net\/?s={search_term_string}"},"query-input":{"@type":"PropertyValueSpecification","valueRequired":true,"valueName":"search_term_string"}}],"inLanguage":"es-AR"}]}},"_hostinger_reach_plugin_has_subscription_block":false,"_hostinger_reach_plugin_is_elementor":false,"_links":{"self":[{"href":"https:\/\/lallavepsi.net\/index.php\/wp-json\/wp\/v2\/pages\/2020","targetHints":{"allow":["GET"]}}],"collection":[{"href":"https:\/\/lallavepsi.net\/index.php\/wp-json\/wp\/v2\/pages"}],"about":[{"href":"https:\/\/lallavepsi.net\/index.php\/wp-json\/wp\/v2\/types\/page"}],"author":[{"embeddable":true,"href":"https:\/\/lallavepsi.net\/index.php\/wp-json\/wp\/v2\/users\/1"}],"replies":[{"embeddable":true,"href":"https:\/\/lallavepsi.net\/index.php\/wp-json\/wp\/v2\/comments?post=2020"}],"version-history":[{"count":10,"href":"https:\/\/lallavepsi.net\/index.php\/wp-json\/wp\/v2\/pages\/2020\/revisions"}],"predecessor-version":[{"id":2419,"href":"https:\/\/lallavepsi.net\/index.php\/wp-json\/wp\/v2\/pages\/2020\/revisions\/2419"}],"up":[{"embeddable":true,"href":"https:\/\/lallavepsi.net\/index.php\/wp-json\/wp\/v2\/pages\/49"}],"wp:attachment":[{"href":"https:\/\/lallavepsi.net\/index.php\/wp-json\/wp\/v2\/media?parent=2020"}],"curies":[{"name":"wp","href":"https:\/\/api.w.org\/{rel}","templated":true}]}}