{"id":209,"date":"2022-12-21T19:44:41","date_gmt":"2022-12-21T19:44:41","guid":{"rendered":"https:\/\/lallavepsi.net\/?page_id=209"},"modified":"2025-01-30T19:59:27","modified_gmt":"2025-01-30T19:59:27","slug":"especializacion-en-trastornos-de-la-conducta-alimentaria","status":"publish","type":"page","link":"https:\/\/lallavepsi.net\/index.php\/formaciones-online\/especializacion-en-trastornos-de-la-conducta-alimentaria\/","title":{"rendered":"TRASTORNOS DE LA CONDUCTA ALIMENTARIA"},"content":{"rendered":"<p><strong>FORMACI\u00d3N\/ESPECIALIZACI\u00d3N PARA TRATAMIENTOS EN TRASTORNOS DE LA CONDUCTA ALIMENTARIA<\/strong><\/p>\n<p>Objetivo: brindar recursos y herramientas para transformar la relaci\u00f3n conflictiva con la comida, sostener un estilo de vida saludable y hallar estrategias propias de afrontamiento para aquellos componentes psicol\u00f3gicos que derivan en el desorden alimenticio.<\/p>\n<p>Dirigido a: p\u00fablico en general o agentes de salud mental interesados en perfeccionar o ampliar su campo de conocimiento y herramientas terap\u00e9uticas.<\/p>\n<p>Modalidad: una clase semanal grupal online sincr\u00f3nica de dos horas te\u00f3rico-pr\u00e1ctica. Modalidad asincr\u00f3nica con env\u00edo de material te\u00f3rico-pr\u00e1ctico con feedback de dudas y consultas a trav\u00e9s de plataforma Skype. Quedan grabadas durante un mes.<\/p>\n<p>Dictado por: Alejandro Di Vagno, Licenciado en Psicolog\u00eda, Counselor Sist\u00e9mico, Licenciado en Autoconocimiento y Metaf\u00edsica, ex obeso m\u00f3rbido y operado con cirug\u00eda bari\u00e1trica.<\/p>\n<p>Duraci\u00f3n: 20 clases o 5 meses.<\/p>\n<p>Inversi\u00f3n: Argentina $ 58000 mensuales. Descuento 10% abonando el curso completo.<\/p>\n<p>Promoci\u00f3n residentes Sudam\u00e9rica 40 % de descuento: usd\/\u20ac 48. Resto del mundo: usd\/\u20ac 80. Descuento adicional 10% abonando el curso completo.<\/p>\n<p>Se entrega certificaci\u00f3n cumplida el 80% de la asistencia.<\/p>\n<p>&nbsp;<\/p>\n<p>Programa:<\/p>\n<p>1\u00b0 clase: Desde la mirada psicopatol\u00f3gica. Definici\u00f3n de obesidad. Biolog\u00eda y gen\u00e9tica. Manuales de enfermedades mentales y trastornos de la personalidad. El TCA. Signos y s\u00edntomas. Criterios diagn\u00f3sticos. Comorbilidades. Diagn\u00f3sticos diferenciales. Multicausalidades.<\/p>\n<p>2\u00b0 clase: Psicopatolog\u00eda: la depresi\u00f3n y ansiedad asociadas a los TCA. Estr\u00e9s.<\/p>\n<p>3\u00b0 clase: La influencia del medio social. Posmodernidad. Modernidad l\u00edquida.<\/p>\n<p>4\u00b0 clase: La evoluci\u00f3n de la obesidad a lo largo de la historia. Cambios en el entramado familiar. La decadencia del Edipo. La familia como sistema. Nuevas formas de familia.<\/p>\n<p>5\u00b0 clase: La mirada psicoanal\u00edtica. El amor y la teta. Asociaciones y representaciones. La madre voraz y cocodrilo.<\/p>\n<p>6\u00b0 clase: La compulsi\u00f3n a comer. La fijaci\u00f3n oral. Etapas de desarrollo psicosexual. Negaciones y evitaciones. Factores predisponentes, precipitantes y de mantenimiento. El papel de las emociones.<\/p>\n<p>7\u00b0 clase: La mirada familiar sist\u00e9mica. Distintos modelos. Perspectiva desde las constelaciones familiares. Pactos, lealtades, traiciones, alianzas, secretos t\u00f3xicos.<\/p>\n<p>8\u00b0 clase: La mirada cognitivo conductual.<\/p>\n<p>9\u00b0 clase: La mirada humanista y espiritual. Aportes de la biodescodificaci\u00f3n. Desde Jung: la familia arquet\u00edpica. El padre devorador. Madres e hijas: una perspectiva mitol\u00f3gica.<\/p>\n<p>10\u00b0 clase: Bulimia y anorexia. Perspectivas desde distintas corrientes.<\/p>\n<p>11\u00b0 clase: Nuevos enfoques. \u00bfY el hombre d\u00f3nde queda? Cuestionamientos al falocentrismo. Perspectiva feminista. \u00bfQui\u00e9n es qui\u00e9n en las nuevas formas de familia no binarias?<\/p>\n<p>12\u00b0 clase: El abuso infantil asociado a los trastornos de la conducta alimentaria.<\/p>\n<p>13\u00b0 clase: Otros trastornos asociados: toc, borderline, narcisista, dependiente.<\/p>\n<p>14\u00b0 clase: Intervenciones cognitivo conductuales.<\/p>\n<p>15\u00b0 clase: Intervenciones psicoanal\u00edticas.<\/p>\n<p>16\u00b0 clase: Intervenciones sist\u00e9micas.<\/p>\n<p>17\u00b0 clase: Intervenciones human\u00edsticas y espirituales.<\/p>\n<p>18\u00b0 clase: Implicaciones de la cirug\u00eda bari\u00e1trica. En qu\u00e9 casos es sugerible realizarla. Consecuencias ps\u00edquicas. C\u00f3mo llevar el proceso. Medicaci\u00f3n: \u00bfs\u00ed o no?<\/p>\n<p>19\u00b0 clase: La motivaci\u00f3n. Ciclo motivacional. La din\u00e1mica deseante. Miedo al cambio. Fases, reca\u00edda y mantenimiento. Generar h\u00e1bitos saludables sostenibles.<\/p>\n<p>20\u00b0 clase: Logoterapia. Encontrar un sentido. El \u201cinsight\u201d particular de cada sujeto. La importancia de la red.<\/p>\n","protected":false},"excerpt":{"rendered":"<p>FORMACI\u00d3N\/ESPECIALIZACI\u00d3N PARA TRATAMIENTOS EN TRASTORNOS DE LA CONDUCTA ALIMENTARIA Objetivo: brindar recursos y herramientas para transformar la relaci\u00f3n conflictiva con la comida, sostener un estilo de vida saludable y hallar estrategias propias de afrontamiento para aquellos componentes psicol\u00f3gicos que derivan en el desorden alimenticio. Dirigido a: p\u00fablico en general o agentes de salud mental interesados [&hellip;]<\/p>\n","protected":false},"author":1,"featured_media":0,"parent":49,"menu_order":0,"comment_status":"closed","ping_status":"closed","template":"","meta":{"_monsterinsights_skip_tracking":false,"_monsterinsights_sitenote_active":false,"_monsterinsights_sitenote_note":"","_monsterinsights_sitenote_category":0,"_uf_show_specific_survey":0,"_uf_disable_surveys":false,"site-sidebar-layout":"default","site-content-layout":"default","ast-site-content-layout":"default","site-content-style":"default","site-sidebar-style":"default","ast-global-header-display":"","ast-banner-title-visibility":"","ast-main-header-display":"","ast-hfb-above-header-display":"","ast-hfb-below-header-display":"","ast-hfb-mobile-header-display":"","site-post-title":"","ast-breadcrumbs-content":"","ast-featured-img":"","footer-sml-layout":"","ast-disable-related-posts":"","theme-transparent-header-meta":"default","adv-header-id-meta":"","stick-header-meta":"","header-above-stick-meta":"","header-main-stick-meta":"","header-below-stick-meta":"","astra-migrate-meta-layouts":"set","ast-page-background-enabled":"default","ast-page-background-meta":{"desktop":{"background-color":"var(--ast-global-color-4)","background-image":"","background-repeat":"repeat","background-position":"center center","background-size":"auto","background-attachment":"scroll","background-type":"","background-media":"","overlay-type":"","overlay-color":"","overlay-opacity":"","overlay-gradient":""},"tablet":{"background-color":"","background-image":"","background-repeat":"repeat","background-position":"center center","background-size":"auto","background-attachment":"scroll","background-type":"","background-media":"","overlay-type":"","overlay-color":"","overlay-opacity":"","overlay-gradient":""},"mobile":{"background-color":"","background-image":"","background-repeat":"repeat","background-position":"center center","background-size":"auto","background-attachment":"scroll","background-type":"","background-media":"","overlay-type":"","overlay-color":"","overlay-opacity":"","overlay-gradient":""}},"ast-content-background-meta":{"desktop":{"background-color":"var(--ast-global-color-5)","background-image":"","background-repeat":"repeat","background-position":"center center","background-size":"auto","background-attachment":"scroll","background-type":"","background-media":"","overlay-type":"","overlay-color":"","overlay-opacity":"","overlay-gradient":""},"tablet":{"background-color":"var(--ast-global-color-5)","background-image":"","background-repeat":"repeat","background-position":"center center","background-size":"auto","background-attachment":"scroll","background-type":"","background-media":"","overlay-type":"","overlay-color":"","overlay-opacity":"","overlay-gradient":""},"mobile":{"background-color":"var(--ast-global-color-5)","background-image":"","background-repeat":"repeat","background-position":"center center","background-size":"auto","background-attachment":"scroll","background-type":"","background-media":"","overlay-type":"","overlay-color":"","overlay-opacity":"","overlay-gradient":""}},"footnotes":""},"class_list":["post-209","page","type-page","status-publish","hentry"],"yoast_head":"<!-- This site is optimized with the Yoast SEO plugin v27.0 - https:\/\/yoast.com\/product\/yoast-seo-wordpress\/ -->\n<title>TRASTORNOS DE LA CONDUCTA ALIMENTARIA -<\/title>\n<meta name=\"robots\" content=\"index, follow, max-snippet:-1, max-image-preview:large, max-video-preview:-1\" \/>\n<link rel=\"canonical\" href=\"https:\/\/lallavepsi.net\/index.php\/formaciones-online\/especializacion-en-trastornos-de-la-conducta-alimentaria\/\" \/>\n<meta property=\"og:locale\" content=\"es_ES\" \/>\n<meta property=\"og:type\" content=\"article\" \/>\n<meta property=\"og:title\" content=\"TRASTORNOS DE LA CONDUCTA ALIMENTARIA -\" \/>\n<meta property=\"og:description\" content=\"FORMACI\u00d3N\/ESPECIALIZACI\u00d3N PARA TRATAMIENTOS EN TRASTORNOS DE LA CONDUCTA ALIMENTARIA Objetivo: brindar recursos y herramientas para transformar la relaci\u00f3n conflictiva con la comida, sostener un estilo de vida saludable y hallar estrategias propias de afrontamiento para aquellos componentes psicol\u00f3gicos que derivan en el desorden alimenticio. Dirigido a: p\u00fablico en general o agentes de salud mental interesados [&hellip;]\" \/>\n<meta property=\"og:url\" content=\"https:\/\/lallavepsi.net\/index.php\/formaciones-online\/especializacion-en-trastornos-de-la-conducta-alimentaria\/\" \/>\n<meta property=\"article:modified_time\" content=\"2025-01-30T19:59:27+00:00\" \/>\n<meta name=\"twitter:card\" content=\"summary_large_image\" \/>\n<meta name=\"twitter:label1\" content=\"Tiempo de lectura\" \/>\n\t<meta name=\"twitter:data1\" content=\"3 minutos\" \/>\n<script type=\"application\/ld+json\" class=\"yoast-schema-graph\">{\"@context\":\"https:\/\/schema.org\",\"@graph\":[{\"@type\":\"WebPage\",\"@id\":\"https:\/\/lallavepsi.net\/index.php\/formaciones-online\/especializacion-en-trastornos-de-la-conducta-alimentaria\/\",\"url\":\"https:\/\/lallavepsi.net\/index.php\/formaciones-online\/especializacion-en-trastornos-de-la-conducta-alimentaria\/\",\"name\":\"TRASTORNOS DE LA CONDUCTA ALIMENTARIA -\",\"isPartOf\":{\"@id\":\"https:\/\/lallavepsi.net\/#website\"},\"datePublished\":\"2022-12-21T19:44:41+00:00\",\"dateModified\":\"2025-01-30T19:59:27+00:00\",\"breadcrumb\":{\"@id\":\"https:\/\/lallavepsi.net\/index.php\/formaciones-online\/especializacion-en-trastornos-de-la-conducta-alimentaria\/#breadcrumb\"},\"inLanguage\":\"es-AR\",\"potentialAction\":[{\"@type\":\"ReadAction\",\"target\":[\"https:\/\/lallavepsi.net\/index.php\/formaciones-online\/especializacion-en-trastornos-de-la-conducta-alimentaria\/\"]}]},{\"@type\":\"BreadcrumbList\",\"@id\":\"https:\/\/lallavepsi.net\/index.php\/formaciones-online\/especializacion-en-trastornos-de-la-conducta-alimentaria\/#breadcrumb\",\"itemListElement\":[{\"@type\":\"ListItem\",\"position\":1,\"name\":\"Inicio\",\"item\":\"https:\/\/lallavepsi.net\/\"},{\"@type\":\"ListItem\",\"position\":2,\"name\":\"FORMACIONES Y ESPECIALIZACIONES ONLINE\",\"item\":\"https:\/\/lallavepsi.net\/index.php\/formaciones-online\/\"},{\"@type\":\"ListItem\",\"position\":3,\"name\":\"TRASTORNOS DE LA CONDUCTA ALIMENTARIA\"}]},{\"@type\":\"WebSite\",\"@id\":\"https:\/\/lallavepsi.net\/#website\",\"url\":\"https:\/\/lallavepsi.net\/\",\"name\":\"\",\"description\":\"\",\"potentialAction\":[{\"@type\":\"SearchAction\",\"target\":{\"@type\":\"EntryPoint\",\"urlTemplate\":\"https:\/\/lallavepsi.net\/?s={search_term_string}\"},\"query-input\":{\"@type\":\"PropertyValueSpecification\",\"valueRequired\":true,\"valueName\":\"search_term_string\"}}],\"inLanguage\":\"es-AR\"}]}<\/script>\n<!-- \/ Yoast SEO plugin. -->","yoast_head_json":{"title":"TRASTORNOS DE LA CONDUCTA ALIMENTARIA -","robots":{"index":"index","follow":"follow","max-snippet":"max-snippet:-1","max-image-preview":"max-image-preview:large","max-video-preview":"max-video-preview:-1"},"canonical":"https:\/\/lallavepsi.net\/index.php\/formaciones-online\/especializacion-en-trastornos-de-la-conducta-alimentaria\/","og_locale":"es_ES","og_type":"article","og_title":"TRASTORNOS DE LA CONDUCTA ALIMENTARIA -","og_description":"FORMACI\u00d3N\/ESPECIALIZACI\u00d3N PARA TRATAMIENTOS EN TRASTORNOS DE LA CONDUCTA ALIMENTARIA Objetivo: brindar recursos y herramientas para transformar la relaci\u00f3n conflictiva con la comida, sostener un estilo de vida saludable y hallar estrategias propias de afrontamiento para aquellos componentes psicol\u00f3gicos que derivan en el desorden alimenticio. Dirigido a: p\u00fablico en general o agentes de salud mental interesados [&hellip;]","og_url":"https:\/\/lallavepsi.net\/index.php\/formaciones-online\/especializacion-en-trastornos-de-la-conducta-alimentaria\/","article_modified_time":"2025-01-30T19:59:27+00:00","twitter_card":"summary_large_image","twitter_misc":{"Tiempo de lectura":"3 minutos"},"schema":{"@context":"https:\/\/schema.org","@graph":[{"@type":"WebPage","@id":"https:\/\/lallavepsi.net\/index.php\/formaciones-online\/especializacion-en-trastornos-de-la-conducta-alimentaria\/","url":"https:\/\/lallavepsi.net\/index.php\/formaciones-online\/especializacion-en-trastornos-de-la-conducta-alimentaria\/","name":"TRASTORNOS DE LA CONDUCTA ALIMENTARIA -","isPartOf":{"@id":"https:\/\/lallavepsi.net\/#website"},"datePublished":"2022-12-21T19:44:41+00:00","dateModified":"2025-01-30T19:59:27+00:00","breadcrumb":{"@id":"https:\/\/lallavepsi.net\/index.php\/formaciones-online\/especializacion-en-trastornos-de-la-conducta-alimentaria\/#breadcrumb"},"inLanguage":"es-AR","potentialAction":[{"@type":"ReadAction","target":["https:\/\/lallavepsi.net\/index.php\/formaciones-online\/especializacion-en-trastornos-de-la-conducta-alimentaria\/"]}]},{"@type":"BreadcrumbList","@id":"https:\/\/lallavepsi.net\/index.php\/formaciones-online\/especializacion-en-trastornos-de-la-conducta-alimentaria\/#breadcrumb","itemListElement":[{"@type":"ListItem","position":1,"name":"Inicio","item":"https:\/\/lallavepsi.net\/"},{"@type":"ListItem","position":2,"name":"FORMACIONES Y ESPECIALIZACIONES ONLINE","item":"https:\/\/lallavepsi.net\/index.php\/formaciones-online\/"},{"@type":"ListItem","position":3,"name":"TRASTORNOS DE LA CONDUCTA ALIMENTARIA"}]},{"@type":"WebSite","@id":"https:\/\/lallavepsi.net\/#website","url":"https:\/\/lallavepsi.net\/","name":"","description":"","potentialAction":[{"@type":"SearchAction","target":{"@type":"EntryPoint","urlTemplate":"https:\/\/lallavepsi.net\/?s={search_term_string}"},"query-input":{"@type":"PropertyValueSpecification","valueRequired":true,"valueName":"search_term_string"}}],"inLanguage":"es-AR"}]}},"_hostinger_reach_plugin_has_subscription_block":false,"_hostinger_reach_plugin_is_elementor":false,"_links":{"self":[{"href":"https:\/\/lallavepsi.net\/index.php\/wp-json\/wp\/v2\/pages\/209","targetHints":{"allow":["GET"]}}],"collection":[{"href":"https:\/\/lallavepsi.net\/index.php\/wp-json\/wp\/v2\/pages"}],"about":[{"href":"https:\/\/lallavepsi.net\/index.php\/wp-json\/wp\/v2\/types\/page"}],"author":[{"embeddable":true,"href":"https:\/\/lallavepsi.net\/index.php\/wp-json\/wp\/v2\/users\/1"}],"replies":[{"embeddable":true,"href":"https:\/\/lallavepsi.net\/index.php\/wp-json\/wp\/v2\/comments?post=209"}],"version-history":[{"count":13,"href":"https:\/\/lallavepsi.net\/index.php\/wp-json\/wp\/v2\/pages\/209\/revisions"}],"predecessor-version":[{"id":2448,"href":"https:\/\/lallavepsi.net\/index.php\/wp-json\/wp\/v2\/pages\/209\/revisions\/2448"}],"up":[{"embeddable":true,"href":"https:\/\/lallavepsi.net\/index.php\/wp-json\/wp\/v2\/pages\/49"}],"wp:attachment":[{"href":"https:\/\/lallavepsi.net\/index.php\/wp-json\/wp\/v2\/media?parent=209"}],"curies":[{"name":"wp","href":"https:\/\/api.w.org\/{rel}","templated":true}]}}