{"id":225,"date":"2022-12-26T19:28:52","date_gmt":"2022-12-26T19:28:52","guid":{"rendered":"https:\/\/lallavepsi.net\/?page_id=225"},"modified":"2025-01-30T19:50:09","modified_gmt":"2025-01-30T19:50:09","slug":"gerontologia","status":"publish","type":"page","link":"https:\/\/lallavepsi.net\/index.php\/formaciones-online\/gerontologia\/","title":{"rendered":"GERONTOLOG\u00cdA"},"content":{"rendered":"<p><strong>FORMACI\u00d3N Y ESPECIALIZACI\u00d3N EN GERONTOLOG\u00cdA (DISE\u00d1AR TU ADULTEZ MAYOR HOY)<\/strong><\/p>\n<p>Dirigido a profesionales de la salud mental como complemento\/especializaci\u00f3n y p\u00fablico en general.<\/p>\n<p>Objetivo: reformular la representaci\u00f3n subjetiva respecto a la propia vejez y brindar recursos te\u00f3rico pr\u00e1cticos para acompa\u00f1ar y transitar hacia un buen proceso de envejecimiento.<\/p>\n<p>Duraci\u00f3n: 8 semanas o 2 meses.<\/p>\n<p>Inversi\u00f3n: Argentina $ 58000 mensuales.<\/p>\n<p>Promoci\u00f3n residentes Sudam\u00e9rica 40 % de descuento: usd\/\u20ac 48. Resto del mundo: usd\/\u20ac 80.<\/p>\n<p>Modalidad: una clase semanal grupal online sincr\u00f3nica de dos horas te\u00f3rico-pr\u00e1ctica. Modalidad asincr\u00f3nica con env\u00edo de material te\u00f3rico-pr\u00e1ctico con feedback de dudas y consultas a trav\u00e9s de plataforma Skype. Quedan grabadas durante un mes.<\/p>\n<p>Bibliograf\u00eda: material digitalizado.<\/p>\n<p>Se entrega certificaci\u00f3n cumplida el 80% de asistencia.<\/p>\n<p>&nbsp;<\/p>\n<p>Programa:<\/p>\n<p>Clase 1: Envejecimiento poblacional y las particularidades del mismo en Argentina. Diferencia entre Gerontolog\u00eda y Geriatr\u00eda. Teor\u00edas del envejecimiento. Cambios en el envejecimiento. Imagen de la vejez.<\/p>\n<p>Clase 2: Derechos de los adultos mayores. Valoraci\u00f3n funcional del adulto mayor. Redes de apoyo social. Tiempo libre y recreaci\u00f3n. Jubilaci\u00f3n y tiempo libre.<\/p>\n<p>Clase 3: Sexualidad en la vejez. Importancia de la sexualidad y la afectividad en los adultos mayores. Modelos sociales y vivencia del cuerpo. La salud en los adultos mayores. Demencia. Importancia de la funcionalidad de los adultos mayores. Instrumento de valoraci\u00f3n.<\/p>\n<p>Clase 4: Los factores de personalidad que inciden en un mal envejecer; puntos clave.<\/p>\n<p>Clase 5: La crisis de la jubilaci\u00f3n y las actitudes de rechazo, aceptaci\u00f3n, liberaci\u00f3n, oportunidad y ambivalencia.<\/p>\n<p>Clase 6: La necesidad de cuidados y en especial de las demencias. Las demencias, patolog\u00edas de mayor impacto en los adultos mayores y su familia. Intervenciones no farmacol\u00f3gicas. Orientaci\u00f3n familiar. Rol del cuidador.<\/p>\n<p>Clase 7: Motivaci\u00f3n en la vejez. Deseo y proyectos ante la perspectiva de la muerte.<\/p>\n<p>Clase 8: Estimulaci\u00f3n cognitiva en la vejez. Recursos pr\u00e1cticos. Puesta en com\u00fan y cierre.<\/p>\n","protected":false},"excerpt":{"rendered":"<p>FORMACI\u00d3N Y ESPECIALIZACI\u00d3N EN GERONTOLOG\u00cdA (DISE\u00d1AR TU ADULTEZ MAYOR HOY) Dirigido a profesionales de la salud mental como complemento\/especializaci\u00f3n y p\u00fablico en general. Objetivo: reformular la representaci\u00f3n subjetiva respecto a la propia vejez y brindar recursos te\u00f3rico pr\u00e1cticos para acompa\u00f1ar y transitar hacia un buen proceso de envejecimiento. Duraci\u00f3n: 8 semanas o 2 meses. Inversi\u00f3n: [&hellip;]<\/p>\n","protected":false},"author":1,"featured_media":0,"parent":49,"menu_order":0,"comment_status":"closed","ping_status":"closed","template":"","meta":{"_monsterinsights_skip_tracking":false,"_monsterinsights_sitenote_active":false,"_monsterinsights_sitenote_note":"","_monsterinsights_sitenote_category":0,"_uf_show_specific_survey":0,"_uf_disable_surveys":false,"site-sidebar-layout":"default","site-content-layout":"default","ast-site-content-layout":"default","site-content-style":"default","site-sidebar-style":"default","ast-global-header-display":"","ast-banner-title-visibility":"","ast-main-header-display":"","ast-hfb-above-header-display":"","ast-hfb-below-header-display":"","ast-hfb-mobile-header-display":"","site-post-title":"","ast-breadcrumbs-content":"","ast-featured-img":"","footer-sml-layout":"","ast-disable-related-posts":"","theme-transparent-header-meta":"default","adv-header-id-meta":"","stick-header-meta":"","header-above-stick-meta":"","header-main-stick-meta":"","header-below-stick-meta":"","astra-migrate-meta-layouts":"set","ast-page-background-enabled":"default","ast-page-background-meta":{"desktop":{"background-color":"var(--ast-global-color-4)","background-image":"","background-repeat":"repeat","background-position":"center center","background-size":"auto","background-attachment":"scroll","background-type":"","background-media":"","overlay-type":"","overlay-color":"","overlay-opacity":"","overlay-gradient":""},"tablet":{"background-color":"","background-image":"","background-repeat":"repeat","background-position":"center center","background-size":"auto","background-attachment":"scroll","background-type":"","background-media":"","overlay-type":"","overlay-color":"","overlay-opacity":"","overlay-gradient":""},"mobile":{"background-color":"","background-image":"","background-repeat":"repeat","background-position":"center center","background-size":"auto","background-attachment":"scroll","background-type":"","background-media":"","overlay-type":"","overlay-color":"","overlay-opacity":"","overlay-gradient":""}},"ast-content-background-meta":{"desktop":{"background-color":"var(--ast-global-color-5)","background-image":"","background-repeat":"repeat","background-position":"center center","background-size":"auto","background-attachment":"scroll","background-type":"","background-media":"","overlay-type":"","overlay-color":"","overlay-opacity":"","overlay-gradient":""},"tablet":{"background-color":"var(--ast-global-color-5)","background-image":"","background-repeat":"repeat","background-position":"center center","background-size":"auto","background-attachment":"scroll","background-type":"","background-media":"","overlay-type":"","overlay-color":"","overlay-opacity":"","overlay-gradient":""},"mobile":{"background-color":"var(--ast-global-color-5)","background-image":"","background-repeat":"repeat","background-position":"center center","background-size":"auto","background-attachment":"scroll","background-type":"","background-media":"","overlay-type":"","overlay-color":"","overlay-opacity":"","overlay-gradient":""}},"footnotes":""},"class_list":["post-225","page","type-page","status-publish","hentry"],"yoast_head":"<!-- This site is optimized with the Yoast SEO plugin v27.0 - https:\/\/yoast.com\/product\/yoast-seo-wordpress\/ -->\n<title>GERONTOLOG\u00cdA -<\/title>\n<meta name=\"robots\" content=\"index, follow, max-snippet:-1, max-image-preview:large, max-video-preview:-1\" \/>\n<link rel=\"canonical\" href=\"https:\/\/lallavepsi.net\/index.php\/formaciones-online\/gerontologia\/\" \/>\n<meta property=\"og:locale\" content=\"es_ES\" \/>\n<meta property=\"og:type\" content=\"article\" \/>\n<meta property=\"og:title\" content=\"GERONTOLOG\u00cdA -\" \/>\n<meta property=\"og:description\" content=\"FORMACI\u00d3N Y ESPECIALIZACI\u00d3N EN GERONTOLOG\u00cdA (DISE\u00d1AR TU ADULTEZ MAYOR HOY) Dirigido a profesionales de la salud mental como complemento\/especializaci\u00f3n y p\u00fablico en general. Objetivo: reformular la representaci\u00f3n subjetiva respecto a la propia vejez y brindar recursos te\u00f3rico pr\u00e1cticos para acompa\u00f1ar y transitar hacia un buen proceso de envejecimiento. Duraci\u00f3n: 8 semanas o 2 meses. Inversi\u00f3n: [&hellip;]\" \/>\n<meta property=\"og:url\" content=\"https:\/\/lallavepsi.net\/index.php\/formaciones-online\/gerontologia\/\" \/>\n<meta property=\"article:modified_time\" content=\"2025-01-30T19:50:09+00:00\" \/>\n<meta name=\"twitter:card\" content=\"summary_large_image\" \/>\n<meta name=\"twitter:label1\" content=\"Tiempo de lectura\" \/>\n\t<meta name=\"twitter:data1\" content=\"2 minutos\" \/>\n<script type=\"application\/ld+json\" class=\"yoast-schema-graph\">{\"@context\":\"https:\/\/schema.org\",\"@graph\":[{\"@type\":\"WebPage\",\"@id\":\"https:\/\/lallavepsi.net\/index.php\/formaciones-online\/gerontologia\/\",\"url\":\"https:\/\/lallavepsi.net\/index.php\/formaciones-online\/gerontologia\/\",\"name\":\"GERONTOLOG\u00cdA -\",\"isPartOf\":{\"@id\":\"https:\/\/lallavepsi.net\/#website\"},\"datePublished\":\"2022-12-26T19:28:52+00:00\",\"dateModified\":\"2025-01-30T19:50:09+00:00\",\"breadcrumb\":{\"@id\":\"https:\/\/lallavepsi.net\/index.php\/formaciones-online\/gerontologia\/#breadcrumb\"},\"inLanguage\":\"es-AR\",\"potentialAction\":[{\"@type\":\"ReadAction\",\"target\":[\"https:\/\/lallavepsi.net\/index.php\/formaciones-online\/gerontologia\/\"]}]},{\"@type\":\"BreadcrumbList\",\"@id\":\"https:\/\/lallavepsi.net\/index.php\/formaciones-online\/gerontologia\/#breadcrumb\",\"itemListElement\":[{\"@type\":\"ListItem\",\"position\":1,\"name\":\"Inicio\",\"item\":\"https:\/\/lallavepsi.net\/\"},{\"@type\":\"ListItem\",\"position\":2,\"name\":\"FORMACIONES Y ESPECIALIZACIONES ONLINE\",\"item\":\"https:\/\/lallavepsi.net\/index.php\/formaciones-online\/\"},{\"@type\":\"ListItem\",\"position\":3,\"name\":\"GERONTOLOG\u00cdA\"}]},{\"@type\":\"WebSite\",\"@id\":\"https:\/\/lallavepsi.net\/#website\",\"url\":\"https:\/\/lallavepsi.net\/\",\"name\":\"\",\"description\":\"\",\"potentialAction\":[{\"@type\":\"SearchAction\",\"target\":{\"@type\":\"EntryPoint\",\"urlTemplate\":\"https:\/\/lallavepsi.net\/?s={search_term_string}\"},\"query-input\":{\"@type\":\"PropertyValueSpecification\",\"valueRequired\":true,\"valueName\":\"search_term_string\"}}],\"inLanguage\":\"es-AR\"}]}<\/script>\n<!-- \/ Yoast SEO plugin. -->","yoast_head_json":{"title":"GERONTOLOG\u00cdA -","robots":{"index":"index","follow":"follow","max-snippet":"max-snippet:-1","max-image-preview":"max-image-preview:large","max-video-preview":"max-video-preview:-1"},"canonical":"https:\/\/lallavepsi.net\/index.php\/formaciones-online\/gerontologia\/","og_locale":"es_ES","og_type":"article","og_title":"GERONTOLOG\u00cdA -","og_description":"FORMACI\u00d3N Y ESPECIALIZACI\u00d3N EN GERONTOLOG\u00cdA (DISE\u00d1AR TU ADULTEZ MAYOR HOY) Dirigido a profesionales de la salud mental como complemento\/especializaci\u00f3n y p\u00fablico en general. Objetivo: reformular la representaci\u00f3n subjetiva respecto a la propia vejez y brindar recursos te\u00f3rico pr\u00e1cticos para acompa\u00f1ar y transitar hacia un buen proceso de envejecimiento. Duraci\u00f3n: 8 semanas o 2 meses. Inversi\u00f3n: [&hellip;]","og_url":"https:\/\/lallavepsi.net\/index.php\/formaciones-online\/gerontologia\/","article_modified_time":"2025-01-30T19:50:09+00:00","twitter_card":"summary_large_image","twitter_misc":{"Tiempo de lectura":"2 minutos"},"schema":{"@context":"https:\/\/schema.org","@graph":[{"@type":"WebPage","@id":"https:\/\/lallavepsi.net\/index.php\/formaciones-online\/gerontologia\/","url":"https:\/\/lallavepsi.net\/index.php\/formaciones-online\/gerontologia\/","name":"GERONTOLOG\u00cdA -","isPartOf":{"@id":"https:\/\/lallavepsi.net\/#website"},"datePublished":"2022-12-26T19:28:52+00:00","dateModified":"2025-01-30T19:50:09+00:00","breadcrumb":{"@id":"https:\/\/lallavepsi.net\/index.php\/formaciones-online\/gerontologia\/#breadcrumb"},"inLanguage":"es-AR","potentialAction":[{"@type":"ReadAction","target":["https:\/\/lallavepsi.net\/index.php\/formaciones-online\/gerontologia\/"]}]},{"@type":"BreadcrumbList","@id":"https:\/\/lallavepsi.net\/index.php\/formaciones-online\/gerontologia\/#breadcrumb","itemListElement":[{"@type":"ListItem","position":1,"name":"Inicio","item":"https:\/\/lallavepsi.net\/"},{"@type":"ListItem","position":2,"name":"FORMACIONES Y ESPECIALIZACIONES ONLINE","item":"https:\/\/lallavepsi.net\/index.php\/formaciones-online\/"},{"@type":"ListItem","position":3,"name":"GERONTOLOG\u00cdA"}]},{"@type":"WebSite","@id":"https:\/\/lallavepsi.net\/#website","url":"https:\/\/lallavepsi.net\/","name":"","description":"","potentialAction":[{"@type":"SearchAction","target":{"@type":"EntryPoint","urlTemplate":"https:\/\/lallavepsi.net\/?s={search_term_string}"},"query-input":{"@type":"PropertyValueSpecification","valueRequired":true,"valueName":"search_term_string"}}],"inLanguage":"es-AR"}]}},"_hostinger_reach_plugin_has_subscription_block":false,"_hostinger_reach_plugin_is_elementor":false,"_links":{"self":[{"href":"https:\/\/lallavepsi.net\/index.php\/wp-json\/wp\/v2\/pages\/225","targetHints":{"allow":["GET"]}}],"collection":[{"href":"https:\/\/lallavepsi.net\/index.php\/wp-json\/wp\/v2\/pages"}],"about":[{"href":"https:\/\/lallavepsi.net\/index.php\/wp-json\/wp\/v2\/types\/page"}],"author":[{"embeddable":true,"href":"https:\/\/lallavepsi.net\/index.php\/wp-json\/wp\/v2\/users\/1"}],"replies":[{"embeddable":true,"href":"https:\/\/lallavepsi.net\/index.php\/wp-json\/wp\/v2\/comments?post=225"}],"version-history":[{"count":12,"href":"https:\/\/lallavepsi.net\/index.php\/wp-json\/wp\/v2\/pages\/225\/revisions"}],"predecessor-version":[{"id":2421,"href":"https:\/\/lallavepsi.net\/index.php\/wp-json\/wp\/v2\/pages\/225\/revisions\/2421"}],"up":[{"embeddable":true,"href":"https:\/\/lallavepsi.net\/index.php\/wp-json\/wp\/v2\/pages\/49"}],"wp:attachment":[{"href":"https:\/\/lallavepsi.net\/index.php\/wp-json\/wp\/v2\/media?parent=225"}],"curies":[{"name":"wp","href":"https:\/\/api.w.org\/{rel}","templated":true}]}}