{"id":231,"date":"2022-12-26T19:40:36","date_gmt":"2022-12-26T19:40:36","guid":{"rendered":"https:\/\/lallavepsi.net\/?page_id=231"},"modified":"2025-01-30T19:51:36","modified_gmt":"2025-01-30T19:51:36","slug":"metahumanismo","status":"publish","type":"page","link":"https:\/\/lallavepsi.net\/index.php\/formaciones-online\/metahumanismo\/","title":{"rendered":"METAHUMANISMO"},"content":{"rendered":"<p><strong>FORMACI\u00d3N EN METAHUMANISMO<\/strong><\/p>\n<p><strong>TRABAJO DE INTEGRACION DE LA PERSONALIDAD Y LA ESPIRITUALIDAD A TRAV\u00c9S DE LA METAF\u00cdSICA<\/strong><\/p>\n<p>\u00bfQu\u00e9 es un metahumano? En la ficci\u00f3n, un metahumano es una persona con maestr\u00eda en habilidades que le permiten guiar su vida y la de otros al \u00e9xito. Como dice por ah\u00ed un comercial: \u201cNo se nace con maestr\u00eda, pero s\u00ed podemos alcanzarla\u201d. Lo que proponemos no es el desarrollo de habilidades extraordinarias a modo de s\u00faper poderes externos, sino desarrollar nuestro propio poder personal interno con la ayuda de la metaf\u00edsica, que nos brinda pautas internas y externas.<\/p>\n<p>Qu\u00e9 (conciencia), c\u00f3mo (cambio) e integraci\u00f3n (cuerpo y esp\u00edritu).<\/p>\n<p>Porque alcanzar la iluminaci\u00f3n no es dejar de perfeccionar la materia.<\/p>\n<p>Dirigido a p\u00fablico en general y agentes de salud mental que quieran perfeccionarse y\/o incorporar nuevos conocimientos.<\/p>\n<p>Objetivo: propuesta de trabajo interno de crecimiento y desarrollo personal a trav\u00e9s de la integraci\u00f3n material y espiritual desde la psicometaf\u00edsica.<\/p>\n<p>Modalidad: una clase semanal grupal online sincr\u00f3nica de dos horas te\u00f3rico-pr\u00e1ctica. Modalidad asincr\u00f3nica con env\u00edo de material te\u00f3rico-pr\u00e1ctico con feedback de dudas y consultas a trav\u00e9s de plataforma Skype. Quedan grabadas durante un mes.<\/p>\n<p>Duraci\u00f3n: 44 clases u 11 meses.<\/p>\n<p>Inversi\u00f3n: Argentina $ 58000 mensuales. Descuento 10% abonando el curso completo.<\/p>\n<p>Promoci\u00f3n residentes Sudam\u00e9rica 40 % de descuento: usd\/\u20ac 48. Resto del mundo: usd\/\u20ac 80. Descuento adicional 10% abonando el curso completo.<\/p>\n<p>Bibliograf\u00eda: material digitalizado. Cuadernillo de trabajos pr\u00e1cticos.<\/p>\n<p>Se entrega certificaci\u00f3n cumplida el 80% de asistencia.<\/p>\n<p>&nbsp;<\/p>\n<p>Programa:<\/p>\n<p>Clase 1. Metaf\u00edsica filos\u00f3fica. Plat\u00f3n, Arist\u00f3teles, Kant, Parm\u00e9nides, Her\u00e1clito, S\u00f3crates, Descartes, Leibniz, Spinoza, Locke, Heidegger, Hegel.<\/p>\n<p>Clase 2. Metaf\u00edsica esot\u00e9rica o espiritual. Puntos en com\u00fan con Plat\u00f3n, Arist\u00f3teles, Pit\u00e1goras, Leonardo Da Vinci. Teosof\u00eda. Blavatsky y Bailey. El Kybali\u00f3n. Principios herm\u00e9ticos.<\/p>\n<p>Clase 3. Mundo f\u00edsico. Formas de autoagresi\u00f3n. Las enfermedades desde lo energ\u00e9tico. Biodescodificaci\u00f3n. Transmisores energ\u00e9ticos. Pautas de trabajo. Pr\u00e1ctica con biodescodificaci\u00f3n.<\/p>\n<p>Clase 4. Mundo f\u00edsico. Carencias materiales. El dinero como obst\u00e1culo y su implicancia emocional. Conductas pat\u00f3genas con el dinero. Identificaci\u00f3n de asociaciones. Pautas de trabajo. Pr\u00e1ctica con meditaci\u00f3n mediante visualizaci\u00f3n creativa.<\/p>\n<p>Clase 5. Mundo f\u00edsico. Vivir en deuda. Posibles culpas y mandatos. Reformulaci\u00f3n de la funci\u00f3n del dinero en la materia. Pautas de trabajo. Carta al dinero. Pr\u00e1ctica con enso\u00f1aci\u00f3n.<\/p>\n<p>Clase 6. Mundo f\u00edsico. Formas de desvalorizaci\u00f3n. La imagen autopercibida. Mandatos e ideales culturales y sociales. Los trastornos de alimentaci\u00f3n. Miedos a la exposici\u00f3n y el rid\u00edculo. Los elementales. Pautas de trabajo. Pr\u00e1ctica con alquimia mental.<\/p>\n<p>Clase 7. Mundo f\u00edsico. Formas de desvalorizaci\u00f3n. Adicciones. El cuerpo flagelado. El cuerpo escindido. Adicci\u00f3n al sufrimiento. Masoquismo primario y secundario. Recuperar el valor del cuerpo y la materia. Pautas de trabajo. Pr\u00e1ctica en meditaci\u00f3n con frecuencias de autorrealizaci\u00f3n.<\/p>\n<p>Clase 8. Mundo f\u00edsico. La impulsividad. Compulsiones a repetir y sufrir. Pautas conductuales. Pr\u00e1ctica con mindfulness.<\/p>\n<p>Clase 9. Mundo f\u00edsico. La sexualidad. Cu\u00e1ndo se convierte en pat\u00f3gena. Pautas de trabajo. Pr\u00e1ctica con afirmaciones autosanadoras.<\/p>\n<p>Clase 10. Mundo f\u00edsico. Chakras y puntos energ\u00e9ticos. Armonizaci\u00f3n y equilibrio con respiraci\u00f3n y meditaci\u00f3n.<\/p>\n<p>Clase 11. Mundo f\u00edsico. Estructuras de personalidad: neurosis, psicosis y perversi\u00f3n. La melancol\u00eda como borde. Trastornos de personalidad. Pautas con personalidades \u201canormales\u201d. Distinci\u00f3n entre psicosis y percepciones extrasensoriales. La impulsividad del borderline. Pr\u00e1ctica con env\u00edo de energ\u00edas y recaudos.<\/p>\n<p>Clase 12. Mundo et\u00e9rico. Su definici\u00f3n, ubicaci\u00f3n y funci\u00f3n. Limpieza y pautas de conservaci\u00f3n. Pr\u00e1ctica con elementales.<\/p>\n<p>Clase 13. Mundo f\u00edsico. Desarrollo de la voluntad. Qu\u00e9 impide su ejecuci\u00f3n. Distinci\u00f3n de posibles beneficios secundarios. Pr\u00e1ctica con pautas conductuales y precipitaci\u00f3n.<\/p>\n<p>Clase 14. Mundo f\u00edsico. Desarrollo del Poder. Detecci\u00f3n de temores. El concepto del cambio. \u00bfPor qu\u00e9 nos resistimos al cambio? T\u00e9cnicas de resoluci\u00f3n de problemas, actitudes frente al cambio, c\u00f3mo automotivarnos. Pr\u00e1ctica en meditaci\u00f3n con frecuencia fuerza del rayo azul.<\/p>\n<p>Clase 15. Mundo f\u00edsico. Desarrollo del Tener. Concepto de falta y deseo desde la mirada psicol\u00f3gica y espiritual. La envidia. Apego y desapego. Karma y libertad. Pr\u00e1ctica con mandalas.<\/p>\n<p>Clase 16. Mundo f\u00edsico. Activaci\u00f3n de los chakras b\u00e1sico y espl\u00e9nico para su correcto equilibrio y desarrollo.<\/p>\n<p>Clase 17. Munfo f\u00edsico. Activaci\u00f3n del chakra lar\u00edngeo para una correcta expresi\u00f3n y comunicaci\u00f3n asertiva no violenta.<\/p>\n<p>Clase 18. Mundo emocional. Significado y funci\u00f3n de emociones. Emociones primarias y secundarias. Emociones positivas y negativas. Conectarnos con las emociones. Inteligencia emocional y liderazgo. Ejercicios gest\u00e1lticos para reconocer las emociones. Pr\u00e1ctica con devas.<\/p>\n<p>Clase 19. Mundo emocional. Identificaci\u00f3n de enojos. La importancia de su exteriorizaci\u00f3n y sanaci\u00f3n. Cuando el cuerpo habla lo que la emoci\u00f3n calla. Pr\u00e1ctica con biodescodificaci\u00f3n.<\/p>\n<p>Clase 20. Mundo emocional. Identificaci\u00f3n de angustias. La catarsis y la resignificaci\u00f3n. Pr\u00e1ctica con narrativa y enso\u00f1aci\u00f3n.<\/p>\n<p>Clase 21.\u00a0 Mundo emocional. Dependencia emocional. Desde qu\u00e9 lugar nos relacionamos. Carencias. El Ser y el Tener. Pr\u00e1ctica con alquimia mental.<\/p>\n<p>Clase 22. Mundo emocional. Ansiedad, depresi\u00f3n y stress. Similitudes y diferencias. Mirada psicopatol\u00f3gica y energ\u00e9tica. Pr\u00e1ctica con mindfulness.<\/p>\n<p>Clase 23. Mundo emocional. Ansiedad ligada a intranquilidad e incertidumbre, desasosiego, nervios. Dramatizaci\u00f3n. Pautas para alcanzar paz interior, calma, templanza, paciencia, ternura, contenci\u00f3n, aceptaci\u00f3n y buenos tratos. Pr\u00e1ctica con devas.<\/p>\n<p>Clase 24. Mundo emocional. Miedo a perder. Miedo a la soledad. La manipulaci\u00f3n emocional. El apego. Celos y posesi\u00f3n. Visi\u00f3n psicol\u00f3gica y espiritual. Pr\u00e1ctica con corte de lazos.<\/p>\n<p>Clase 25. Mundo emocional. La familia. La importancia de su sanaci\u00f3n. Perspectiva sist\u00e9mica desde las constelaciones. El karma familiar. Pr\u00e1ctica con quema k\u00e1rmica.<\/p>\n<p>Clase 26. Mundo emocional. La pareja desde la perspectiva terrenal y espiritual. C\u00f3mo atraer la pareja de crecimiento y soltar una pareja t\u00f3xica. Pr\u00e1ctica con la ley de atracci\u00f3n y repulsi\u00f3n.<\/p>\n<p>Clase 27. Mundo emocional. El merecimiento. La culpa. La importancia del perd\u00f3n. Pr\u00e1ctica en meditaci\u00f3n con la frecuencia perd\u00f3n.<\/p>\n<p>Clase 28. Mundo emocional. La felicidad. \u00bfEn qu\u00e9 consiste? \u00bfSe puede alcanzar y sostener la plenitud? \u00bfPodemos amar incondicionalmente? Miradas desde lo terrenal y lo espiritual. Pr\u00e1ctica en meditaci\u00f3n con la frecuencia amor.<\/p>\n<p>Clase 29. Mundo emocional. Trabajo con el chakra del plexo solar para la expresi\u00f3n de la frecuencia tranquilidad y alegr\u00eda.<\/p>\n<p>Clase 30. Mundo emocional. Desarrollo del Ser. Ilusi\u00f3n y discernimiento entre ego espiritual y ego material. Pr\u00e1ctica con la frecuencia de la llama trina para activar el chakra card\u00edaco. Expresi\u00f3n del sentir.<\/p>\n<p>Clase 31. Mundo mental. La cr\u00edtica, los chismes, las habladur\u00edas: la importancia de las creencias y los decretos. El poder de la mente y el verbo. Los pecados capitales y los patrones mentales. Pr\u00e1ctica con mandalas.<\/p>\n<p>Clase 32. Mundo mental. Trastornos. C\u00f3mo lidiar con patolog\u00edas. Pr\u00e1ctica con rayos.<\/p>\n<p>Clase 33. Mundo mental. La cr\u00edtica. La autocr\u00edtica. Pr\u00e1ctica con corte de lazos.<\/p>\n<p>Clase 34. Mundo mental. Las elucubraciones. Cuando el mental juega en contra. Apaciguar la mente. Pr\u00e1ctica con mindfulness.<\/p>\n<p>Clase 35. Mundo mental. Exigencia y autoexigencia. Expectativas y desilusiones. Pr\u00e1ctica con devas.<\/p>\n<p>Clase 36. Mundo mental. La inseguridad. Falso poder y poder real. Binarismos. Pensamiento dual y m\u00faltilple. Pr\u00e1ctica en meditaci\u00f3n con la multidimensionalidad y equilibrio de hemisferios.<\/p>\n<p>Clase 37. Mundo mental. La desvalorizaci\u00f3n. El empoderamiento. La autorrealizaci\u00f3n. Pr\u00e1ctica en meditaci\u00f3n con la frecuencia Poder.<\/p>\n<p>Clase 38. Mundo mental. La frialdad mental. Falta de empat\u00eda. Desconexi\u00f3n emocional. Falta de comprensi\u00f3n y aceptaci\u00f3n. Pr\u00e1ctica en meditaci\u00f3n con la frecuencia comprensi\u00f3n.<\/p>\n<p>Clase 39. Mundo mental. Control y miedo. Soltar el miedo. Desarrollo de la confianza, la certeza, el entusiasmo y el optimismo. Pr\u00e1ctica en meditaci\u00f3n con la frecuencia Fe.<\/p>\n<p>Clase 40. Mundo mental. Soberbia y soberbia espiritual. Riesgos y consecuencias de la mala pr\u00e1ctica espiritual. Pr\u00e1ctica en meditaci\u00f3n con las frecuencias humildad y amor.<\/p>\n<p>Clase 41. Mundo mental. Transmutar los patrones mentales. Mandatos. El s\u00faper Yo. El yo real y el yo ideal. El falso yo. Pr\u00e1ctica en meditaci\u00f3n para los 8 caminos del recto pensar, sentir y actuar.<\/p>\n<p>Clase 42. Mundo mental. Trabajo con el chakras del tercer ojo y coronario para la expresi\u00f3n de la intuici\u00f3n y la sabidur\u00eda.<\/p>\n<p>Clase 43. Trabajo de armonizaci\u00f3n, equilibrio y expansi\u00f3n con todos los chakras.<\/p>\n<p>Clase 44. Integraci\u00f3n entre todos los cuerpos y esferas. Pr\u00e1ctica en meditaci\u00f3n con la consagraci\u00f3n de la materia a la espiritualidad.<\/p>\n<p>&nbsp;<\/p>\n","protected":false},"excerpt":{"rendered":"<p>FORMACI\u00d3N EN METAHUMANISMO TRABAJO DE INTEGRACION DE LA PERSONALIDAD Y LA ESPIRITUALIDAD A TRAV\u00c9S DE LA METAF\u00cdSICA \u00bfQu\u00e9 es un metahumano? En la ficci\u00f3n, un metahumano es una persona con maestr\u00eda en habilidades que le permiten guiar su vida y la de otros al \u00e9xito. Como dice por ah\u00ed un comercial: \u201cNo se nace con [&hellip;]<\/p>\n","protected":false},"author":1,"featured_media":0,"parent":49,"menu_order":0,"comment_status":"closed","ping_status":"closed","template":"","meta":{"_monsterinsights_skip_tracking":false,"_monsterinsights_sitenote_active":false,"_monsterinsights_sitenote_note":"","_monsterinsights_sitenote_category":0,"_uf_show_specific_survey":0,"_uf_disable_surveys":false,"site-sidebar-layout":"default","site-content-layout":"default","ast-site-content-layout":"default","site-content-style":"default","site-sidebar-style":"default","ast-global-header-display":"","ast-banner-title-visibility":"","ast-main-header-display":"","ast-hfb-above-header-display":"","ast-hfb-below-header-display":"","ast-hfb-mobile-header-display":"","site-post-title":"","ast-breadcrumbs-content":"","ast-featured-img":"","footer-sml-layout":"","ast-disable-related-posts":"","theme-transparent-header-meta":"default","adv-header-id-meta":"","stick-header-meta":"","header-above-stick-meta":"","header-main-stick-meta":"","header-below-stick-meta":"","astra-migrate-meta-layouts":"set","ast-page-background-enabled":"default","ast-page-background-meta":{"desktop":{"background-color":"var(--ast-global-color-4)","background-image":"","background-repeat":"repeat","background-position":"center center","background-size":"auto","background-attachment":"scroll","background-type":"","background-media":"","overlay-type":"","overlay-color":"","overlay-opacity":"","overlay-gradient":""},"tablet":{"background-color":"","background-image":"","background-repeat":"repeat","background-position":"center center","background-size":"auto","background-attachment":"scroll","background-type":"","background-media":"","overlay-type":"","overlay-color":"","overlay-opacity":"","overlay-gradient":""},"mobile":{"background-color":"","background-image":"","background-repeat":"repeat","background-position":"center center","background-size":"auto","background-attachment":"scroll","background-type":"","background-media":"","overlay-type":"","overlay-color":"","overlay-opacity":"","overlay-gradient":""}},"ast-content-background-meta":{"desktop":{"background-color":"var(--ast-global-color-5)","background-image":"","background-repeat":"repeat","background-position":"center center","background-size":"auto","background-attachment":"scroll","background-type":"","background-media":"","overlay-type":"","overlay-color":"","overlay-opacity":"","overlay-gradient":""},"tablet":{"background-color":"var(--ast-global-color-5)","background-image":"","background-repeat":"repeat","background-position":"center center","background-size":"auto","background-attachment":"scroll","background-type":"","background-media":"","overlay-type":"","overlay-color":"","overlay-opacity":"","overlay-gradient":""},"mobile":{"background-color":"var(--ast-global-color-5)","background-image":"","background-repeat":"repeat","background-position":"center center","background-size":"auto","background-attachment":"scroll","background-type":"","background-media":"","overlay-type":"","overlay-color":"","overlay-opacity":"","overlay-gradient":""}},"footnotes":""},"class_list":["post-231","page","type-page","status-publish","hentry"],"yoast_head":"<!-- This site is optimized with the Yoast SEO plugin v27.0 - https:\/\/yoast.com\/product\/yoast-seo-wordpress\/ -->\n<title>METAHUMANISMO -<\/title>\n<meta name=\"robots\" content=\"index, follow, max-snippet:-1, max-image-preview:large, max-video-preview:-1\" \/>\n<link rel=\"canonical\" href=\"https:\/\/lallavepsi.net\/index.php\/formaciones-online\/metahumanismo\/\" \/>\n<meta property=\"og:locale\" content=\"es_ES\" \/>\n<meta property=\"og:type\" content=\"article\" \/>\n<meta property=\"og:title\" content=\"METAHUMANISMO -\" \/>\n<meta property=\"og:description\" content=\"FORMACI\u00d3N EN METAHUMANISMO TRABAJO DE INTEGRACION DE LA PERSONALIDAD Y LA ESPIRITUALIDAD A TRAV\u00c9S DE LA METAF\u00cdSICA \u00bfQu\u00e9 es un metahumano? En la ficci\u00f3n, un metahumano es una persona con maestr\u00eda en habilidades que le permiten guiar su vida y la de otros al \u00e9xito. Como dice por ah\u00ed un comercial: \u201cNo se nace con [&hellip;]\" \/>\n<meta property=\"og:url\" content=\"https:\/\/lallavepsi.net\/index.php\/formaciones-online\/metahumanismo\/\" \/>\n<meta property=\"article:modified_time\" content=\"2025-01-30T19:51:36+00:00\" \/>\n<meta name=\"twitter:card\" content=\"summary_large_image\" \/>\n<meta name=\"twitter:label1\" content=\"Tiempo de lectura\" \/>\n\t<meta name=\"twitter:data1\" content=\"6 minutos\" \/>\n<script type=\"application\/ld+json\" class=\"yoast-schema-graph\">{\"@context\":\"https:\/\/schema.org\",\"@graph\":[{\"@type\":\"WebPage\",\"@id\":\"https:\/\/lallavepsi.net\/index.php\/formaciones-online\/metahumanismo\/\",\"url\":\"https:\/\/lallavepsi.net\/index.php\/formaciones-online\/metahumanismo\/\",\"name\":\"METAHUMANISMO -\",\"isPartOf\":{\"@id\":\"https:\/\/lallavepsi.net\/#website\"},\"datePublished\":\"2022-12-26T19:40:36+00:00\",\"dateModified\":\"2025-01-30T19:51:36+00:00\",\"breadcrumb\":{\"@id\":\"https:\/\/lallavepsi.net\/index.php\/formaciones-online\/metahumanismo\/#breadcrumb\"},\"inLanguage\":\"es-AR\",\"potentialAction\":[{\"@type\":\"ReadAction\",\"target\":[\"https:\/\/lallavepsi.net\/index.php\/formaciones-online\/metahumanismo\/\"]}]},{\"@type\":\"BreadcrumbList\",\"@id\":\"https:\/\/lallavepsi.net\/index.php\/formaciones-online\/metahumanismo\/#breadcrumb\",\"itemListElement\":[{\"@type\":\"ListItem\",\"position\":1,\"name\":\"Inicio\",\"item\":\"https:\/\/lallavepsi.net\/\"},{\"@type\":\"ListItem\",\"position\":2,\"name\":\"FORMACIONES Y ESPECIALIZACIONES ONLINE\",\"item\":\"https:\/\/lallavepsi.net\/index.php\/formaciones-online\/\"},{\"@type\":\"ListItem\",\"position\":3,\"name\":\"METAHUMANISMO\"}]},{\"@type\":\"WebSite\",\"@id\":\"https:\/\/lallavepsi.net\/#website\",\"url\":\"https:\/\/lallavepsi.net\/\",\"name\":\"\",\"description\":\"\",\"potentialAction\":[{\"@type\":\"SearchAction\",\"target\":{\"@type\":\"EntryPoint\",\"urlTemplate\":\"https:\/\/lallavepsi.net\/?s={search_term_string}\"},\"query-input\":{\"@type\":\"PropertyValueSpecification\",\"valueRequired\":true,\"valueName\":\"search_term_string\"}}],\"inLanguage\":\"es-AR\"}]}<\/script>\n<!-- \/ Yoast SEO plugin. -->","yoast_head_json":{"title":"METAHUMANISMO -","robots":{"index":"index","follow":"follow","max-snippet":"max-snippet:-1","max-image-preview":"max-image-preview:large","max-video-preview":"max-video-preview:-1"},"canonical":"https:\/\/lallavepsi.net\/index.php\/formaciones-online\/metahumanismo\/","og_locale":"es_ES","og_type":"article","og_title":"METAHUMANISMO -","og_description":"FORMACI\u00d3N EN METAHUMANISMO TRABAJO DE INTEGRACION DE LA PERSONALIDAD Y LA ESPIRITUALIDAD A TRAV\u00c9S DE LA METAF\u00cdSICA \u00bfQu\u00e9 es un metahumano? En la ficci\u00f3n, un metahumano es una persona con maestr\u00eda en habilidades que le permiten guiar su vida y la de otros al \u00e9xito. Como dice por ah\u00ed un comercial: \u201cNo se nace con [&hellip;]","og_url":"https:\/\/lallavepsi.net\/index.php\/formaciones-online\/metahumanismo\/","article_modified_time":"2025-01-30T19:51:36+00:00","twitter_card":"summary_large_image","twitter_misc":{"Tiempo de lectura":"6 minutos"},"schema":{"@context":"https:\/\/schema.org","@graph":[{"@type":"WebPage","@id":"https:\/\/lallavepsi.net\/index.php\/formaciones-online\/metahumanismo\/","url":"https:\/\/lallavepsi.net\/index.php\/formaciones-online\/metahumanismo\/","name":"METAHUMANISMO -","isPartOf":{"@id":"https:\/\/lallavepsi.net\/#website"},"datePublished":"2022-12-26T19:40:36+00:00","dateModified":"2025-01-30T19:51:36+00:00","breadcrumb":{"@id":"https:\/\/lallavepsi.net\/index.php\/formaciones-online\/metahumanismo\/#breadcrumb"},"inLanguage":"es-AR","potentialAction":[{"@type":"ReadAction","target":["https:\/\/lallavepsi.net\/index.php\/formaciones-online\/metahumanismo\/"]}]},{"@type":"BreadcrumbList","@id":"https:\/\/lallavepsi.net\/index.php\/formaciones-online\/metahumanismo\/#breadcrumb","itemListElement":[{"@type":"ListItem","position":1,"name":"Inicio","item":"https:\/\/lallavepsi.net\/"},{"@type":"ListItem","position":2,"name":"FORMACIONES Y ESPECIALIZACIONES ONLINE","item":"https:\/\/lallavepsi.net\/index.php\/formaciones-online\/"},{"@type":"ListItem","position":3,"name":"METAHUMANISMO"}]},{"@type":"WebSite","@id":"https:\/\/lallavepsi.net\/#website","url":"https:\/\/lallavepsi.net\/","name":"","description":"","potentialAction":[{"@type":"SearchAction","target":{"@type":"EntryPoint","urlTemplate":"https:\/\/lallavepsi.net\/?s={search_term_string}"},"query-input":{"@type":"PropertyValueSpecification","valueRequired":true,"valueName":"search_term_string"}}],"inLanguage":"es-AR"}]}},"_hostinger_reach_plugin_has_subscription_block":false,"_hostinger_reach_plugin_is_elementor":false,"_links":{"self":[{"href":"https:\/\/lallavepsi.net\/index.php\/wp-json\/wp\/v2\/pages\/231","targetHints":{"allow":["GET"]}}],"collection":[{"href":"https:\/\/lallavepsi.net\/index.php\/wp-json\/wp\/v2\/pages"}],"about":[{"href":"https:\/\/lallavepsi.net\/index.php\/wp-json\/wp\/v2\/types\/page"}],"author":[{"embeddable":true,"href":"https:\/\/lallavepsi.net\/index.php\/wp-json\/wp\/v2\/users\/1"}],"replies":[{"embeddable":true,"href":"https:\/\/lallavepsi.net\/index.php\/wp-json\/wp\/v2\/comments?post=231"}],"version-history":[{"count":12,"href":"https:\/\/lallavepsi.net\/index.php\/wp-json\/wp\/v2\/pages\/231\/revisions"}],"predecessor-version":[{"id":2424,"href":"https:\/\/lallavepsi.net\/index.php\/wp-json\/wp\/v2\/pages\/231\/revisions\/2424"}],"up":[{"embeddable":true,"href":"https:\/\/lallavepsi.net\/index.php\/wp-json\/wp\/v2\/pages\/49"}],"wp:attachment":[{"href":"https:\/\/lallavepsi.net\/index.php\/wp-json\/wp\/v2\/media?parent=231"}],"curies":[{"name":"wp","href":"https:\/\/api.w.org\/{rel}","templated":true}]}}