{"id":251,"date":"2022-12-27T23:17:17","date_gmt":"2022-12-27T23:17:17","guid":{"rendered":"https:\/\/lallavepsi.net\/?page_id=251"},"modified":"2024-02-28T22:48:48","modified_gmt":"2024-02-28T22:48:48","slug":"sesiones","status":"publish","type":"page","link":"https:\/\/lallavepsi.net\/index.php\/sesiones\/","title":{"rendered":"SESIONES COMPLEMENTARIAS"},"content":{"rendered":"<p>Opciones de tratamiento complementario a la continuidad de una terapia, con un enfoque integrador m\u00faltiple biopsicosocial y espiritual para trabajar situaciones espec\u00edficas en un n\u00famero acotado de encuentros.<\/p>\n<p>Estas t\u00e9cnicas -constelaciones, biodescodificaci\u00f3n, regresiones- est\u00e1n pensadas como un efecto potenciador de una adecuada terapia psicol\u00f3gica, y NUNCA como un reemplazo de ella ni de la medicina. Quien venda esa idea est\u00e1 fomentando el pensamiento m\u00e1gico -que combatimos en\u00e9rgicamente- adem\u00e1s de un enfoque in\u00e9tico y poco profesional. La terapia conlleva un proceso para que se produzca una elaboraci\u00f3n que dar\u00e1 frutos a trav\u00e9s de un trabajo interno que movilizar\u00e1 cambios m\u00e1s r\u00e1pidos o lentos seg\u00fan los tiempos de cada sujeto, que no se pueden predecir ni generalizar porque son tiempos del inconsciente y no cronol\u00f3gicos.<\/p>\n<p>La tentaci\u00f3n de las herramientas complementarias del momento es que puedan en poco tiempo -se prometen resultados &#8220;milagrosos&#8221; en dos o tres encuentros- resolver conflictos de a\u00f1os, quiz\u00e1 de toda una vida, y ser\u00eda muy iluso caer preso de tales enga\u00f1os. No obstante, los vemos a diario. Por ello vale la aclaraci\u00f3n: s\u00ed a estas t\u00e9cnicas -y remarcamos eso, son t\u00e9cnicas, no terapias- en la medida que acompa\u00f1en una terapia porque la mejoran, la aceleran; pero jam\u00e1s como sustitutivas porque all\u00ed producen m\u00e1s da\u00f1o y dolor que la sanaci\u00f3n y el cambio que prometen. Es en conjunto, en suma, y no una por otra, que se producen resultados. Mismo criterio que la psicolog\u00eda y la psiquiatr\u00eda, o la separaci\u00f3n entre cuerpo y mente. Procuramos un todo, un holos, una visi\u00f3n integrativa, y jam\u00e1s separatista.<\/p>\n","protected":false},"excerpt":{"rendered":"<p>Opciones de tratamiento complementario a la continuidad de una terapia, con un enfoque integrador m\u00faltiple biopsicosocial y espiritual para trabajar situaciones espec\u00edficas en un n\u00famero acotado de encuentros. Estas t\u00e9cnicas -constelaciones, biodescodificaci\u00f3n, regresiones- est\u00e1n pensadas como un efecto potenciador de una adecuada terapia psicol\u00f3gica, y NUNCA como un reemplazo de ella ni de la medicina. [&hellip;]<\/p>\n","protected":false},"author":1,"featured_media":0,"parent":0,"menu_order":8,"comment_status":"closed","ping_status":"closed","template":"","meta":{"_monsterinsights_skip_tracking":false,"_monsterinsights_sitenote_active":false,"_monsterinsights_sitenote_note":"","_monsterinsights_sitenote_category":0,"_uf_show_specific_survey":0,"_uf_disable_surveys":false,"site-sidebar-layout":"default","site-content-layout":"default","ast-site-content-layout":"default","site-content-style":"default","site-sidebar-style":"default","ast-global-header-display":"","ast-banner-title-visibility":"","ast-main-header-display":"","ast-hfb-above-header-display":"","ast-hfb-below-header-display":"","ast-hfb-mobile-header-display":"","site-post-title":"","ast-breadcrumbs-content":"","ast-featured-img":"","footer-sml-layout":"","ast-disable-related-posts":"","theme-transparent-header-meta":"default","adv-header-id-meta":"","stick-header-meta":"","header-above-stick-meta":"","header-main-stick-meta":"","header-below-stick-meta":"","astra-migrate-meta-layouts":"set","ast-page-background-enabled":"default","ast-page-background-meta":{"desktop":{"background-color":"var(--ast-global-color-4)","background-image":"","background-repeat":"repeat","background-position":"center center","background-size":"auto","background-attachment":"scroll","background-type":"","background-media":"","overlay-type":"","overlay-color":"","overlay-opacity":"","overlay-gradient":""},"tablet":{"background-color":"","background-image":"","background-repeat":"repeat","background-position":"center center","background-size":"auto","background-attachment":"scroll","background-type":"","background-media":"","overlay-type":"","overlay-color":"","overlay-opacity":"","overlay-gradient":""},"mobile":{"background-color":"","background-image":"","background-repeat":"repeat","background-position":"center center","background-size":"auto","background-attachment":"scroll","background-type":"","background-media":"","overlay-type":"","overlay-color":"","overlay-opacity":"","overlay-gradient":""}},"ast-content-background-meta":{"desktop":{"background-color":"var(--ast-global-color-5)","background-image":"","background-repeat":"repeat","background-position":"center center","background-size":"auto","background-attachment":"scroll","background-type":"","background-media":"","overlay-type":"","overlay-color":"","overlay-opacity":"","overlay-gradient":""},"tablet":{"background-color":"var(--ast-global-color-5)","background-image":"","background-repeat":"repeat","background-position":"center center","background-size":"auto","background-attachment":"scroll","background-type":"","background-media":"","overlay-type":"","overlay-color":"","overlay-opacity":"","overlay-gradient":""},"mobile":{"background-color":"var(--ast-global-color-5)","background-image":"","background-repeat":"repeat","background-position":"center center","background-size":"auto","background-attachment":"scroll","background-type":"","background-media":"","overlay-type":"","overlay-color":"","overlay-opacity":"","overlay-gradient":""}},"footnotes":""},"class_list":["post-251","page","type-page","status-publish","hentry"],"yoast_head":"<!-- This site is optimized with the Yoast SEO plugin v27.0 - https:\/\/yoast.com\/product\/yoast-seo-wordpress\/ -->\n<title>SESIONES COMPLEMENTARIAS -<\/title>\n<meta name=\"robots\" content=\"index, follow, max-snippet:-1, max-image-preview:large, max-video-preview:-1\" \/>\n<link rel=\"canonical\" href=\"https:\/\/lallavepsi.net\/index.php\/sesiones\/\" \/>\n<meta property=\"og:locale\" content=\"es_ES\" \/>\n<meta property=\"og:type\" content=\"article\" \/>\n<meta property=\"og:title\" content=\"SESIONES COMPLEMENTARIAS -\" \/>\n<meta property=\"og:description\" content=\"Opciones de tratamiento complementario a la continuidad de una terapia, con un enfoque integrador m\u00faltiple biopsicosocial y espiritual para trabajar situaciones espec\u00edficas en un n\u00famero acotado de encuentros. Estas t\u00e9cnicas -constelaciones, biodescodificaci\u00f3n, regresiones- est\u00e1n pensadas como un efecto potenciador de una adecuada terapia psicol\u00f3gica, y NUNCA como un reemplazo de ella ni de la medicina. [&hellip;]\" \/>\n<meta property=\"og:url\" content=\"https:\/\/lallavepsi.net\/index.php\/sesiones\/\" \/>\n<meta property=\"article:modified_time\" content=\"2024-02-28T22:48:48+00:00\" \/>\n<meta name=\"twitter:card\" content=\"summary_large_image\" \/>\n<meta name=\"twitter:label1\" content=\"Tiempo de lectura\" \/>\n\t<meta name=\"twitter:data1\" content=\"2 minutos\" \/>\n<script type=\"application\/ld+json\" class=\"yoast-schema-graph\">{\"@context\":\"https:\/\/schema.org\",\"@graph\":[{\"@type\":\"WebPage\",\"@id\":\"https:\/\/lallavepsi.net\/index.php\/sesiones\/\",\"url\":\"https:\/\/lallavepsi.net\/index.php\/sesiones\/\",\"name\":\"SESIONES COMPLEMENTARIAS -\",\"isPartOf\":{\"@id\":\"https:\/\/lallavepsi.net\/#website\"},\"datePublished\":\"2022-12-27T23:17:17+00:00\",\"dateModified\":\"2024-02-28T22:48:48+00:00\",\"breadcrumb\":{\"@id\":\"https:\/\/lallavepsi.net\/index.php\/sesiones\/#breadcrumb\"},\"inLanguage\":\"es-AR\",\"potentialAction\":[{\"@type\":\"ReadAction\",\"target\":[\"https:\/\/lallavepsi.net\/index.php\/sesiones\/\"]}]},{\"@type\":\"BreadcrumbList\",\"@id\":\"https:\/\/lallavepsi.net\/index.php\/sesiones\/#breadcrumb\",\"itemListElement\":[{\"@type\":\"ListItem\",\"position\":1,\"name\":\"Inicio\",\"item\":\"https:\/\/lallavepsi.net\/\"},{\"@type\":\"ListItem\",\"position\":2,\"name\":\"SESIONES COMPLEMENTARIAS\"}]},{\"@type\":\"WebSite\",\"@id\":\"https:\/\/lallavepsi.net\/#website\",\"url\":\"https:\/\/lallavepsi.net\/\",\"name\":\"\",\"description\":\"\",\"potentialAction\":[{\"@type\":\"SearchAction\",\"target\":{\"@type\":\"EntryPoint\",\"urlTemplate\":\"https:\/\/lallavepsi.net\/?s={search_term_string}\"},\"query-input\":{\"@type\":\"PropertyValueSpecification\",\"valueRequired\":true,\"valueName\":\"search_term_string\"}}],\"inLanguage\":\"es-AR\"}]}<\/script>\n<!-- \/ Yoast SEO plugin. -->","yoast_head_json":{"title":"SESIONES COMPLEMENTARIAS -","robots":{"index":"index","follow":"follow","max-snippet":"max-snippet:-1","max-image-preview":"max-image-preview:large","max-video-preview":"max-video-preview:-1"},"canonical":"https:\/\/lallavepsi.net\/index.php\/sesiones\/","og_locale":"es_ES","og_type":"article","og_title":"SESIONES COMPLEMENTARIAS -","og_description":"Opciones de tratamiento complementario a la continuidad de una terapia, con un enfoque integrador m\u00faltiple biopsicosocial y espiritual para trabajar situaciones espec\u00edficas en un n\u00famero acotado de encuentros. Estas t\u00e9cnicas -constelaciones, biodescodificaci\u00f3n, regresiones- est\u00e1n pensadas como un efecto potenciador de una adecuada terapia psicol\u00f3gica, y NUNCA como un reemplazo de ella ni de la medicina. [&hellip;]","og_url":"https:\/\/lallavepsi.net\/index.php\/sesiones\/","article_modified_time":"2024-02-28T22:48:48+00:00","twitter_card":"summary_large_image","twitter_misc":{"Tiempo de lectura":"2 minutos"},"schema":{"@context":"https:\/\/schema.org","@graph":[{"@type":"WebPage","@id":"https:\/\/lallavepsi.net\/index.php\/sesiones\/","url":"https:\/\/lallavepsi.net\/index.php\/sesiones\/","name":"SESIONES COMPLEMENTARIAS -","isPartOf":{"@id":"https:\/\/lallavepsi.net\/#website"},"datePublished":"2022-12-27T23:17:17+00:00","dateModified":"2024-02-28T22:48:48+00:00","breadcrumb":{"@id":"https:\/\/lallavepsi.net\/index.php\/sesiones\/#breadcrumb"},"inLanguage":"es-AR","potentialAction":[{"@type":"ReadAction","target":["https:\/\/lallavepsi.net\/index.php\/sesiones\/"]}]},{"@type":"BreadcrumbList","@id":"https:\/\/lallavepsi.net\/index.php\/sesiones\/#breadcrumb","itemListElement":[{"@type":"ListItem","position":1,"name":"Inicio","item":"https:\/\/lallavepsi.net\/"},{"@type":"ListItem","position":2,"name":"SESIONES COMPLEMENTARIAS"}]},{"@type":"WebSite","@id":"https:\/\/lallavepsi.net\/#website","url":"https:\/\/lallavepsi.net\/","name":"","description":"","potentialAction":[{"@type":"SearchAction","target":{"@type":"EntryPoint","urlTemplate":"https:\/\/lallavepsi.net\/?s={search_term_string}"},"query-input":{"@type":"PropertyValueSpecification","valueRequired":true,"valueName":"search_term_string"}}],"inLanguage":"es-AR"}]}},"_hostinger_reach_plugin_has_subscription_block":false,"_hostinger_reach_plugin_is_elementor":false,"_links":{"self":[{"href":"https:\/\/lallavepsi.net\/index.php\/wp-json\/wp\/v2\/pages\/251","targetHints":{"allow":["GET"]}}],"collection":[{"href":"https:\/\/lallavepsi.net\/index.php\/wp-json\/wp\/v2\/pages"}],"about":[{"href":"https:\/\/lallavepsi.net\/index.php\/wp-json\/wp\/v2\/types\/page"}],"author":[{"embeddable":true,"href":"https:\/\/lallavepsi.net\/index.php\/wp-json\/wp\/v2\/users\/1"}],"replies":[{"embeddable":true,"href":"https:\/\/lallavepsi.net\/index.php\/wp-json\/wp\/v2\/comments?post=251"}],"version-history":[{"count":9,"href":"https:\/\/lallavepsi.net\/index.php\/wp-json\/wp\/v2\/pages\/251\/revisions"}],"predecessor-version":[{"id":2324,"href":"https:\/\/lallavepsi.net\/index.php\/wp-json\/wp\/v2\/pages\/251\/revisions\/2324"}],"wp:attachment":[{"href":"https:\/\/lallavepsi.net\/index.php\/wp-json\/wp\/v2\/media?parent=251"}],"curies":[{"name":"wp","href":"https:\/\/api.w.org\/{rel}","templated":true}]}}