{"id":253,"date":"2022-12-27T23:33:47","date_gmt":"2022-12-27T23:33:47","guid":{"rendered":"https:\/\/lallavepsi.net\/?page_id=253"},"modified":"2022-12-27T23:33:47","modified_gmt":"2022-12-27T23:33:47","slug":"constelaciones","status":"publish","type":"page","link":"https:\/\/lallavepsi.net\/index.php\/sesiones\/constelaciones\/","title":{"rendered":"CONSTELACIONES"},"content":{"rendered":"<p><strong>SESIONES EN CONSTELACIONES FAMILIARES INDIVIDUALES Y GRUPALES (VER OPCION DE FORMACI\u00d3N EN LA SECCI\u00d3N FORMACIONES ONLINE)<\/strong><\/p>\n<p>\u00bfDe qu\u00e9 hablamos cuando hablamos de una constelaci\u00f3n?<\/p>\n<p>Cuando hablamos de una constelaci\u00f3n en el cielo, nos referimos a un grupo de estrellas a las que le damos un nombre para identificarlas y reconocerlas.<\/p>\n<p>De la misma forma, al hablar de una constelaci\u00f3n familiar, se trata de una agrupaci\u00f3n de elementos en un sistema, en este caso la familia. Si bien apuntamos a la familia porque desde all\u00ed venimos y es a partir de ella que internalizamos y reproducimos el conflicto en las relaciones, podemos constelar absolutamente cualquier cosa: desde el trabajo al dinero pasando por la casa, empresa, salud, pobreza, enojo, culpas, abandonos, soledades, exigencias, juicios, etc., etc.<\/p>\n<p>Pero fundamentalmente a lo que se apunta es a sanar emociones y las pautas repetitivas que por ellas reproducimos en nuestros v\u00ednculos, sean representadas por personas u objetos, descubriendo los mandatos ancestrales -all\u00ed la conexi\u00f3n con la familia- donde est\u00e1n esas emociones ancladas y se alimentan.<\/p>\n<p>&nbsp;<\/p>\n<p>\u00bfC\u00f3mo se hace una constelaci\u00f3n?<\/p>\n<p>Es b\u00e1sicamente un viaje interior mediante una visualizaci\u00f3n guiada, sostenida y contenedora, en el que traeremos al campo constelatorio aquel conflicto que queramos sanar.<\/p>\n<p>En ese espacio construido entre el facilitador y el consultante, podr\u00e1 desplegarse todo menos la raz\u00f3n, no se trata de intelectualizar lo que no puede intelectualizarse (las emociones) sino justamente de vivenciarlas en ese aqu\u00ed y ahora.<\/p>\n<p>Que pueda aflorar el sentimiento asociado a un recuerdo, persona o conflicto, y poder liberar o polarizar la emoci\u00f3n negativa con la que qued\u00f3 grabado, y que es causante de que repitamos inevitablemente una y otra vez la misma historia.<\/p>\n<p>Queremos hacer algo diferente, pero inconscientemente volvemos a lo mismo hasta que no transformemos la energ\u00eda de dichas emociones (volviendo a la analog\u00eda con las estrellas, ser\u00eda como transformar un agujero negro que devora la luz en un gran sol que la irradia).<\/p>\n<p>&nbsp;<\/p>\n<p>\u00bfEn qu\u00e9 se diferencia una constelaci\u00f3n individual de una grupal?<\/p>\n<p>Lo distinto es que se forma un campo energ\u00e9tico colectivo que propicia y habilita el proceso constelatorio, una suerte de conciencia grupal que Hellinger denomin\u00f3 &#8220;alma familiar&#8221; que nos conecta ancestralmente a todos. Asimismo, no es el constelado quien realiza directamente los movimientos como sucede a trav\u00e9s de los vincores en una constelaci\u00f3n individual, sino sus representantes elegidos.<\/p>\n<p>&nbsp;<\/p>\n<p>\u00bfPara qu\u00e9 hacer una constelaci\u00f3n?<\/p>\n<p>Para sanar relaciones, encontrar nuestro lugar en el sistema familiar o en el sistema relacional donde tenemos el conflicto, liberarnos de emociones y mandatos negativos, dejar atr\u00e1s relaciones t\u00f3xicas, soledad, angustia.<\/p>\n<p>Y principalmente para despertar, ser consciente, y dejar de repetir v\u00ednculos sufrientes. Transformarnos en actores y no en v\u00edctimas. Permitir\u00e1 ordenarnos\u2026 porque en un sistema familiar si no hay orden, el amor no fluye.<\/p>\n<p>Por ello, como es en el cielo es en la tierra, tambi\u00e9n le daremos nombre a nuestro trabajo constelatorio, y ese ser\u00e1 nuestro lugar, nuestra imagen mental donde tendremos un lugar y espacio en ese sistema, a partir del cual el amor podr\u00e1 fluir y potenciarse.<\/p>\n<p>Cada constelaci\u00f3n incluye entrevista, genograma e informe.<\/p>\n<p>&nbsp;<\/p>\n<p>&#8220;Uno es su familia&#8221;. An\u00f3nimo.<\/p>\n<p>&#8220;Nuestra cabeza es redonda para permitir al pensamiento cambiar de direcci\u00f3n&#8221;. Francis Picabia.<\/p>\n<p>&#8220;Quien eres depende de tres factores: lo que heredaste, lo que tu entorno hizo de ti, y lo que t\u00fa has hecho de tu entorno y de tu herencia con tu libre elecci\u00f3n&#8221;. Aldous Huxley.<\/p>\n<p>&#8220;El coraz\u00f3n de aqu\u00e9l que ha comprendido que lo presente est\u00e1 en resonancia con lo pasado, tanto en lo bueno como en lo malo, late en sinton\u00eda con el mundo&#8221;. Bert Hellinger.<\/p>\n<p>&#8220;Nunca es demasiado tarde para una infancia feliz&#8221;. Milton Erickson<\/p>\n<p>&#8220;Todos con los que nos encontramos, todo lo que pas\u00f3, forman el tejido que es nuestra vida&#8221;<\/p>\n<p>&#8220;Finalmente, lo que m\u00e1s se quiere, hay que soltarlo&#8221;. Adriana Schnake<\/p>\n<p>&#8220;Me lo contaron y lo olvid\u00e9; lo vi y lo entend\u00ed; lo hice y lo aprend\u00ed&#8221;. Confucio.<\/p>\n<p>&#8220;Todo trabajo terap\u00e9utico tiene como fin capacitar a la persona para vivir cada vez m\u00e1s en el presente, que es el \u00fanico lugar donde uno vive plenamente&#8221;<\/p>\n<p>&nbsp;<\/p>\n<p><strong>SESIONES EN CONSTELACIONES CU\u00c1NTICAS-TRANSPERSONALES (VER TAMBIEN ESPECIALIZACI\u00d3N EN LA SECCI\u00d3N FORMACIONES ONLINE)<\/strong><\/p>\n<p>La f\u00edsica cu\u00e1ntica estudia lo m\u00e1s peque\u00f1o, que no responde a las mismas leyes de lo m\u00e1s grande.<\/p>\n<p>Con el desarrollo de la inteligencia artificial reci\u00e9n en su origen, resulta imposible anticipar sus futuras implicaciones. A\u00fan no logramos unificar una teor\u00eda que pueda conciliar lo macro con lo micro, entendiendo ambos universos.<\/p>\n<p>Pareciera que el \u00fanico camino posible es la multidimensionalidad, salir de nuestra matriz 3d para volvernos seres gal\u00e1cticos y desarrollar verdaderamente una conciencia c\u00f3smica, ampliando todas nuestras capacidades a l\u00edmites impredecibles.<\/p>\n<p>&nbsp;<\/p>\n<p>Qu\u00e9 son las constelaciones cu\u00e1nticas<\/p>\n<p>Dentro de lo que Bert Hellinger, creador de las constelaciones familiares, ha denominado nuevas constelaciones familiares, nos encontramos, entre otras, con las constelaciones cu\u00e1nticas. Porque, como escuchamos decir hoy d\u00eda, el mundo ser\u00e1 cu\u00e1ntico o no ser\u00e1.<\/p>\n<p>Ahora sabemos que somos energ\u00eda, y que todo es a la vez part\u00edcula y onda. Junto a cada part\u00edcula o realidad densificada encontramos un espacio de infinitos universos posibles. Este \u201ccambio de conciencia\u201d, de foco, sucede cuando el observador posa su atenci\u00f3n en otra cosa y suelta su pretensi\u00f3n de control, en t\u00e9rminos de meditaci\u00f3n ser\u00eda alcanzar el imposible ideal del vac\u00edo de la mente. Y como en el espacio tampoco existe el vac\u00edo, se trata en realidad de la vieja y conocida aspiraci\u00f3n del desapego.\u00a0 O desde el mindfulness dejar ir esos pensamientos o emociones.<\/p>\n<p>Como en la vida, cuando dejamos de mirar al problema a la cara, cuando dejamos de buscar, aparecen las soluciones y las respuestas. Y no es que sea magia, si no que hemos permitido que ese espacio, ocupado antes por el control y la obstinaci\u00f3n, por el forzar, ahora ha sido liberado hacia el devenir natural, hacia el fluir universal. El problema se transforma en otra de las tantas infinitas probabilidades.<\/p>\n<p>&nbsp;<\/p>\n<p>Herramienta cu\u00e1ntica<\/p>\n<p>Las constelaciones transpersonales o cu\u00e1nticas act\u00faan al nivel cu\u00e1ntico de la energ\u00eda, en el que las part\u00edculas (que componen nuestro ser y todo lo que nos rodea, ya que todo es energ\u00eda) se comportan de maneras que desaf\u00edan nuestro sentido actual de la l\u00f3gica, y m\u00e1s all\u00e1 de nuestras limitaciones de tiempo y espacio.<\/p>\n<p>&nbsp;<\/p>\n<p>M\u00e1s all\u00e1 del espacio<\/p>\n<p>De esta forma dos part\u00edculas de energ\u00eda \u00edntimamente conectadas se influir\u00e1n mutuamente (entrelazamiento cu\u00e1ntico) aun habiendo miles de kil\u00f3metros de distancia. De manera similar, mediante las constelaciones nuestros actos e intenciones logran vencer las limitaciones l\u00f3gicas de tiempo y espacio porque lo que cuenta es la \u201csinton\u00eda\u201d, aquella onda vibracional con la que podemos captar al otro como si fuera una onda de radio.<\/p>\n<p>Prima la conexi\u00f3n por sobre la cercan\u00eda, a mayor intensidad de onda, podemos alcanzar a ese otro aun est\u00e9 muy lejos, ya sea en tiempo o espacio. Para la mente y la emoci\u00f3n no existen esas barreras.<\/p>\n<p>As\u00ed podemos entender las din\u00e1micas relacionales de parejas, por ejemplo. El famoso mito de las almas gemelas, as\u00ed entendido, deja de ser tan mito.<\/p>\n<p>&nbsp;<\/p>\n<p>M\u00e1s all\u00e1 del tiempo<\/p>\n<p>Como acabamos de describir, el entrelazamiento cu\u00e1ntico no s\u00f3lo puede desafiar la distancia, sino tambi\u00e9n hacer una mueca al tiempo. En este sentido, en 2012 un grupo de cient\u00edficos de la Universidad de Viena logr\u00f3 alterar part\u00edculas de un hecho pasado desde el presente. Esto mismo sucede en el terreno de las constelaciones, por cuanto estamos inevitablemente conectados a nuestros ancestros, a\u00fan hayan muerto, o no los conozcamos.<\/p>\n<p>Continuando con la figura del espacio ocupado \/ espacio libre, las constelaciones nos permitir\u00e1n liberar aquellas promesas, lealtades o pactos que se han hecho, en nombre del amor, pobreza, castidad, silencio, etc.<\/p>\n<p>As\u00ed, sanando desde el presente, sanamos el pasado, ahora devenido aliado y sost\u00e9n saludable para las nuevas generaciones (que ya no llevar\u00e1n la carga).<\/p>\n<p>&nbsp;<\/p>\n<p>\u00bfPara qu\u00e9 hacerlas?<\/p>\n<p>Cuando un conflicto relacional, limitaci\u00f3n, s\u00edntoma, fobia, enfermedad o trauma escapa a nuestra l\u00f3gica espacio temporal de esta vida, no encontrando explicaciones racionales o dentro del paradigma lineal mecanicista (una sola causa, un solo efecto). Dentro de esta categor\u00eda podemos incluir enfermedades psicosom\u00e1ticas, miedos y fobias irracionales, traumas sin aparente causa o sentido, y todo aquello que pudiera estar resultando limitante en nuestra vida, disminuyendo la calidad de la misma y coartando \u00e1reas o aspectos de nuestra personalidad.<\/p>\n<p>Finalmente, y no menos, para entender adem\u00e1s nuestro lugar y sentido en el cosmos, y el v\u00ednculo con la humanidad y otras especies.<\/p>\n<p>&nbsp;<\/p>\n<p><strong>SESIONES EN CONSTELACIONES ORGANIZACIONALES INDIVIDUALES O GRUPALES (VER\u00a0 TAMBI\u00c9N ESPECIALIZACI\u00d3N EN LA SECCI\u00d3N FORMACIONES ONLINE)<\/strong><\/p>\n<p>\u00bfEn qu\u00e9 se diferencia una constelaci\u00f3n organizacional de una constelaci\u00f3n familiar individual o grupal?<\/p>\n<p>B\u00e1sicamente el objeto de trabajo a constelar, por lo dem\u00e1s la din\u00e1mica es la misma a la de una constelaci\u00f3n familiar. En ambas se recurre a un genograma, que consiste en un \u00e1rbol familiar con datos relevantes; en una empresa este ser\u00e1 reemplazado por un organigrama, t\u00e9cnica fundamental que nos permitir\u00e1 recabar valiosa informaci\u00f3n para conocer el funcionamiento de la organizaci\u00f3n.<\/p>\n<p>A partir de all\u00ed se empezar\u00e1 definiendo el tema a constelar (ejemplo, la mala comunicaci\u00f3n interna), y a trav\u00e9s de la constelaci\u00f3n propiamente dicha ser\u00e1 donde quedar\u00e1n expuestas las emociones, roles, l\u00edmites y sentires de o de los constelados (se puede hacer en forma individual o grupal, agrupando varios sectores).<\/p>\n<p>Puestas las necesidades sobre el campo constelatorio, se podr\u00e1n hipotetizar cursos de acci\u00f3n probables para poner en marcha los cambios, que desde la misma constelaci\u00f3n, ya se han irremediablemente desatado. Estos ser\u00e1n evaluados luego de un tiempo acordado, para medir su eficacia, y eventualmente reformulados o potenciados.<\/p>\n<p>En resumen, a lo largo de los seminarios intensivos que sean necesarios (pactados con nuestro cliente) veremos:<\/p>\n<p>Resistencias al cambio<\/p>\n<p>C\u00f3mo redefinirse permanentemente<\/p>\n<p>C\u00f3mo sostener y potenciar la motivaci\u00f3n a lo largo del tiempo<\/p>\n<p>C\u00f3mo no caer en la rutina y la desmoralizaci\u00f3n<\/p>\n<p>C\u00f3mo funciona la din\u00e1mica deseante (y su vinculaci\u00f3n a la ambici\u00f3n laboral)<\/p>\n<p>Evitar la rigidizaci\u00f3n de roles, jerarqu\u00edas y l\u00edmites<\/p>\n<p>Estimular la creatividad, el trabajo como un juego<\/p>\n<p>Alcanzar una comunicaci\u00f3n efectiva y asertiva no violenta<\/p>\n<p>Lograr sentido de identidad y pertenencia, con valores internalizados<\/p>\n<p>Elegir en lugar de sufrir<\/p>\n<p>Alcanzar un clima y cultura de congruencia y cohesi\u00f3n<\/p>\n<p>Resultados desde el entramado vincular abierto, sincero y confiable\u00a0 y no por miedo a las represalias<\/p>\n<p>Ser uno mismo sin temores, fomentar la congruencia y no la hipocres\u00eda<\/p>\n<p>Liderazgo efectivo en construcci\u00f3n permanente<\/p>\n<p>Dejar de lado el paradigma de la adulaci\u00f3n y el castigo<\/p>\n<p>Nuevos paradigmas: trabajo remoto, horizontalidad, flexibilidad, diversidad\u2026desafiando viejas verdades<\/p>\n<p>El modelo caduco de la relaci\u00f3n de dependencia: hacia nuevas formas de trabajo<\/p>\n<p>C\u00f3mo no mezclar roles y emociones en las empresas familiares, y c\u00f3mo hacer de ellas un modelo exitoso<\/p>\n<p>&nbsp;<\/p>\n<p>Lograr una empresa exitosa es posible. El modelo de rigor y temor ha quedado obsoleto. Hoy se pueden maximizar resultados afianzando las emociones entre los componentes del sistema, que por a\u00f1adidura, permitir\u00e1 de paso sanar los v\u00ednculos primarios. La empresa y sus miembros, son proyecciones de aquella familia primaria.<\/p>\n<p>Por ende, cuando en las reuniones de fin de a\u00f1o, habitualmente se dice \u201csomos una gran familia\u201d, no es una mentira. El problema recae en que esto queda reducido a una pantomima hip\u00f3crita al no haber un proceso asociado que propicie el sentimiento de pertenecer realmente a una segunda o tercera familia elegida, y no padecida.<\/p>\n","protected":false},"excerpt":{"rendered":"<p>SESIONES EN CONSTELACIONES FAMILIARES INDIVIDUALES Y GRUPALES (VER OPCION DE FORMACI\u00d3N EN LA SECCI\u00d3N FORMACIONES ONLINE) \u00bfDe qu\u00e9 hablamos cuando hablamos de una constelaci\u00f3n? Cuando hablamos de una constelaci\u00f3n en el cielo, nos referimos a un grupo de estrellas a las que le damos un nombre para identificarlas y reconocerlas. De la misma forma, al [&hellip;]<\/p>\n","protected":false},"author":1,"featured_media":0,"parent":251,"menu_order":0,"comment_status":"closed","ping_status":"closed","template":"","meta":{"_monsterinsights_skip_tracking":false,"_monsterinsights_sitenote_active":false,"_monsterinsights_sitenote_note":"","_monsterinsights_sitenote_category":0,"_uf_show_specific_survey":0,"_uf_disable_surveys":false,"site-sidebar-layout":"default","site-content-layout":"default","ast-site-content-layout":"default","site-content-style":"default","site-sidebar-style":"default","ast-global-header-display":"","ast-banner-title-visibility":"","ast-main-header-display":"","ast-hfb-above-header-display":"","ast-hfb-below-header-display":"","ast-hfb-mobile-header-display":"","site-post-title":"","ast-breadcrumbs-content":"","ast-featured-img":"","footer-sml-layout":"","ast-disable-related-posts":"","theme-transparent-header-meta":"default","adv-header-id-meta":"","stick-header-meta":"","header-above-stick-meta":"","header-main-stick-meta":"","header-below-stick-meta":"","astra-migrate-meta-layouts":"default","ast-page-background-enabled":"default","ast-page-background-meta":{"desktop":{"background-color":"var(--ast-global-color-4)","background-image":"","background-repeat":"repeat","background-position":"center center","background-size":"auto","background-attachment":"scroll","background-type":"","background-media":"","overlay-type":"","overlay-color":"","overlay-opacity":"","overlay-gradient":""},"tablet":{"background-color":"","background-image":"","background-repeat":"repeat","background-position":"center center","background-size":"auto","background-attachment":"scroll","background-type":"","background-media":"","overlay-type":"","overlay-color":"","overlay-opacity":"","overlay-gradient":""},"mobile":{"background-color":"","background-image":"","background-repeat":"repeat","background-position":"center center","background-size":"auto","background-attachment":"scroll","background-type":"","background-media":"","overlay-type":"","overlay-color":"","overlay-opacity":"","overlay-gradient":""}},"ast-content-background-meta":{"desktop":{"background-color":"var(--ast-global-color-5)","background-image":"","background-repeat":"repeat","background-position":"center center","background-size":"auto","background-attachment":"scroll","background-type":"","background-media":"","overlay-type":"","overlay-color":"","overlay-opacity":"","overlay-gradient":""},"tablet":{"background-color":"var(--ast-global-color-5)","background-image":"","background-repeat":"repeat","background-position":"center center","background-size":"auto","background-attachment":"scroll","background-type":"","background-media":"","overlay-type":"","overlay-color":"","overlay-opacity":"","overlay-gradient":""},"mobile":{"background-color":"var(--ast-global-color-5)","background-image":"","background-repeat":"repeat","background-position":"center center","background-size":"auto","background-attachment":"scroll","background-type":"","background-media":"","overlay-type":"","overlay-color":"","overlay-opacity":"","overlay-gradient":""}},"footnotes":""},"class_list":["post-253","page","type-page","status-publish","hentry"],"yoast_head":"<!-- This site is optimized with the Yoast SEO plugin v27.0 - https:\/\/yoast.com\/product\/yoast-seo-wordpress\/ -->\n<title>CONSTELACIONES -<\/title>\n<meta name=\"robots\" content=\"index, follow, max-snippet:-1, max-image-preview:large, max-video-preview:-1\" \/>\n<link rel=\"canonical\" href=\"https:\/\/lallavepsi.net\/index.php\/sesiones\/constelaciones\/\" \/>\n<meta property=\"og:locale\" content=\"es_ES\" \/>\n<meta property=\"og:type\" content=\"article\" \/>\n<meta property=\"og:title\" content=\"CONSTELACIONES -\" \/>\n<meta property=\"og:description\" content=\"SESIONES EN CONSTELACIONES FAMILIARES INDIVIDUALES Y GRUPALES (VER OPCION DE FORMACI\u00d3N EN LA SECCI\u00d3N FORMACIONES ONLINE) \u00bfDe qu\u00e9 hablamos cuando hablamos de una constelaci\u00f3n? Cuando hablamos de una constelaci\u00f3n en el cielo, nos referimos a un grupo de estrellas a las que le damos un nombre para identificarlas y reconocerlas. De la misma forma, al [&hellip;]\" \/>\n<meta property=\"og:url\" content=\"https:\/\/lallavepsi.net\/index.php\/sesiones\/constelaciones\/\" \/>\n<meta name=\"twitter:card\" content=\"summary_large_image\" \/>\n<meta name=\"twitter:label1\" content=\"Tiempo de lectura\" \/>\n\t<meta name=\"twitter:data1\" content=\"9 minutos\" \/>\n<script type=\"application\/ld+json\" class=\"yoast-schema-graph\">{\"@context\":\"https:\/\/schema.org\",\"@graph\":[{\"@type\":\"WebPage\",\"@id\":\"https:\/\/lallavepsi.net\/index.php\/sesiones\/constelaciones\/\",\"url\":\"https:\/\/lallavepsi.net\/index.php\/sesiones\/constelaciones\/\",\"name\":\"CONSTELACIONES -\",\"isPartOf\":{\"@id\":\"https:\/\/lallavepsi.net\/#website\"},\"datePublished\":\"2022-12-27T23:33:47+00:00\",\"breadcrumb\":{\"@id\":\"https:\/\/lallavepsi.net\/index.php\/sesiones\/constelaciones\/#breadcrumb\"},\"inLanguage\":\"es-AR\",\"potentialAction\":[{\"@type\":\"ReadAction\",\"target\":[\"https:\/\/lallavepsi.net\/index.php\/sesiones\/constelaciones\/\"]}]},{\"@type\":\"BreadcrumbList\",\"@id\":\"https:\/\/lallavepsi.net\/index.php\/sesiones\/constelaciones\/#breadcrumb\",\"itemListElement\":[{\"@type\":\"ListItem\",\"position\":1,\"name\":\"Inicio\",\"item\":\"https:\/\/lallavepsi.net\/\"},{\"@type\":\"ListItem\",\"position\":2,\"name\":\"SESIONES COMPLEMENTARIAS\",\"item\":\"https:\/\/lallavepsi.net\/index.php\/sesiones\/\"},{\"@type\":\"ListItem\",\"position\":3,\"name\":\"CONSTELACIONES\"}]},{\"@type\":\"WebSite\",\"@id\":\"https:\/\/lallavepsi.net\/#website\",\"url\":\"https:\/\/lallavepsi.net\/\",\"name\":\"\",\"description\":\"\",\"potentialAction\":[{\"@type\":\"SearchAction\",\"target\":{\"@type\":\"EntryPoint\",\"urlTemplate\":\"https:\/\/lallavepsi.net\/?s={search_term_string}\"},\"query-input\":{\"@type\":\"PropertyValueSpecification\",\"valueRequired\":true,\"valueName\":\"search_term_string\"}}],\"inLanguage\":\"es-AR\"}]}<\/script>\n<!-- \/ Yoast SEO plugin. -->","yoast_head_json":{"title":"CONSTELACIONES -","robots":{"index":"index","follow":"follow","max-snippet":"max-snippet:-1","max-image-preview":"max-image-preview:large","max-video-preview":"max-video-preview:-1"},"canonical":"https:\/\/lallavepsi.net\/index.php\/sesiones\/constelaciones\/","og_locale":"es_ES","og_type":"article","og_title":"CONSTELACIONES -","og_description":"SESIONES EN CONSTELACIONES FAMILIARES INDIVIDUALES Y GRUPALES (VER OPCION DE FORMACI\u00d3N EN LA SECCI\u00d3N FORMACIONES ONLINE) \u00bfDe qu\u00e9 hablamos cuando hablamos de una constelaci\u00f3n? Cuando hablamos de una constelaci\u00f3n en el cielo, nos referimos a un grupo de estrellas a las que le damos un nombre para identificarlas y reconocerlas. De la misma forma, al [&hellip;]","og_url":"https:\/\/lallavepsi.net\/index.php\/sesiones\/constelaciones\/","twitter_card":"summary_large_image","twitter_misc":{"Tiempo de lectura":"9 minutos"},"schema":{"@context":"https:\/\/schema.org","@graph":[{"@type":"WebPage","@id":"https:\/\/lallavepsi.net\/index.php\/sesiones\/constelaciones\/","url":"https:\/\/lallavepsi.net\/index.php\/sesiones\/constelaciones\/","name":"CONSTELACIONES -","isPartOf":{"@id":"https:\/\/lallavepsi.net\/#website"},"datePublished":"2022-12-27T23:33:47+00:00","breadcrumb":{"@id":"https:\/\/lallavepsi.net\/index.php\/sesiones\/constelaciones\/#breadcrumb"},"inLanguage":"es-AR","potentialAction":[{"@type":"ReadAction","target":["https:\/\/lallavepsi.net\/index.php\/sesiones\/constelaciones\/"]}]},{"@type":"BreadcrumbList","@id":"https:\/\/lallavepsi.net\/index.php\/sesiones\/constelaciones\/#breadcrumb","itemListElement":[{"@type":"ListItem","position":1,"name":"Inicio","item":"https:\/\/lallavepsi.net\/"},{"@type":"ListItem","position":2,"name":"SESIONES COMPLEMENTARIAS","item":"https:\/\/lallavepsi.net\/index.php\/sesiones\/"},{"@type":"ListItem","position":3,"name":"CONSTELACIONES"}]},{"@type":"WebSite","@id":"https:\/\/lallavepsi.net\/#website","url":"https:\/\/lallavepsi.net\/","name":"","description":"","potentialAction":[{"@type":"SearchAction","target":{"@type":"EntryPoint","urlTemplate":"https:\/\/lallavepsi.net\/?s={search_term_string}"},"query-input":{"@type":"PropertyValueSpecification","valueRequired":true,"valueName":"search_term_string"}}],"inLanguage":"es-AR"}]}},"_hostinger_reach_plugin_has_subscription_block":false,"_hostinger_reach_plugin_is_elementor":false,"_links":{"self":[{"href":"https:\/\/lallavepsi.net\/index.php\/wp-json\/wp\/v2\/pages\/253","targetHints":{"allow":["GET"]}}],"collection":[{"href":"https:\/\/lallavepsi.net\/index.php\/wp-json\/wp\/v2\/pages"}],"about":[{"href":"https:\/\/lallavepsi.net\/index.php\/wp-json\/wp\/v2\/types\/page"}],"author":[{"embeddable":true,"href":"https:\/\/lallavepsi.net\/index.php\/wp-json\/wp\/v2\/users\/1"}],"replies":[{"embeddable":true,"href":"https:\/\/lallavepsi.net\/index.php\/wp-json\/wp\/v2\/comments?post=253"}],"version-history":[{"count":1,"href":"https:\/\/lallavepsi.net\/index.php\/wp-json\/wp\/v2\/pages\/253\/revisions"}],"predecessor-version":[{"id":254,"href":"https:\/\/lallavepsi.net\/index.php\/wp-json\/wp\/v2\/pages\/253\/revisions\/254"}],"up":[{"embeddable":true,"href":"https:\/\/lallavepsi.net\/index.php\/wp-json\/wp\/v2\/pages\/251"}],"wp:attachment":[{"href":"https:\/\/lallavepsi.net\/index.php\/wp-json\/wp\/v2\/media?parent=253"}],"curies":[{"name":"wp","href":"https:\/\/api.w.org\/{rel}","templated":true}]}}