{"id":287,"date":"2022-12-28T00:22:37","date_gmt":"2022-12-28T00:22:37","guid":{"rendered":"https:\/\/lallavepsi.net\/?page_id=287"},"modified":"2026-01-16T13:49:38","modified_gmt":"2026-01-16T13:49:38","slug":"proyecto-sentido-de-vida","status":"publish","type":"page","link":"https:\/\/lallavepsi.net\/index.php\/jornadas-y-talleres-online\/proyecto-sentido-de-vida\/","title":{"rendered":"SENTIDO Y SINSENTIDO DE VIDA"},"content":{"rendered":"<p><strong>SEMINARIO ONLINE ENTRE EL SENTIDO Y SINSENTIDO DE VIDA<\/strong><\/p>\n<p>Objetivo: plantearnos la necesidad de un sentido atravesando la posibilidad del sinsentido. De Frankl a Camus, entre la logoterapia y el absurdo.<\/p>\n<p>Analizaremos los puntos planteados por Viktor Frankl en su obra &#8220;El hombre en busca de sentido&#8221; y las preguntas de la corriente existencialista de la filosof\u00eda especialmente a trav\u00e9s de Camus y Kierkegaard.<\/p>\n<p>Diferencias entre misi\u00f3n, sentido y prop\u00f3sito.<\/p>\n<p>\u00bfQu\u00e9 papeles juegan el sufrimiento y el amor?<\/p>\n<p>Ahondaremos tambi\u00e9n en el Ser y el Tener de Fromm, \u00bfpor cu\u00e1l de ellos me rijo? \u00bfQu\u00e9 se me ha dado\/quitado? \u00bfExiste un mejor posicionamiento frente a la vida? \u00bfQuiero ser o tener?<\/p>\n<p>Los efectos del amor mercantilista y de la espiritualidad vac\u00eda.<\/p>\n<p>C\u00f3mo lograr la integraci\u00f3n.<\/p>\n<p>\u00bfQui\u00e9n he sido, qui\u00e9n soy, qui\u00e9n quiero ser?<\/p>\n<p>\u00bfC\u00f3mo me veo, c\u00f3mo me ven y c\u00f3mo soy?<\/p>\n<p>El proyecto en movimiento, creatividad y multiplicidad en acci\u00f3n.<\/p>\n<p>La tolerancia a la frustraci\u00f3n, al error y a la p\u00e9rdida de toda elecci\u00f3n. La ansiedad de la incertidumbre.<\/p>\n<p>Paradigma cu\u00e1ntico y teor\u00eda del caos.<\/p>\n<p>Ejercicios de autoconocimiento y auto-registro.<\/p>\n<p>Vivir en un eterno presente.<\/p>\n<p>Duraci\u00f3n: 4 hs. (dos jornadas de dos).<\/p>\n<p>&nbsp;<\/p>\n","protected":false},"excerpt":{"rendered":"<p>SEMINARIO ONLINE ENTRE EL SENTIDO Y SINSENTIDO DE VIDA Objetivo: plantearnos la necesidad de un sentido atravesando la posibilidad del sinsentido. De Frankl a Camus, entre la logoterapia y el absurdo. Analizaremos los puntos planteados por Viktor Frankl en su obra &#8220;El hombre en busca de sentido&#8221; y las preguntas de la corriente existencialista de [&hellip;]<\/p>\n","protected":false},"author":1,"featured_media":0,"parent":265,"menu_order":0,"comment_status":"closed","ping_status":"closed","template":"","meta":{"_monsterinsights_skip_tracking":false,"_monsterinsights_sitenote_active":false,"_monsterinsights_sitenote_note":"","_monsterinsights_sitenote_category":0,"_uf_show_specific_survey":0,"_uf_disable_surveys":false,"site-sidebar-layout":"default","site-content-layout":"default","ast-site-content-layout":"default","site-content-style":"default","site-sidebar-style":"default","ast-global-header-display":"","ast-banner-title-visibility":"","ast-main-header-display":"","ast-hfb-above-header-display":"","ast-hfb-below-header-display":"","ast-hfb-mobile-header-display":"","site-post-title":"","ast-breadcrumbs-content":"","ast-featured-img":"","footer-sml-layout":"","ast-disable-related-posts":"","theme-transparent-header-meta":"default","adv-header-id-meta":"","stick-header-meta":"","header-above-stick-meta":"","header-main-stick-meta":"","header-below-stick-meta":"","astra-migrate-meta-layouts":"set","ast-page-background-enabled":"default","ast-page-background-meta":{"desktop":{"background-color":"var(--ast-global-color-4)","background-image":"","background-repeat":"repeat","background-position":"center center","background-size":"auto","background-attachment":"scroll","background-type":"","background-media":"","overlay-type":"","overlay-color":"","overlay-opacity":"","overlay-gradient":""},"tablet":{"background-color":"","background-image":"","background-repeat":"repeat","background-position":"center center","background-size":"auto","background-attachment":"scroll","background-type":"","background-media":"","overlay-type":"","overlay-color":"","overlay-opacity":"","overlay-gradient":""},"mobile":{"background-color":"","background-image":"","background-repeat":"repeat","background-position":"center center","background-size":"auto","background-attachment":"scroll","background-type":"","background-media":"","overlay-type":"","overlay-color":"","overlay-opacity":"","overlay-gradient":""}},"ast-content-background-meta":{"desktop":{"background-color":"var(--ast-global-color-5)","background-image":"","background-repeat":"repeat","background-position":"center center","background-size":"auto","background-attachment":"scroll","background-type":"","background-media":"","overlay-type":"","overlay-color":"","overlay-opacity":"","overlay-gradient":""},"tablet":{"background-color":"var(--ast-global-color-5)","background-image":"","background-repeat":"repeat","background-position":"center center","background-size":"auto","background-attachment":"scroll","background-type":"","background-media":"","overlay-type":"","overlay-color":"","overlay-opacity":"","overlay-gradient":""},"mobile":{"background-color":"var(--ast-global-color-5)","background-image":"","background-repeat":"repeat","background-position":"center center","background-size":"auto","background-attachment":"scroll","background-type":"","background-media":"","overlay-type":"","overlay-color":"","overlay-opacity":"","overlay-gradient":""}},"footnotes":""},"class_list":["post-287","page","type-page","status-publish","hentry"],"yoast_head":"<!-- This site is optimized with the Yoast SEO plugin v27.0 - https:\/\/yoast.com\/product\/yoast-seo-wordpress\/ -->\n<title>SENTIDO Y SINSENTIDO DE VIDA -<\/title>\n<meta name=\"robots\" content=\"index, follow, max-snippet:-1, max-image-preview:large, max-video-preview:-1\" \/>\n<link rel=\"canonical\" href=\"https:\/\/lallavepsi.net\/index.php\/jornadas-y-talleres-online\/proyecto-sentido-de-vida\/\" \/>\n<meta property=\"og:locale\" content=\"es_ES\" \/>\n<meta property=\"og:type\" content=\"article\" \/>\n<meta property=\"og:title\" content=\"SENTIDO Y SINSENTIDO DE VIDA -\" \/>\n<meta property=\"og:description\" content=\"SEMINARIO ONLINE ENTRE EL SENTIDO Y SINSENTIDO DE VIDA Objetivo: plantearnos la necesidad de un sentido atravesando la posibilidad del sinsentido. De Frankl a Camus, entre la logoterapia y el absurdo. Analizaremos los puntos planteados por Viktor Frankl en su obra &#8220;El hombre en busca de sentido&#8221; y las preguntas de la corriente existencialista de [&hellip;]\" \/>\n<meta property=\"og:url\" content=\"https:\/\/lallavepsi.net\/index.php\/jornadas-y-talleres-online\/proyecto-sentido-de-vida\/\" \/>\n<meta property=\"article:modified_time\" content=\"2026-01-16T13:49:38+00:00\" \/>\n<meta name=\"twitter:card\" content=\"summary_large_image\" \/>\n<meta name=\"twitter:label1\" content=\"Tiempo de lectura\" \/>\n\t<meta name=\"twitter:data1\" content=\"1 minuto\" \/>\n<script type=\"application\/ld+json\" class=\"yoast-schema-graph\">{\"@context\":\"https:\/\/schema.org\",\"@graph\":[{\"@type\":\"WebPage\",\"@id\":\"https:\/\/lallavepsi.net\/index.php\/jornadas-y-talleres-online\/proyecto-sentido-de-vida\/\",\"url\":\"https:\/\/lallavepsi.net\/index.php\/jornadas-y-talleres-online\/proyecto-sentido-de-vida\/\",\"name\":\"SENTIDO Y SINSENTIDO DE VIDA -\",\"isPartOf\":{\"@id\":\"https:\/\/lallavepsi.net\/#website\"},\"datePublished\":\"2022-12-28T00:22:37+00:00\",\"dateModified\":\"2026-01-16T13:49:38+00:00\",\"breadcrumb\":{\"@id\":\"https:\/\/lallavepsi.net\/index.php\/jornadas-y-talleres-online\/proyecto-sentido-de-vida\/#breadcrumb\"},\"inLanguage\":\"es-AR\",\"potentialAction\":[{\"@type\":\"ReadAction\",\"target\":[\"https:\/\/lallavepsi.net\/index.php\/jornadas-y-talleres-online\/proyecto-sentido-de-vida\/\"]}]},{\"@type\":\"BreadcrumbList\",\"@id\":\"https:\/\/lallavepsi.net\/index.php\/jornadas-y-talleres-online\/proyecto-sentido-de-vida\/#breadcrumb\",\"itemListElement\":[{\"@type\":\"ListItem\",\"position\":1,\"name\":\"Inicio\",\"item\":\"https:\/\/lallavepsi.net\/\"},{\"@type\":\"ListItem\",\"position\":2,\"name\":\"SEMINARIOS Y TALLERES ONLINE\",\"item\":\"https:\/\/lallavepsi.net\/index.php\/jornadas-y-talleres-online\/\"},{\"@type\":\"ListItem\",\"position\":3,\"name\":\"SENTIDO Y SINSENTIDO DE VIDA\"}]},{\"@type\":\"WebSite\",\"@id\":\"https:\/\/lallavepsi.net\/#website\",\"url\":\"https:\/\/lallavepsi.net\/\",\"name\":\"\",\"description\":\"\",\"potentialAction\":[{\"@type\":\"SearchAction\",\"target\":{\"@type\":\"EntryPoint\",\"urlTemplate\":\"https:\/\/lallavepsi.net\/?s={search_term_string}\"},\"query-input\":{\"@type\":\"PropertyValueSpecification\",\"valueRequired\":true,\"valueName\":\"search_term_string\"}}],\"inLanguage\":\"es-AR\"}]}<\/script>\n<!-- \/ Yoast SEO plugin. -->","yoast_head_json":{"title":"SENTIDO Y SINSENTIDO DE VIDA -","robots":{"index":"index","follow":"follow","max-snippet":"max-snippet:-1","max-image-preview":"max-image-preview:large","max-video-preview":"max-video-preview:-1"},"canonical":"https:\/\/lallavepsi.net\/index.php\/jornadas-y-talleres-online\/proyecto-sentido-de-vida\/","og_locale":"es_ES","og_type":"article","og_title":"SENTIDO Y SINSENTIDO DE VIDA -","og_description":"SEMINARIO ONLINE ENTRE EL SENTIDO Y SINSENTIDO DE VIDA Objetivo: plantearnos la necesidad de un sentido atravesando la posibilidad del sinsentido. De Frankl a Camus, entre la logoterapia y el absurdo. Analizaremos los puntos planteados por Viktor Frankl en su obra &#8220;El hombre en busca de sentido&#8221; y las preguntas de la corriente existencialista de [&hellip;]","og_url":"https:\/\/lallavepsi.net\/index.php\/jornadas-y-talleres-online\/proyecto-sentido-de-vida\/","article_modified_time":"2026-01-16T13:49:38+00:00","twitter_card":"summary_large_image","twitter_misc":{"Tiempo de lectura":"1 minuto"},"schema":{"@context":"https:\/\/schema.org","@graph":[{"@type":"WebPage","@id":"https:\/\/lallavepsi.net\/index.php\/jornadas-y-talleres-online\/proyecto-sentido-de-vida\/","url":"https:\/\/lallavepsi.net\/index.php\/jornadas-y-talleres-online\/proyecto-sentido-de-vida\/","name":"SENTIDO Y SINSENTIDO DE VIDA -","isPartOf":{"@id":"https:\/\/lallavepsi.net\/#website"},"datePublished":"2022-12-28T00:22:37+00:00","dateModified":"2026-01-16T13:49:38+00:00","breadcrumb":{"@id":"https:\/\/lallavepsi.net\/index.php\/jornadas-y-talleres-online\/proyecto-sentido-de-vida\/#breadcrumb"},"inLanguage":"es-AR","potentialAction":[{"@type":"ReadAction","target":["https:\/\/lallavepsi.net\/index.php\/jornadas-y-talleres-online\/proyecto-sentido-de-vida\/"]}]},{"@type":"BreadcrumbList","@id":"https:\/\/lallavepsi.net\/index.php\/jornadas-y-talleres-online\/proyecto-sentido-de-vida\/#breadcrumb","itemListElement":[{"@type":"ListItem","position":1,"name":"Inicio","item":"https:\/\/lallavepsi.net\/"},{"@type":"ListItem","position":2,"name":"SEMINARIOS Y TALLERES ONLINE","item":"https:\/\/lallavepsi.net\/index.php\/jornadas-y-talleres-online\/"},{"@type":"ListItem","position":3,"name":"SENTIDO Y SINSENTIDO DE VIDA"}]},{"@type":"WebSite","@id":"https:\/\/lallavepsi.net\/#website","url":"https:\/\/lallavepsi.net\/","name":"","description":"","potentialAction":[{"@type":"SearchAction","target":{"@type":"EntryPoint","urlTemplate":"https:\/\/lallavepsi.net\/?s={search_term_string}"},"query-input":{"@type":"PropertyValueSpecification","valueRequired":true,"valueName":"search_term_string"}}],"inLanguage":"es-AR"}]}},"_hostinger_reach_plugin_has_subscription_block":false,"_hostinger_reach_plugin_is_elementor":false,"_links":{"self":[{"href":"https:\/\/lallavepsi.net\/index.php\/wp-json\/wp\/v2\/pages\/287","targetHints":{"allow":["GET"]}}],"collection":[{"href":"https:\/\/lallavepsi.net\/index.php\/wp-json\/wp\/v2\/pages"}],"about":[{"href":"https:\/\/lallavepsi.net\/index.php\/wp-json\/wp\/v2\/types\/page"}],"author":[{"embeddable":true,"href":"https:\/\/lallavepsi.net\/index.php\/wp-json\/wp\/v2\/users\/1"}],"replies":[{"embeddable":true,"href":"https:\/\/lallavepsi.net\/index.php\/wp-json\/wp\/v2\/comments?post=287"}],"version-history":[{"count":12,"href":"https:\/\/lallavepsi.net\/index.php\/wp-json\/wp\/v2\/pages\/287\/revisions"}],"predecessor-version":[{"id":2483,"href":"https:\/\/lallavepsi.net\/index.php\/wp-json\/wp\/v2\/pages\/287\/revisions\/2483"}],"up":[{"embeddable":true,"href":"https:\/\/lallavepsi.net\/index.php\/wp-json\/wp\/v2\/pages\/265"}],"wp:attachment":[{"href":"https:\/\/lallavepsi.net\/index.php\/wp-json\/wp\/v2\/media?parent=287"}],"curies":[{"name":"wp","href":"https:\/\/api.w.org\/{rel}","templated":true}]}}

<p><strong>SEMINARIO ONLINE ENTRE EL SENTIDO Y SINSENTIDO DE VIDA</strong></p>
<p>Objetivo: plantearnos la necesidad de un sentido atravesando la posibilidad del sinsentido. De Frankl a Camus, entre la logoterapia y el absurdo.</p>
<p>Analizaremos los puntos planteados por Viktor Frankl en su obra &#8220;El hombre en busca de sentido&#8221; y las preguntas de la corriente existencialista de la filosofía especialmente a través de Camus y Kierkegaard.</p>
<p>Diferencias entre misión, sentido y propósito.</p>
<p>¿Qué papeles juegan el sufrimiento y el amor?</p>
<p>Ahondaremos también en el Ser y el Tener de Fromm, ¿por cuál de ellos me rijo? ¿Qué se me ha dado/quitado? ¿Existe un mejor posicionamiento frente a la vida? ¿Quiero ser o tener?</p>
<p>Los efectos del amor mercantilista y de la espiritualidad vacía.</p>
<p>Cómo lograr la integración.</p>
<p>¿Quién he sido, quién soy, quién quiero ser?</p>
<p>¿Cómo me veo, cómo me ven y cómo soy?</p>
<p>El proyecto en movimiento, creatividad y multiplicidad en acción.</p>
<p>La tolerancia a la frustración, al error y a la pérdida de toda elección. La ansiedad de la incertidumbre.</p>
<p>Paradigma cuántico y teoría del caos.</p>
<p>Ejercicios de autoconocimiento y auto-registro.</p>
<p>Vivir en un eterno presente.</p>
<p>Duración: 4 hs. (dos jornadas de dos).</p>
<p>&nbsp;</p>
