{"id":1748,"date":"2023-02-19T20:43:46","date_gmt":"2023-02-19T20:43:46","guid":{"rendered":"https:\/\/lallavepsi.net\/?post_type=product&#038;p=1748"},"modified":"2025-01-16T00:26:52","modified_gmt":"2025-01-16T00:26:52","slug":"formacion-en-comunicacion-efectiva-y-asertividad","status":"publish","type":"product","link":"https:\/\/lallavepsi.net\/index.php\/producto\/formacion-en-comunicacion-efectiva-y-asertividad\/","title":{"rendered":"FORMACI\u00d3N ONLINE COMUNICACI\u00d3N EFECTIVA Y ASERTIVIDAD"},"content":{"rendered":"","protected":false},"excerpt":{"rendered":"<p>Aprend\u00e9 c\u00f3mo comunicamos, los principales errores y problemas y c\u00f3mo corregirlos. Encontr\u00e1 recursos para el desarrollo de una comunicaci\u00f3n efectiva y no violenta. Ver programa en:\u00a0 <a href=\"https:\/\/lallavepsi.net\/index.php\/formaciones-online\/comunicacion-efectiva-y-asertividad\/\">https:\/\/lallavepsi.net\/index.php\/formaciones-online\/comunicacion-efectiva-y-asertividad\/<\/a><\/p>\n","protected":false},"featured_media":1749,"comment_status":"open","ping_status":"closed","template":"","meta":{"_monsterinsights_skip_tracking":false,"_monsterinsights_sitenote_active":false,"_monsterinsights_sitenote_note":"","_monsterinsights_sitenote_category":0,"_uf_show_specific_survey":0,"_uf_disable_surveys":false,"site-sidebar-layout":"default","site-content-layout":"default","ast-site-content-layout":"default","site-content-style":"default","site-sidebar-style":"default","ast-global-header-display":"","ast-banner-title-visibility":"","ast-main-header-display":"","ast-hfb-above-header-display":"","ast-hfb-below-header-display":"","ast-hfb-mobile-header-display":"","site-post-title":"","ast-breadcrumbs-content":"","ast-featured-img":"","footer-sml-layout":"","ast-disable-related-posts":"","theme-transparent-header-meta":"default","adv-header-id-meta":"","stick-header-meta":"","header-above-stick-meta":"","header-main-stick-meta":"","header-below-stick-meta":"","astra-migrate-meta-layouts":"set","ast-page-background-enabled":"default","ast-page-background-meta":{"desktop":{"background-color":"var(--ast-global-color-4)","background-image":"","background-repeat":"repeat","background-position":"center center","background-size":"auto","background-attachment":"scroll","background-type":"","background-media":"","overlay-type":"","overlay-color":"","overlay-opacity":"","overlay-gradient":""},"tablet":{"background-color":"","background-image":"","background-repeat":"repeat","background-position":"center center","background-size":"auto","background-attachment":"scroll","background-type":"","background-media":"","overlay-type":"","overlay-color":"","overlay-opacity":"","overlay-gradient":""},"mobile":{"background-color":"","background-image":"","background-repeat":"repeat","background-position":"center center","background-size":"auto","background-attachment":"scroll","background-type":"","background-media":"","overlay-type":"","overlay-color":"","overlay-opacity":"","overlay-gradient":""}},"ast-content-background-meta":{"desktop":{"background-color":"var(--ast-global-color-5)","background-image":"","background-repeat":"repeat","background-position":"center center","background-size":"auto","background-attachment":"scroll","background-type":"","background-media":"","overlay-type":"","overlay-color":"","overlay-opacity":"","overlay-gradient":""},"tablet":{"background-color":"var(--ast-global-color-5)","background-image":"","background-repeat":"repeat","background-position":"center center","background-size":"auto","background-attachment":"scroll","background-type":"","background-media":"","overlay-type":"","overlay-color":"","overlay-opacity":"","overlay-gradient":""},"mobile":{"background-color":"var(--ast-global-color-5)","background-image":"","background-repeat":"repeat","background-position":"center center","background-size":"auto","background-attachment":"scroll","background-type":"","background-media":"","overlay-type":"","overlay-color":"","overlay-opacity":"","overlay-gradient":""}}},"product_brand":[],"product_cat":[189],"product_tag":[699,700,709,698,708,707,711,710,701,706,704,702,705,703],"class_list":{"0":"post-1748","1":"product","2":"type-product","3":"status-publish","4":"has-post-thumbnail","6":"product_cat-formaciones","7":"product_tag-asertividad","8":"product_tag-claridad","9":"product_tag-comunicacion-clara","10":"product_tag-comunicacion-efectiva","11":"product_tag-comunicacion-no-violenta","12":"product_tag-desentendidos","13":"product_tag-empatia","14":"product_tag-expresividad","15":"product_tag-locuacidad","16":"product_tag-mala-comunicacion","17":"product_tag-malos-entendidos","18":"product_tag-oratoria","19":"product_tag-ruido-en-la-comunicacion","20":"product_tag-supuestos","21":"desktop-align-left","22":"tablet-align-left","23":"mobile-align-left","25":"first","26":"instock","27":"sale","28":"downloadable","29":"virtual","30":"taxable","31":"purchasable","32":"product-type-simple"},"yoast_head":"<!-- This site is optimized with the Yoast SEO plugin v27.0 - https:\/\/yoast.com\/product\/yoast-seo-wordpress\/ -->\n<title>FORMACI\u00d3N ONLINE COMUNICACI\u00d3N EFECTIVA Y ASERTIVIDAD -<\/title>\n<meta name=\"description\" content=\"Aprend\u00e9 c\u00f3mo comunicamos, los principales errores y problemas y c\u00f3mo corregirlos. Encontr\u00e1 recursos para el desarrollo de una comunicaci\u00f3n efectiva y no violenta. Ver programa en:\u00a0 https:\/\/lallavepsi.net\/index.php\/formaciones-online\/comunicacion-efectiva-y-asertividad\/\" \/>\n<meta name=\"robots\" content=\"index, follow, max-snippet:-1, max-image-preview:large, max-video-preview:-1\" \/>\n<link rel=\"canonical\" href=\"https:\/\/lallavepsi.net\/index.php\/producto\/formacion-en-comunicacion-efectiva-y-asertividad\/\" \/>\n<meta property=\"og:locale\" content=\"es_ES\" \/>\n<meta property=\"og:type\" content=\"article\" \/>\n<meta property=\"og:title\" content=\"FORMACI\u00d3N ONLINE COMUNICACI\u00d3N EFECTIVA Y ASERTIVIDAD -\" \/>\n<meta property=\"og:description\" content=\"Aprend\u00e9 c\u00f3mo comunicamos, los principales errores y problemas y c\u00f3mo corregirlos. Encontr\u00e1 recursos para el desarrollo de una comunicaci\u00f3n efectiva y no violenta. Ver programa en:\u00a0 https:\/\/lallavepsi.net\/index.php\/formaciones-online\/comunicacion-efectiva-y-asertividad\/\" \/>\n<meta property=\"og:url\" content=\"https:\/\/lallavepsi.net\/index.php\/producto\/formacion-en-comunicacion-efectiva-y-asertividad\/\" \/>\n<meta property=\"article:modified_time\" content=\"2025-01-16T00:26:52+00:00\" \/>\n<meta property=\"og:image\" content=\"https:\/\/lallavepsi.net\/wp-content\/uploads\/2023\/02\/habilidades-para-comunicarse.jpg\" \/>\n\t<meta property=\"og:image:width\" content=\"700\" \/>\n\t<meta property=\"og:image:height\" content=\"400\" \/>\n\t<meta property=\"og:image:type\" content=\"image\/jpeg\" \/>\n<meta name=\"twitter:card\" content=\"summary_large_image\" \/>\n<meta name=\"twitter:label1\" content=\"Tiempo de lectura\" \/>\n\t<meta name=\"twitter:data1\" content=\"1 minuto\" \/>\n<script type=\"application\/ld+json\" class=\"yoast-schema-graph\">{\"@context\":\"https:\/\/schema.org\",\"@graph\":[{\"@type\":\"WebPage\",\"@id\":\"https:\/\/lallavepsi.net\/index.php\/producto\/formacion-en-comunicacion-efectiva-y-asertividad\/\",\"url\":\"https:\/\/lallavepsi.net\/index.php\/producto\/formacion-en-comunicacion-efectiva-y-asertividad\/\",\"name\":\"FORMACI\u00d3N ONLINE COMUNICACI\u00d3N EFECTIVA Y ASERTIVIDAD -\",\"isPartOf\":{\"@id\":\"https:\/\/lallavepsi.net\/#website\"},\"primaryImageOfPage\":{\"@id\":\"https:\/\/lallavepsi.net\/index.php\/producto\/formacion-en-comunicacion-efectiva-y-asertividad\/#primaryimage\"},\"image\":{\"@id\":\"https:\/\/lallavepsi.net\/index.php\/producto\/formacion-en-comunicacion-efectiva-y-asertividad\/#primaryimage\"},\"thumbnailUrl\":\"https:\/\/lallavepsi.net\/wp-content\/uploads\/2023\/02\/habilidades-para-comunicarse.jpg\",\"datePublished\":\"2023-02-19T20:43:46+00:00\",\"dateModified\":\"2025-01-16T00:26:52+00:00\",\"description\":\"Aprend\u00e9 c\u00f3mo comunicamos, los principales errores y problemas y c\u00f3mo corregirlos. Encontr\u00e1 recursos para el desarrollo de una comunicaci\u00f3n efectiva y no violenta. Ver programa en:\u00a0 https:\/\/lallavepsi.net\/index.php\/formaciones-online\/comunicacion-efectiva-y-asertividad\/\",\"breadcrumb\":{\"@id\":\"https:\/\/lallavepsi.net\/index.php\/producto\/formacion-en-comunicacion-efectiva-y-asertividad\/#breadcrumb\"},\"inLanguage\":\"es-AR\",\"potentialAction\":[{\"@type\":\"ReadAction\",\"target\":[\"https:\/\/lallavepsi.net\/index.php\/producto\/formacion-en-comunicacion-efectiva-y-asertividad\/\"]}]},{\"@type\":\"ImageObject\",\"inLanguage\":\"es-AR\",\"@id\":\"https:\/\/lallavepsi.net\/index.php\/producto\/formacion-en-comunicacion-efectiva-y-asertividad\/#primaryimage\",\"url\":\"https:\/\/lallavepsi.net\/wp-content\/uploads\/2023\/02\/habilidades-para-comunicarse.jpg\",\"contentUrl\":\"https:\/\/lallavepsi.net\/wp-content\/uploads\/2023\/02\/habilidades-para-comunicarse.jpg\",\"width\":700,\"height\":400},{\"@type\":\"BreadcrumbList\",\"@id\":\"https:\/\/lallavepsi.net\/index.php\/producto\/formacion-en-comunicacion-efectiva-y-asertividad\/#breadcrumb\",\"itemListElement\":[{\"@type\":\"ListItem\",\"position\":1,\"name\":\"Inicio\",\"item\":\"https:\/\/lallavepsi.net\/\"},{\"@type\":\"ListItem\",\"position\":2,\"name\":\"VER TIENDA\",\"item\":\"https:\/\/lallavepsi.net\/index.php\/ver-tienda\/\"},{\"@type\":\"ListItem\",\"position\":3,\"name\":\"FORMACI\u00d3N ONLINE COMUNICACI\u00d3N EFECTIVA Y ASERTIVIDAD\"}]},{\"@type\":\"WebSite\",\"@id\":\"https:\/\/lallavepsi.net\/#website\",\"url\":\"https:\/\/lallavepsi.net\/\",\"name\":\"\",\"description\":\"\",\"potentialAction\":[{\"@type\":\"SearchAction\",\"target\":{\"@type\":\"EntryPoint\",\"urlTemplate\":\"https:\/\/lallavepsi.net\/?s={search_term_string}\"},\"query-input\":{\"@type\":\"PropertyValueSpecification\",\"valueRequired\":true,\"valueName\":\"search_term_string\"}}],\"inLanguage\":\"es-AR\"}]}<\/script>\n<!-- \/ Yoast SEO plugin. -->","yoast_head_json":{"title":"FORMACI\u00d3N ONLINE COMUNICACI\u00d3N EFECTIVA Y ASERTIVIDAD -","description":"Aprend\u00e9 c\u00f3mo comunicamos, los principales errores y problemas y c\u00f3mo corregirlos. Encontr\u00e1 recursos para el desarrollo de una comunicaci\u00f3n efectiva y no violenta. Ver programa en:\u00a0 https:\/\/lallavepsi.net\/index.php\/formaciones-online\/comunicacion-efectiva-y-asertividad\/","robots":{"index":"index","follow":"follow","max-snippet":"max-snippet:-1","max-image-preview":"max-image-preview:large","max-video-preview":"max-video-preview:-1"},"canonical":"https:\/\/lallavepsi.net\/index.php\/producto\/formacion-en-comunicacion-efectiva-y-asertividad\/","og_locale":"es_ES","og_type":"article","og_title":"FORMACI\u00d3N ONLINE COMUNICACI\u00d3N EFECTIVA Y ASERTIVIDAD -","og_description":"Aprend\u00e9 c\u00f3mo comunicamos, los principales errores y problemas y c\u00f3mo corregirlos. Encontr\u00e1 recursos para el desarrollo de una comunicaci\u00f3n efectiva y no violenta. Ver programa en:\u00a0 https:\/\/lallavepsi.net\/index.php\/formaciones-online\/comunicacion-efectiva-y-asertividad\/","og_url":"https:\/\/lallavepsi.net\/index.php\/producto\/formacion-en-comunicacion-efectiva-y-asertividad\/","article_modified_time":"2025-01-16T00:26:52+00:00","og_image":[{"width":700,"height":400,"url":"https:\/\/lallavepsi.net\/wp-content\/uploads\/2023\/02\/habilidades-para-comunicarse.jpg","type":"image\/jpeg"}],"twitter_card":"summary_large_image","twitter_misc":{"Tiempo de lectura":"1 minuto"},"schema":{"@context":"https:\/\/schema.org","@graph":[{"@type":"WebPage","@id":"https:\/\/lallavepsi.net\/index.php\/producto\/formacion-en-comunicacion-efectiva-y-asertividad\/","url":"https:\/\/lallavepsi.net\/index.php\/producto\/formacion-en-comunicacion-efectiva-y-asertividad\/","name":"FORMACI\u00d3N ONLINE COMUNICACI\u00d3N EFECTIVA Y ASERTIVIDAD -","isPartOf":{"@id":"https:\/\/lallavepsi.net\/#website"},"primaryImageOfPage":{"@id":"https:\/\/lallavepsi.net\/index.php\/producto\/formacion-en-comunicacion-efectiva-y-asertividad\/#primaryimage"},"image":{"@id":"https:\/\/lallavepsi.net\/index.php\/producto\/formacion-en-comunicacion-efectiva-y-asertividad\/#primaryimage"},"thumbnailUrl":"https:\/\/lallavepsi.net\/wp-content\/uploads\/2023\/02\/habilidades-para-comunicarse.jpg","datePublished":"2023-02-19T20:43:46+00:00","dateModified":"2025-01-16T00:26:52+00:00","description":"Aprend\u00e9 c\u00f3mo comunicamos, los principales errores y problemas y c\u00f3mo corregirlos. Encontr\u00e1 recursos para el desarrollo de una comunicaci\u00f3n efectiva y no violenta. Ver programa en:\u00a0 https:\/\/lallavepsi.net\/index.php\/formaciones-online\/comunicacion-efectiva-y-asertividad\/","breadcrumb":{"@id":"https:\/\/lallavepsi.net\/index.php\/producto\/formacion-en-comunicacion-efectiva-y-asertividad\/#breadcrumb"},"inLanguage":"es-AR","potentialAction":[{"@type":"ReadAction","target":["https:\/\/lallavepsi.net\/index.php\/producto\/formacion-en-comunicacion-efectiva-y-asertividad\/"]}]},{"@type":"ImageObject","inLanguage":"es-AR","@id":"https:\/\/lallavepsi.net\/index.php\/producto\/formacion-en-comunicacion-efectiva-y-asertividad\/#primaryimage","url":"https:\/\/lallavepsi.net\/wp-content\/uploads\/2023\/02\/habilidades-para-comunicarse.jpg","contentUrl":"https:\/\/lallavepsi.net\/wp-content\/uploads\/2023\/02\/habilidades-para-comunicarse.jpg","width":700,"height":400},{"@type":"BreadcrumbList","@id":"https:\/\/lallavepsi.net\/index.php\/producto\/formacion-en-comunicacion-efectiva-y-asertividad\/#breadcrumb","itemListElement":[{"@type":"ListItem","position":1,"name":"Inicio","item":"https:\/\/lallavepsi.net\/"},{"@type":"ListItem","position":2,"name":"VER TIENDA","item":"https:\/\/lallavepsi.net\/index.php\/ver-tienda\/"},{"@type":"ListItem","position":3,"name":"FORMACI\u00d3N ONLINE COMUNICACI\u00d3N EFECTIVA Y ASERTIVIDAD"}]},{"@type":"WebSite","@id":"https:\/\/lallavepsi.net\/#website","url":"https:\/\/lallavepsi.net\/","name":"","description":"","potentialAction":[{"@type":"SearchAction","target":{"@type":"EntryPoint","urlTemplate":"https:\/\/lallavepsi.net\/?s={search_term_string}"},"query-input":{"@type":"PropertyValueSpecification","valueRequired":true,"valueName":"search_term_string"}}],"inLanguage":"es-AR"}]}},"_links":{"self":[{"href":"https:\/\/lallavepsi.net\/index.php\/wp-json\/wp\/v2\/product\/1748","targetHints":{"allow":["GET"]}}],"collection":[{"href":"https:\/\/lallavepsi.net\/index.php\/wp-json\/wp\/v2\/product"}],"about":[{"href":"https:\/\/lallavepsi.net\/index.php\/wp-json\/wp\/v2\/types\/product"}],"replies":[{"embeddable":true,"href":"https:\/\/lallavepsi.net\/index.php\/wp-json\/wp\/v2\/comments?post=1748"}],"wp:featuredmedia":[{"embeddable":true,"href":"https:\/\/lallavepsi.net\/index.php\/wp-json\/wp\/v2\/media\/1749"}],"wp:attachment":[{"href":"https:\/\/lallavepsi.net\/index.php\/wp-json\/wp\/v2\/media?parent=1748"}],"wp:term":[{"taxonomy":"product_brand","embeddable":true,"href":"https:\/\/lallavepsi.net\/index.php\/wp-json\/wp\/v2\/product_brand?post=1748"},{"taxonomy":"product_cat","embeddable":true,"href":"https:\/\/lallavepsi.net\/index.php\/wp-json\/wp\/v2\/product_cat?post=1748"},{"taxonomy":"product_tag","embeddable":true,"href":"https:\/\/lallavepsi.net\/index.php\/wp-json\/wp\/v2\/product_tag?post=1748"}],"curies":[{"name":"wp","href":"https:\/\/api.w.org\/{rel}","templated":true}]}}