{"id":1778,"date":"2023-02-20T19:19:54","date_gmt":"2023-02-20T19:19:54","guid":{"rendered":"https:\/\/lallavepsi.net\/?post_type=product&#038;p=1778"},"modified":"2024-12-19T23:04:28","modified_gmt":"2024-12-19T23:04:28","slug":"formacion-online-constelaciones-familiares","status":"publish","type":"product","link":"https:\/\/lallavepsi.net\/index.php\/producto\/formacion-online-constelaciones-familiares\/","title":{"rendered":"FORMACI\u00d3N ONLINE CONSTELACIONES FAMILIARES"},"content":{"rendered":"","protected":false},"excerpt":{"rendered":"<p>Aprend\u00e9 una poderosa t\u00e9cnica de sanaci\u00f3n de v\u00ednculos familiares, tanto para una transformaci\u00f3n personal como complemento en el \u00e1mbito terap\u00e9utico. Ver programa en:\u00a0<a href=\"https:\/\/lallavepsi.net\/index.php\/formaciones-online\/constelaciones-familiares-transpersonales-y-organizacionales\/\">https:\/\/lallavepsi.net\/index.php\/formaciones-online\/constelaciones-familiares-transpersonales-y-organizacionales\/<\/a><\/p>\n<p>&nbsp;<\/p>\n","protected":false},"featured_media":1779,"comment_status":"open","ping_status":"closed","template":"","meta":{"_monsterinsights_skip_tracking":false,"_monsterinsights_sitenote_active":false,"_monsterinsights_sitenote_note":"","_monsterinsights_sitenote_category":0,"_uf_show_specific_survey":0,"_uf_disable_surveys":false,"site-sidebar-layout":"default","site-content-layout":"default","ast-site-content-layout":"default","site-content-style":"default","site-sidebar-style":"default","ast-global-header-display":"","ast-banner-title-visibility":"","ast-main-header-display":"","ast-hfb-above-header-display":"","ast-hfb-below-header-display":"","ast-hfb-mobile-header-display":"","site-post-title":"","ast-breadcrumbs-content":"","ast-featured-img":"","footer-sml-layout":"","ast-disable-related-posts":"","theme-transparent-header-meta":"default","adv-header-id-meta":"","stick-header-meta":"","header-above-stick-meta":"","header-main-stick-meta":"","header-below-stick-meta":"","astra-migrate-meta-layouts":"set","ast-page-background-enabled":"default","ast-page-background-meta":{"desktop":{"background-color":"var(--ast-global-color-4)","background-image":"","background-repeat":"repeat","background-position":"center center","background-size":"auto","background-attachment":"scroll","background-type":"","background-media":"","overlay-type":"","overlay-color":"","overlay-opacity":"","overlay-gradient":""},"tablet":{"background-color":"","background-image":"","background-repeat":"repeat","background-position":"center center","background-size":"auto","background-attachment":"scroll","background-type":"","background-media":"","overlay-type":"","overlay-color":"","overlay-opacity":"","overlay-gradient":""},"mobile":{"background-color":"","background-image":"","background-repeat":"repeat","background-position":"center center","background-size":"auto","background-attachment":"scroll","background-type":"","background-media":"","overlay-type":"","overlay-color":"","overlay-opacity":"","overlay-gradient":""}},"ast-content-background-meta":{"desktop":{"background-color":"var(--ast-global-color-5)","background-image":"","background-repeat":"repeat","background-position":"center center","background-size":"auto","background-attachment":"scroll","background-type":"","background-media":"","overlay-type":"","overlay-color":"","overlay-opacity":"","overlay-gradient":""},"tablet":{"background-color":"var(--ast-global-color-5)","background-image":"","background-repeat":"repeat","background-position":"center center","background-size":"auto","background-attachment":"scroll","background-type":"","background-media":"","overlay-type":"","overlay-color":"","overlay-opacity":"","overlay-gradient":""},"mobile":{"background-color":"var(--ast-global-color-5)","background-image":"","background-repeat":"repeat","background-position":"center center","background-size":"auto","background-attachment":"scroll","background-type":"","background-media":"","overlay-type":"","overlay-color":"","overlay-opacity":"","overlay-gradient":""}}},"product_brand":[],"product_cat":[189],"product_tag":[231,234,230,232,590,233,562],"class_list":{"0":"post-1778","1":"product","2":"type-product","3":"status-publish","4":"has-post-thumbnail","6":"product_cat-formaciones","7":"product_tag-ancestros","8":"product_tag-arbolfamiliar","9":"product_tag-constelaciones","10":"product_tag-constelacionesfamiliares","11":"product_tag-familia","12":"product_tag-genograma","13":"product_tag-hellinger","14":"desktop-align-left","15":"tablet-align-left","16":"mobile-align-left","18":"first","19":"instock","20":"sale","21":"virtual","22":"taxable","23":"purchasable","24":"product-type-simple"},"yoast_head":"<!-- This site is optimized with the Yoast SEO plugin v27.0 - https:\/\/yoast.com\/product\/yoast-seo-wordpress\/ -->\n<title>FORMACI\u00d3N ONLINE CONSTELACIONES FAMILIARES -<\/title>\n<meta name=\"description\" content=\"Aprend\u00e9 una poderosa t\u00e9cnica de sanaci\u00f3n de v\u00ednculos familiares, tanto para una transformaci\u00f3n personal como complemento en el \u00e1mbito terap\u00e9utico. Ver programa en:\u00a0https:\/\/lallavepsi.net\/index.php\/formaciones-online\/constelaciones-familiares-transpersonales-y-organizacionales\/\" \/>\n<meta name=\"robots\" content=\"index, follow, max-snippet:-1, max-image-preview:large, max-video-preview:-1\" \/>\n<link rel=\"canonical\" href=\"https:\/\/lallavepsi.net\/index.php\/producto\/formacion-online-constelaciones-familiares\/\" \/>\n<meta property=\"og:locale\" content=\"es_ES\" \/>\n<meta property=\"og:type\" content=\"article\" \/>\n<meta property=\"og:title\" content=\"FORMACI\u00d3N ONLINE CONSTELACIONES FAMILIARES -\" \/>\n<meta property=\"og:description\" content=\"Aprend\u00e9 una poderosa t\u00e9cnica de sanaci\u00f3n de v\u00ednculos familiares, tanto para una transformaci\u00f3n personal como complemento en el \u00e1mbito terap\u00e9utico. Ver programa en:\u00a0https:\/\/lallavepsi.net\/index.php\/formaciones-online\/constelaciones-familiares-transpersonales-y-organizacionales\/\" \/>\n<meta property=\"og:url\" content=\"https:\/\/lallavepsi.net\/index.php\/producto\/formacion-online-constelaciones-familiares\/\" \/>\n<meta property=\"article:modified_time\" content=\"2024-12-19T23:04:28+00:00\" \/>\n<meta property=\"og:image\" content=\"https:\/\/lallavepsi.net\/wp-content\/uploads\/2023\/02\/images-3.jpeg\" \/>\n\t<meta property=\"og:image:width\" content=\"225\" \/>\n\t<meta property=\"og:image:height\" content=\"225\" \/>\n\t<meta property=\"og:image:type\" content=\"image\/jpeg\" \/>\n<meta name=\"twitter:card\" content=\"summary_large_image\" \/>\n<meta name=\"twitter:label1\" content=\"Tiempo de lectura\" \/>\n\t<meta name=\"twitter:data1\" content=\"1 minuto\" \/>\n<script type=\"application\/ld+json\" class=\"yoast-schema-graph\">{\"@context\":\"https:\/\/schema.org\",\"@graph\":[{\"@type\":\"WebPage\",\"@id\":\"https:\/\/lallavepsi.net\/index.php\/producto\/formacion-online-constelaciones-familiares\/\",\"url\":\"https:\/\/lallavepsi.net\/index.php\/producto\/formacion-online-constelaciones-familiares\/\",\"name\":\"FORMACI\u00d3N ONLINE CONSTELACIONES FAMILIARES -\",\"isPartOf\":{\"@id\":\"https:\/\/lallavepsi.net\/#website\"},\"primaryImageOfPage\":{\"@id\":\"https:\/\/lallavepsi.net\/index.php\/producto\/formacion-online-constelaciones-familiares\/#primaryimage\"},\"image\":{\"@id\":\"https:\/\/lallavepsi.net\/index.php\/producto\/formacion-online-constelaciones-familiares\/#primaryimage\"},\"thumbnailUrl\":\"https:\/\/lallavepsi.net\/wp-content\/uploads\/2023\/02\/images-3.jpeg\",\"datePublished\":\"2023-02-20T19:19:54+00:00\",\"dateModified\":\"2024-12-19T23:04:28+00:00\",\"description\":\"Aprend\u00e9 una poderosa t\u00e9cnica de sanaci\u00f3n de v\u00ednculos familiares, tanto para una transformaci\u00f3n personal como complemento en el \u00e1mbito terap\u00e9utico. Ver programa en:\u00a0https:\/\/lallavepsi.net\/index.php\/formaciones-online\/constelaciones-familiares-transpersonales-y-organizacionales\/\",\"breadcrumb\":{\"@id\":\"https:\/\/lallavepsi.net\/index.php\/producto\/formacion-online-constelaciones-familiares\/#breadcrumb\"},\"inLanguage\":\"es-AR\",\"potentialAction\":[{\"@type\":\"ReadAction\",\"target\":[\"https:\/\/lallavepsi.net\/index.php\/producto\/formacion-online-constelaciones-familiares\/\"]}]},{\"@type\":\"ImageObject\",\"inLanguage\":\"es-AR\",\"@id\":\"https:\/\/lallavepsi.net\/index.php\/producto\/formacion-online-constelaciones-familiares\/#primaryimage\",\"url\":\"https:\/\/lallavepsi.net\/wp-content\/uploads\/2023\/02\/images-3.jpeg\",\"contentUrl\":\"https:\/\/lallavepsi.net\/wp-content\/uploads\/2023\/02\/images-3.jpeg\",\"width\":225,\"height\":225},{\"@type\":\"BreadcrumbList\",\"@id\":\"https:\/\/lallavepsi.net\/index.php\/producto\/formacion-online-constelaciones-familiares\/#breadcrumb\",\"itemListElement\":[{\"@type\":\"ListItem\",\"position\":1,\"name\":\"Inicio\",\"item\":\"https:\/\/lallavepsi.net\/\"},{\"@type\":\"ListItem\",\"position\":2,\"name\":\"VER TIENDA\",\"item\":\"https:\/\/lallavepsi.net\/index.php\/ver-tienda\/\"},{\"@type\":\"ListItem\",\"position\":3,\"name\":\"FORMACI\u00d3N ONLINE CONSTELACIONES FAMILIARES\"}]},{\"@type\":\"WebSite\",\"@id\":\"https:\/\/lallavepsi.net\/#website\",\"url\":\"https:\/\/lallavepsi.net\/\",\"name\":\"\",\"description\":\"\",\"potentialAction\":[{\"@type\":\"SearchAction\",\"target\":{\"@type\":\"EntryPoint\",\"urlTemplate\":\"https:\/\/lallavepsi.net\/?s={search_term_string}\"},\"query-input\":{\"@type\":\"PropertyValueSpecification\",\"valueRequired\":true,\"valueName\":\"search_term_string\"}}],\"inLanguage\":\"es-AR\"}]}<\/script>\n<!-- \/ Yoast SEO plugin. -->","yoast_head_json":{"title":"FORMACI\u00d3N ONLINE CONSTELACIONES FAMILIARES -","description":"Aprend\u00e9 una poderosa t\u00e9cnica de sanaci\u00f3n de v\u00ednculos familiares, tanto para una transformaci\u00f3n personal como complemento en el \u00e1mbito terap\u00e9utico. Ver programa en:\u00a0https:\/\/lallavepsi.net\/index.php\/formaciones-online\/constelaciones-familiares-transpersonales-y-organizacionales\/","robots":{"index":"index","follow":"follow","max-snippet":"max-snippet:-1","max-image-preview":"max-image-preview:large","max-video-preview":"max-video-preview:-1"},"canonical":"https:\/\/lallavepsi.net\/index.php\/producto\/formacion-online-constelaciones-familiares\/","og_locale":"es_ES","og_type":"article","og_title":"FORMACI\u00d3N ONLINE CONSTELACIONES FAMILIARES -","og_description":"Aprend\u00e9 una poderosa t\u00e9cnica de sanaci\u00f3n de v\u00ednculos familiares, tanto para una transformaci\u00f3n personal como complemento en el \u00e1mbito terap\u00e9utico. Ver programa en:\u00a0https:\/\/lallavepsi.net\/index.php\/formaciones-online\/constelaciones-familiares-transpersonales-y-organizacionales\/","og_url":"https:\/\/lallavepsi.net\/index.php\/producto\/formacion-online-constelaciones-familiares\/","article_modified_time":"2024-12-19T23:04:28+00:00","og_image":[{"width":225,"height":225,"url":"https:\/\/lallavepsi.net\/wp-content\/uploads\/2023\/02\/images-3.jpeg","type":"image\/jpeg"}],"twitter_card":"summary_large_image","twitter_misc":{"Tiempo de lectura":"1 minuto"},"schema":{"@context":"https:\/\/schema.org","@graph":[{"@type":"WebPage","@id":"https:\/\/lallavepsi.net\/index.php\/producto\/formacion-online-constelaciones-familiares\/","url":"https:\/\/lallavepsi.net\/index.php\/producto\/formacion-online-constelaciones-familiares\/","name":"FORMACI\u00d3N ONLINE CONSTELACIONES FAMILIARES -","isPartOf":{"@id":"https:\/\/lallavepsi.net\/#website"},"primaryImageOfPage":{"@id":"https:\/\/lallavepsi.net\/index.php\/producto\/formacion-online-constelaciones-familiares\/#primaryimage"},"image":{"@id":"https:\/\/lallavepsi.net\/index.php\/producto\/formacion-online-constelaciones-familiares\/#primaryimage"},"thumbnailUrl":"https:\/\/lallavepsi.net\/wp-content\/uploads\/2023\/02\/images-3.jpeg","datePublished":"2023-02-20T19:19:54+00:00","dateModified":"2024-12-19T23:04:28+00:00","description":"Aprend\u00e9 una poderosa t\u00e9cnica de sanaci\u00f3n de v\u00ednculos familiares, tanto para una transformaci\u00f3n personal como complemento en el \u00e1mbito terap\u00e9utico. Ver programa en:\u00a0https:\/\/lallavepsi.net\/index.php\/formaciones-online\/constelaciones-familiares-transpersonales-y-organizacionales\/","breadcrumb":{"@id":"https:\/\/lallavepsi.net\/index.php\/producto\/formacion-online-constelaciones-familiares\/#breadcrumb"},"inLanguage":"es-AR","potentialAction":[{"@type":"ReadAction","target":["https:\/\/lallavepsi.net\/index.php\/producto\/formacion-online-constelaciones-familiares\/"]}]},{"@type":"ImageObject","inLanguage":"es-AR","@id":"https:\/\/lallavepsi.net\/index.php\/producto\/formacion-online-constelaciones-familiares\/#primaryimage","url":"https:\/\/lallavepsi.net\/wp-content\/uploads\/2023\/02\/images-3.jpeg","contentUrl":"https:\/\/lallavepsi.net\/wp-content\/uploads\/2023\/02\/images-3.jpeg","width":225,"height":225},{"@type":"BreadcrumbList","@id":"https:\/\/lallavepsi.net\/index.php\/producto\/formacion-online-constelaciones-familiares\/#breadcrumb","itemListElement":[{"@type":"ListItem","position":1,"name":"Inicio","item":"https:\/\/lallavepsi.net\/"},{"@type":"ListItem","position":2,"name":"VER TIENDA","item":"https:\/\/lallavepsi.net\/index.php\/ver-tienda\/"},{"@type":"ListItem","position":3,"name":"FORMACI\u00d3N ONLINE CONSTELACIONES FAMILIARES"}]},{"@type":"WebSite","@id":"https:\/\/lallavepsi.net\/#website","url":"https:\/\/lallavepsi.net\/","name":"","description":"","potentialAction":[{"@type":"SearchAction","target":{"@type":"EntryPoint","urlTemplate":"https:\/\/lallavepsi.net\/?s={search_term_string}"},"query-input":{"@type":"PropertyValueSpecification","valueRequired":true,"valueName":"search_term_string"}}],"inLanguage":"es-AR"}]}},"_links":{"self":[{"href":"https:\/\/lallavepsi.net\/index.php\/wp-json\/wp\/v2\/product\/1778","targetHints":{"allow":["GET"]}}],"collection":[{"href":"https:\/\/lallavepsi.net\/index.php\/wp-json\/wp\/v2\/product"}],"about":[{"href":"https:\/\/lallavepsi.net\/index.php\/wp-json\/wp\/v2\/types\/product"}],"replies":[{"embeddable":true,"href":"https:\/\/lallavepsi.net\/index.php\/wp-json\/wp\/v2\/comments?post=1778"}],"wp:featuredmedia":[{"embeddable":true,"href":"https:\/\/lallavepsi.net\/index.php\/wp-json\/wp\/v2\/media\/1779"}],"wp:attachment":[{"href":"https:\/\/lallavepsi.net\/index.php\/wp-json\/wp\/v2\/media?parent=1778"}],"wp:term":[{"taxonomy":"product_brand","embeddable":true,"href":"https:\/\/lallavepsi.net\/index.php\/wp-json\/wp\/v2\/product_brand?post=1778"},{"taxonomy":"product_cat","embeddable":true,"href":"https:\/\/lallavepsi.net\/index.php\/wp-json\/wp\/v2\/product_cat?post=1778"},{"taxonomy":"product_tag","embeddable":true,"href":"https:\/\/lallavepsi.net\/index.php\/wp-json\/wp\/v2\/product_tag?post=1778"}],"curies":[{"name":"wp","href":"https:\/\/api.w.org\/{rel}","templated":true}]}}