{"id":1830,"date":"2023-02-26T20:37:38","date_gmt":"2023-02-26T20:37:38","guid":{"rendered":"https:\/\/lallavepsi.net\/?post_type=product&#038;p=1830"},"modified":"2025-01-16T00:14:11","modified_gmt":"2025-01-16T00:14:11","slug":"formacion-online-primeros-auxilios-psicologicos","status":"publish","type":"product","link":"https:\/\/lallavepsi.net\/index.php\/producto\/formacion-online-primeros-auxilios-psicologicos\/","title":{"rendered":"FORMACI\u00d3N ONLINE PRIMEROS AUXILIOS PSICOL\u00d3GICOS"},"content":{"rendered":"","protected":false},"excerpt":{"rendered":"<p>Adquir\u00ed las competencias para aplicar primeros auxilios psicol\u00f3gicos a personas, familias y comunidades tras un evento estresante cotidiano o comunitario. Ver programa en:\u00a0<a href=\"https:\/\/lallavepsi.net\/index.php\/formaciones-online\/primeros-auxilios-psicologicos\/\">https:\/\/lallavepsi.net\/index.php\/formaciones-online\/primeros-auxilios-psicologicos\/<\/a><\/p>\n<p>&nbsp;<\/p>\n","protected":false},"featured_media":1832,"comment_status":"open","ping_status":"closed","template":"","meta":{"_monsterinsights_skip_tracking":false,"_monsterinsights_sitenote_active":false,"_monsterinsights_sitenote_note":"","_monsterinsights_sitenote_category":0,"_uf_show_specific_survey":0,"_uf_disable_surveys":false,"site-sidebar-layout":"default","site-content-layout":"default","ast-site-content-layout":"default","site-content-style":"default","site-sidebar-style":"default","ast-global-header-display":"","ast-banner-title-visibility":"","ast-main-header-display":"","ast-hfb-above-header-display":"","ast-hfb-below-header-display":"","ast-hfb-mobile-header-display":"","site-post-title":"","ast-breadcrumbs-content":"","ast-featured-img":"","footer-sml-layout":"","ast-disable-related-posts":"","theme-transparent-header-meta":"default","adv-header-id-meta":"","stick-header-meta":"","header-above-stick-meta":"","header-main-stick-meta":"","header-below-stick-meta":"","astra-migrate-meta-layouts":"set","ast-page-background-enabled":"default","ast-page-background-meta":{"desktop":{"background-color":"var(--ast-global-color-4)","background-image":"","background-repeat":"repeat","background-position":"center center","background-size":"auto","background-attachment":"scroll","background-type":"","background-media":"","overlay-type":"","overlay-color":"","overlay-opacity":"","overlay-gradient":""},"tablet":{"background-color":"","background-image":"","background-repeat":"repeat","background-position":"center center","background-size":"auto","background-attachment":"scroll","background-type":"","background-media":"","overlay-type":"","overlay-color":"","overlay-opacity":"","overlay-gradient":""},"mobile":{"background-color":"","background-image":"","background-repeat":"repeat","background-position":"center center","background-size":"auto","background-attachment":"scroll","background-type":"","background-media":"","overlay-type":"","overlay-color":"","overlay-opacity":"","overlay-gradient":""}},"ast-content-background-meta":{"desktop":{"background-color":"var(--ast-global-color-5)","background-image":"","background-repeat":"repeat","background-position":"center center","background-size":"auto","background-attachment":"scroll","background-type":"","background-media":"","overlay-type":"","overlay-color":"","overlay-opacity":"","overlay-gradient":""},"tablet":{"background-color":"var(--ast-global-color-5)","background-image":"","background-repeat":"repeat","background-position":"center center","background-size":"auto","background-attachment":"scroll","background-type":"","background-media":"","overlay-type":"","overlay-color":"","overlay-opacity":"","overlay-gradient":""},"mobile":{"background-color":"var(--ast-global-color-5)","background-image":"","background-repeat":"repeat","background-position":"center center","background-size":"auto","background-attachment":"scroll","background-type":"","background-media":"","overlay-type":"","overlay-color":"","overlay-opacity":"","overlay-gradient":""}}},"product_brand":[],"product_cat":[189],"product_tag":[359,356,358,357],"class_list":{"0":"post-1830","1":"product","2":"type-product","3":"status-publish","4":"has-post-thumbnail","6":"product_cat-formaciones","7":"product_tag-emergencias","8":"product_tag-pap","9":"product_tag-prevencion","10":"product_tag-primeros-auxilios-psicologicos","11":"desktop-align-left","12":"tablet-align-left","13":"mobile-align-left","15":"first","16":"instock","17":"virtual","18":"taxable","19":"purchasable","20":"product-type-simple"},"yoast_head":"<!-- This site is optimized with the Yoast SEO plugin v27.0 - https:\/\/yoast.com\/product\/yoast-seo-wordpress\/ -->\n<title>FORMACI\u00d3N ONLINE PRIMEROS AUXILIOS PSICOL\u00d3GICOS -<\/title>\n<meta name=\"description\" content=\"Adquir\u00ed las competencias para aplicar primeros auxilios psicol\u00f3gicos a personas, familias y comunidades tras un evento estresante cotidiano o comunitario. Ver programa en:\u00a0https:\/\/lallavepsi.net\/index.php\/formaciones-online\/primeros-auxilios-psicologicos\/\" \/>\n<meta name=\"robots\" content=\"index, follow, max-snippet:-1, max-image-preview:large, max-video-preview:-1\" \/>\n<link rel=\"canonical\" href=\"https:\/\/lallavepsi.net\/index.php\/producto\/formacion-online-primeros-auxilios-psicologicos\/\" \/>\n<meta property=\"og:locale\" content=\"es_ES\" \/>\n<meta property=\"og:type\" content=\"article\" \/>\n<meta property=\"og:title\" content=\"FORMACI\u00d3N ONLINE PRIMEROS AUXILIOS PSICOL\u00d3GICOS -\" \/>\n<meta property=\"og:description\" content=\"Adquir\u00ed las competencias para aplicar primeros auxilios psicol\u00f3gicos a personas, familias y comunidades tras un evento estresante cotidiano o comunitario. Ver programa en:\u00a0https:\/\/lallavepsi.net\/index.php\/formaciones-online\/primeros-auxilios-psicologicos\/\" \/>\n<meta property=\"og:url\" content=\"https:\/\/lallavepsi.net\/index.php\/producto\/formacion-online-primeros-auxilios-psicologicos\/\" \/>\n<meta property=\"article:modified_time\" content=\"2025-01-16T00:14:11+00:00\" \/>\n<meta property=\"og:image\" content=\"https:\/\/lallavepsi.net\/wp-content\/uploads\/2023\/02\/primerosaux-ppal.jpg\" \/>\n\t<meta property=\"og:image:width\" content=\"440\" \/>\n\t<meta property=\"og:image:height\" content=\"313\" \/>\n\t<meta property=\"og:image:type\" content=\"image\/jpeg\" \/>\n<meta name=\"twitter:card\" content=\"summary_large_image\" \/>\n<meta name=\"twitter:label1\" content=\"Tiempo de lectura\" \/>\n\t<meta name=\"twitter:data1\" content=\"1 minuto\" \/>\n<script type=\"application\/ld+json\" class=\"yoast-schema-graph\">{\"@context\":\"https:\/\/schema.org\",\"@graph\":[{\"@type\":\"WebPage\",\"@id\":\"https:\/\/lallavepsi.net\/index.php\/producto\/formacion-online-primeros-auxilios-psicologicos\/\",\"url\":\"https:\/\/lallavepsi.net\/index.php\/producto\/formacion-online-primeros-auxilios-psicologicos\/\",\"name\":\"FORMACI\u00d3N ONLINE PRIMEROS AUXILIOS PSICOL\u00d3GICOS -\",\"isPartOf\":{\"@id\":\"https:\/\/lallavepsi.net\/#website\"},\"primaryImageOfPage\":{\"@id\":\"https:\/\/lallavepsi.net\/index.php\/producto\/formacion-online-primeros-auxilios-psicologicos\/#primaryimage\"},\"image\":{\"@id\":\"https:\/\/lallavepsi.net\/index.php\/producto\/formacion-online-primeros-auxilios-psicologicos\/#primaryimage\"},\"thumbnailUrl\":\"https:\/\/lallavepsi.net\/wp-content\/uploads\/2023\/02\/primerosaux-ppal.jpg\",\"datePublished\":\"2023-02-26T20:37:38+00:00\",\"dateModified\":\"2025-01-16T00:14:11+00:00\",\"description\":\"Adquir\u00ed las competencias para aplicar primeros auxilios psicol\u00f3gicos a personas, familias y comunidades tras un evento estresante cotidiano o comunitario. Ver programa en:\u00a0https:\/\/lallavepsi.net\/index.php\/formaciones-online\/primeros-auxilios-psicologicos\/\",\"breadcrumb\":{\"@id\":\"https:\/\/lallavepsi.net\/index.php\/producto\/formacion-online-primeros-auxilios-psicologicos\/#breadcrumb\"},\"inLanguage\":\"es-AR\",\"potentialAction\":[{\"@type\":\"ReadAction\",\"target\":[\"https:\/\/lallavepsi.net\/index.php\/producto\/formacion-online-primeros-auxilios-psicologicos\/\"]}]},{\"@type\":\"ImageObject\",\"inLanguage\":\"es-AR\",\"@id\":\"https:\/\/lallavepsi.net\/index.php\/producto\/formacion-online-primeros-auxilios-psicologicos\/#primaryimage\",\"url\":\"https:\/\/lallavepsi.net\/wp-content\/uploads\/2023\/02\/primerosaux-ppal.jpg\",\"contentUrl\":\"https:\/\/lallavepsi.net\/wp-content\/uploads\/2023\/02\/primerosaux-ppal.jpg\",\"width\":440,\"height\":313},{\"@type\":\"BreadcrumbList\",\"@id\":\"https:\/\/lallavepsi.net\/index.php\/producto\/formacion-online-primeros-auxilios-psicologicos\/#breadcrumb\",\"itemListElement\":[{\"@type\":\"ListItem\",\"position\":1,\"name\":\"Inicio\",\"item\":\"https:\/\/lallavepsi.net\/\"},{\"@type\":\"ListItem\",\"position\":2,\"name\":\"VER TIENDA\",\"item\":\"https:\/\/lallavepsi.net\/index.php\/ver-tienda\/\"},{\"@type\":\"ListItem\",\"position\":3,\"name\":\"FORMACI\u00d3N ONLINE PRIMEROS AUXILIOS PSICOL\u00d3GICOS\"}]},{\"@type\":\"WebSite\",\"@id\":\"https:\/\/lallavepsi.net\/#website\",\"url\":\"https:\/\/lallavepsi.net\/\",\"name\":\"\",\"description\":\"\",\"potentialAction\":[{\"@type\":\"SearchAction\",\"target\":{\"@type\":\"EntryPoint\",\"urlTemplate\":\"https:\/\/lallavepsi.net\/?s={search_term_string}\"},\"query-input\":{\"@type\":\"PropertyValueSpecification\",\"valueRequired\":true,\"valueName\":\"search_term_string\"}}],\"inLanguage\":\"es-AR\"}]}<\/script>\n<!-- \/ Yoast SEO plugin. -->","yoast_head_json":{"title":"FORMACI\u00d3N ONLINE PRIMEROS AUXILIOS PSICOL\u00d3GICOS -","description":"Adquir\u00ed las competencias para aplicar primeros auxilios psicol\u00f3gicos a personas, familias y comunidades tras un evento estresante cotidiano o comunitario. Ver programa en:\u00a0https:\/\/lallavepsi.net\/index.php\/formaciones-online\/primeros-auxilios-psicologicos\/","robots":{"index":"index","follow":"follow","max-snippet":"max-snippet:-1","max-image-preview":"max-image-preview:large","max-video-preview":"max-video-preview:-1"},"canonical":"https:\/\/lallavepsi.net\/index.php\/producto\/formacion-online-primeros-auxilios-psicologicos\/","og_locale":"es_ES","og_type":"article","og_title":"FORMACI\u00d3N ONLINE PRIMEROS AUXILIOS PSICOL\u00d3GICOS -","og_description":"Adquir\u00ed las competencias para aplicar primeros auxilios psicol\u00f3gicos a personas, familias y comunidades tras un evento estresante cotidiano o comunitario. Ver programa en:\u00a0https:\/\/lallavepsi.net\/index.php\/formaciones-online\/primeros-auxilios-psicologicos\/","og_url":"https:\/\/lallavepsi.net\/index.php\/producto\/formacion-online-primeros-auxilios-psicologicos\/","article_modified_time":"2025-01-16T00:14:11+00:00","og_image":[{"width":440,"height":313,"url":"https:\/\/lallavepsi.net\/wp-content\/uploads\/2023\/02\/primerosaux-ppal.jpg","type":"image\/jpeg"}],"twitter_card":"summary_large_image","twitter_misc":{"Tiempo de lectura":"1 minuto"},"schema":{"@context":"https:\/\/schema.org","@graph":[{"@type":"WebPage","@id":"https:\/\/lallavepsi.net\/index.php\/producto\/formacion-online-primeros-auxilios-psicologicos\/","url":"https:\/\/lallavepsi.net\/index.php\/producto\/formacion-online-primeros-auxilios-psicologicos\/","name":"FORMACI\u00d3N ONLINE PRIMEROS AUXILIOS PSICOL\u00d3GICOS -","isPartOf":{"@id":"https:\/\/lallavepsi.net\/#website"},"primaryImageOfPage":{"@id":"https:\/\/lallavepsi.net\/index.php\/producto\/formacion-online-primeros-auxilios-psicologicos\/#primaryimage"},"image":{"@id":"https:\/\/lallavepsi.net\/index.php\/producto\/formacion-online-primeros-auxilios-psicologicos\/#primaryimage"},"thumbnailUrl":"https:\/\/lallavepsi.net\/wp-content\/uploads\/2023\/02\/primerosaux-ppal.jpg","datePublished":"2023-02-26T20:37:38+00:00","dateModified":"2025-01-16T00:14:11+00:00","description":"Adquir\u00ed las competencias para aplicar primeros auxilios psicol\u00f3gicos a personas, familias y comunidades tras un evento estresante cotidiano o comunitario. Ver programa en:\u00a0https:\/\/lallavepsi.net\/index.php\/formaciones-online\/primeros-auxilios-psicologicos\/","breadcrumb":{"@id":"https:\/\/lallavepsi.net\/index.php\/producto\/formacion-online-primeros-auxilios-psicologicos\/#breadcrumb"},"inLanguage":"es-AR","potentialAction":[{"@type":"ReadAction","target":["https:\/\/lallavepsi.net\/index.php\/producto\/formacion-online-primeros-auxilios-psicologicos\/"]}]},{"@type":"ImageObject","inLanguage":"es-AR","@id":"https:\/\/lallavepsi.net\/index.php\/producto\/formacion-online-primeros-auxilios-psicologicos\/#primaryimage","url":"https:\/\/lallavepsi.net\/wp-content\/uploads\/2023\/02\/primerosaux-ppal.jpg","contentUrl":"https:\/\/lallavepsi.net\/wp-content\/uploads\/2023\/02\/primerosaux-ppal.jpg","width":440,"height":313},{"@type":"BreadcrumbList","@id":"https:\/\/lallavepsi.net\/index.php\/producto\/formacion-online-primeros-auxilios-psicologicos\/#breadcrumb","itemListElement":[{"@type":"ListItem","position":1,"name":"Inicio","item":"https:\/\/lallavepsi.net\/"},{"@type":"ListItem","position":2,"name":"VER TIENDA","item":"https:\/\/lallavepsi.net\/index.php\/ver-tienda\/"},{"@type":"ListItem","position":3,"name":"FORMACI\u00d3N ONLINE PRIMEROS AUXILIOS PSICOL\u00d3GICOS"}]},{"@type":"WebSite","@id":"https:\/\/lallavepsi.net\/#website","url":"https:\/\/lallavepsi.net\/","name":"","description":"","potentialAction":[{"@type":"SearchAction","target":{"@type":"EntryPoint","urlTemplate":"https:\/\/lallavepsi.net\/?s={search_term_string}"},"query-input":{"@type":"PropertyValueSpecification","valueRequired":true,"valueName":"search_term_string"}}],"inLanguage":"es-AR"}]}},"_links":{"self":[{"href":"https:\/\/lallavepsi.net\/index.php\/wp-json\/wp\/v2\/product\/1830","targetHints":{"allow":["GET"]}}],"collection":[{"href":"https:\/\/lallavepsi.net\/index.php\/wp-json\/wp\/v2\/product"}],"about":[{"href":"https:\/\/lallavepsi.net\/index.php\/wp-json\/wp\/v2\/types\/product"}],"replies":[{"embeddable":true,"href":"https:\/\/lallavepsi.net\/index.php\/wp-json\/wp\/v2\/comments?post=1830"}],"wp:featuredmedia":[{"embeddable":true,"href":"https:\/\/lallavepsi.net\/index.php\/wp-json\/wp\/v2\/media\/1832"}],"wp:attachment":[{"href":"https:\/\/lallavepsi.net\/index.php\/wp-json\/wp\/v2\/media?parent=1830"}],"wp:term":[{"taxonomy":"product_brand","embeddable":true,"href":"https:\/\/lallavepsi.net\/index.php\/wp-json\/wp\/v2\/product_brand?post=1830"},{"taxonomy":"product_cat","embeddable":true,"href":"https:\/\/lallavepsi.net\/index.php\/wp-json\/wp\/v2\/product_cat?post=1830"},{"taxonomy":"product_tag","embeddable":true,"href":"https:\/\/lallavepsi.net\/index.php\/wp-json\/wp\/v2\/product_tag?post=1830"}],"curies":[{"name":"wp","href":"https:\/\/api.w.org\/{rel}","templated":true}]}}