{"id":1949,"date":"2023-03-10T13:44:08","date_gmt":"2023-03-10T13:44:08","guid":{"rendered":"https:\/\/lallavepsi.net\/?post_type=product&#038;p=1949"},"modified":"2025-01-16T18:23:07","modified_gmt":"2025-01-16T18:23:07","slug":"taller-online-proyecto-sentido-de-vida","status":"publish","type":"product","link":"https:\/\/lallavepsi.net\/index.php\/producto\/taller-online-proyecto-sentido-de-vida\/","title":{"rendered":"SEMINARIO ONLINE SENTIDO Y SINSENTIDO DE VIDA"},"content":{"rendered":"","protected":false},"excerpt":{"rendered":"<p>Descubr\u00ed o redescubr\u00ed tu deseo, prop\u00f3sito o sentido de vida, que pueden estar asociados a una gran vocaci\u00f3n, una acci\u00f3n, un principio, un amor, o incluso el sufrimiento. Pautas de autoconocimiento y cambio. Ver detalle en:\u00a0<a href=\"https:\/\/lallavepsi.net\/index.php\/jornadas-y-talleres-online\/proyecto-sentido-de-vida\/\">https:\/\/lallavepsi.net\/index.php\/jornadas-y-talleres-online\/proyecto-sentido-de-vida\/<\/a><\/p>\n","protected":false},"featured_media":1950,"comment_status":"open","ping_status":"closed","template":"","meta":{"_monsterinsights_skip_tracking":false,"_monsterinsights_sitenote_active":false,"_monsterinsights_sitenote_note":"","_monsterinsights_sitenote_category":0,"_uf_show_specific_survey":0,"_uf_disable_surveys":false,"site-sidebar-layout":"default","site-content-layout":"default","ast-site-content-layout":"default","site-content-style":"default","site-sidebar-style":"default","ast-global-header-display":"","ast-banner-title-visibility":"","ast-main-header-display":"","ast-hfb-above-header-display":"","ast-hfb-below-header-display":"","ast-hfb-mobile-header-display":"","site-post-title":"","ast-breadcrumbs-content":"","ast-featured-img":"","footer-sml-layout":"","ast-disable-related-posts":"","theme-transparent-header-meta":"default","adv-header-id-meta":"","stick-header-meta":"","header-above-stick-meta":"","header-main-stick-meta":"","header-below-stick-meta":"","astra-migrate-meta-layouts":"set","ast-page-background-enabled":"default","ast-page-background-meta":{"desktop":{"background-color":"var(--ast-global-color-4)","background-image":"","background-repeat":"repeat","background-position":"center center","background-size":"auto","background-attachment":"scroll","background-type":"","background-media":"","overlay-type":"","overlay-color":"","overlay-opacity":"","overlay-gradient":""},"tablet":{"background-color":"","background-image":"","background-repeat":"repeat","background-position":"center center","background-size":"auto","background-attachment":"scroll","background-type":"","background-media":"","overlay-type":"","overlay-color":"","overlay-opacity":"","overlay-gradient":""},"mobile":{"background-color":"","background-image":"","background-repeat":"repeat","background-position":"center center","background-size":"auto","background-attachment":"scroll","background-type":"","background-media":"","overlay-type":"","overlay-color":"","overlay-opacity":"","overlay-gradient":""}},"ast-content-background-meta":{"desktop":{"background-color":"var(--ast-global-color-5)","background-image":"","background-repeat":"repeat","background-position":"center center","background-size":"auto","background-attachment":"scroll","background-type":"","background-media":"","overlay-type":"","overlay-color":"","overlay-opacity":"","overlay-gradient":""},"tablet":{"background-color":"var(--ast-global-color-5)","background-image":"","background-repeat":"repeat","background-position":"center center","background-size":"auto","background-attachment":"scroll","background-type":"","background-media":"","overlay-type":"","overlay-color":"","overlay-opacity":"","overlay-gradient":""},"mobile":{"background-color":"var(--ast-global-color-5)","background-image":"","background-repeat":"repeat","background-position":"center center","background-size":"auto","background-attachment":"scroll","background-type":"","background-media":"","overlay-type":"","overlay-color":"","overlay-opacity":"","overlay-gradient":""}}},"product_brand":[],"product_cat":[594],"product_tag":[660,619,308,657,306,659,432,309,661,658,494,656],"class_list":{"0":"post-1949","1":"product","2":"type-product","3":"status-publish","4":"has-post-thumbnail","6":"product_cat-talleres-y-jornadas","7":"product_tag-abundancia","8":"product_tag-deseo","9":"product_tag-metas","10":"product_tag-mision","11":"product_tag-motivacion","12":"product_tag-planes","13":"product_tag-proposito","14":"product_tag-proyectos","15":"product_tag-que-quiero","16":"product_tag-razon-de-vivir","17":"product_tag-sentido-de-vida","18":"product_tag-vocacion","19":"desktop-align-left","20":"tablet-align-left","21":"mobile-align-left","23":"first","24":"instock","25":"virtual","26":"taxable","27":"purchasable","28":"product-type-simple"},"yoast_head":"<!-- This site is optimized with the Yoast SEO plugin v27.0 - https:\/\/yoast.com\/product\/yoast-seo-wordpress\/ -->\n<title>SEMINARIO ONLINE SENTIDO Y SINSENTIDO DE VIDA -<\/title>\n<meta name=\"description\" content=\"Descubr\u00ed o redescubr\u00ed tu deseo, prop\u00f3sito o sentido de vida, que pueden estar asociados a una gran vocaci\u00f3n, una acci\u00f3n, un principio, un amor, o incluso el sufrimiento. Pautas de autoconocimiento y cambio. Ver detalle en:\u00a0https:\/\/lallavepsi.net\/index.php\/jornadas-y-talleres-online\/proyecto-sentido-de-vida\/\" \/>\n<meta name=\"robots\" content=\"index, follow, max-snippet:-1, max-image-preview:large, max-video-preview:-1\" \/>\n<link rel=\"canonical\" href=\"https:\/\/lallavepsi.net\/index.php\/producto\/taller-online-proyecto-sentido-de-vida\/\" \/>\n<meta property=\"og:locale\" content=\"es_ES\" \/>\n<meta property=\"og:type\" content=\"article\" \/>\n<meta property=\"og:title\" content=\"SEMINARIO ONLINE SENTIDO Y SINSENTIDO DE VIDA -\" \/>\n<meta property=\"og:description\" content=\"Descubr\u00ed o redescubr\u00ed tu deseo, prop\u00f3sito o sentido de vida, que pueden estar asociados a una gran vocaci\u00f3n, una acci\u00f3n, un principio, un amor, o incluso el sufrimiento. Pautas de autoconocimiento y cambio. Ver detalle en:\u00a0https:\/\/lallavepsi.net\/index.php\/jornadas-y-talleres-online\/proyecto-sentido-de-vida\/\" \/>\n<meta property=\"og:url\" content=\"https:\/\/lallavepsi.net\/index.php\/producto\/taller-online-proyecto-sentido-de-vida\/\" \/>\n<meta property=\"article:modified_time\" content=\"2025-01-16T18:23:07+00:00\" \/>\n<meta property=\"og:image\" content=\"https:\/\/lallavepsi.net\/wp-content\/uploads\/2023\/03\/cyclist-trail-bike-5217020.jpg\" \/>\n\t<meta property=\"og:image:width\" content=\"1280\" \/>\n\t<meta property=\"og:image:height\" content=\"853\" \/>\n\t<meta property=\"og:image:type\" content=\"image\/jpeg\" \/>\n<meta name=\"twitter:card\" content=\"summary_large_image\" \/>\n<meta name=\"twitter:label1\" content=\"Tiempo de lectura\" \/>\n\t<meta name=\"twitter:data1\" content=\"1 minuto\" \/>\n<script type=\"application\/ld+json\" class=\"yoast-schema-graph\">{\"@context\":\"https:\/\/schema.org\",\"@graph\":[{\"@type\":\"WebPage\",\"@id\":\"https:\/\/lallavepsi.net\/index.php\/producto\/taller-online-proyecto-sentido-de-vida\/\",\"url\":\"https:\/\/lallavepsi.net\/index.php\/producto\/taller-online-proyecto-sentido-de-vida\/\",\"name\":\"SEMINARIO ONLINE SENTIDO Y SINSENTIDO DE VIDA -\",\"isPartOf\":{\"@id\":\"https:\/\/lallavepsi.net\/#website\"},\"primaryImageOfPage\":{\"@id\":\"https:\/\/lallavepsi.net\/index.php\/producto\/taller-online-proyecto-sentido-de-vida\/#primaryimage\"},\"image\":{\"@id\":\"https:\/\/lallavepsi.net\/index.php\/producto\/taller-online-proyecto-sentido-de-vida\/#primaryimage\"},\"thumbnailUrl\":\"https:\/\/lallavepsi.net\/wp-content\/uploads\/2023\/03\/cyclist-trail-bike-5217020.jpg\",\"datePublished\":\"2023-03-10T13:44:08+00:00\",\"dateModified\":\"2025-01-16T18:23:07+00:00\",\"description\":\"Descubr\u00ed o redescubr\u00ed tu deseo, prop\u00f3sito o sentido de vida, que pueden estar asociados a una gran vocaci\u00f3n, una acci\u00f3n, un principio, un amor, o incluso el sufrimiento. Pautas de autoconocimiento y cambio. Ver detalle en:\u00a0https:\/\/lallavepsi.net\/index.php\/jornadas-y-talleres-online\/proyecto-sentido-de-vida\/\",\"breadcrumb\":{\"@id\":\"https:\/\/lallavepsi.net\/index.php\/producto\/taller-online-proyecto-sentido-de-vida\/#breadcrumb\"},\"inLanguage\":\"es-AR\",\"potentialAction\":[{\"@type\":\"ReadAction\",\"target\":[\"https:\/\/lallavepsi.net\/index.php\/producto\/taller-online-proyecto-sentido-de-vida\/\"]}]},{\"@type\":\"ImageObject\",\"inLanguage\":\"es-AR\",\"@id\":\"https:\/\/lallavepsi.net\/index.php\/producto\/taller-online-proyecto-sentido-de-vida\/#primaryimage\",\"url\":\"https:\/\/lallavepsi.net\/wp-content\/uploads\/2023\/03\/cyclist-trail-bike-5217020.jpg\",\"contentUrl\":\"https:\/\/lallavepsi.net\/wp-content\/uploads\/2023\/03\/cyclist-trail-bike-5217020.jpg\",\"width\":1280,\"height\":853,\"caption\":\"cyclist, trail, bike-5217020.jpg\"},{\"@type\":\"BreadcrumbList\",\"@id\":\"https:\/\/lallavepsi.net\/index.php\/producto\/taller-online-proyecto-sentido-de-vida\/#breadcrumb\",\"itemListElement\":[{\"@type\":\"ListItem\",\"position\":1,\"name\":\"Inicio\",\"item\":\"https:\/\/lallavepsi.net\/\"},{\"@type\":\"ListItem\",\"position\":2,\"name\":\"VER TIENDA\",\"item\":\"https:\/\/lallavepsi.net\/index.php\/ver-tienda\/\"},{\"@type\":\"ListItem\",\"position\":3,\"name\":\"SEMINARIO ONLINE SENTIDO Y SINSENTIDO DE VIDA\"}]},{\"@type\":\"WebSite\",\"@id\":\"https:\/\/lallavepsi.net\/#website\",\"url\":\"https:\/\/lallavepsi.net\/\",\"name\":\"\",\"description\":\"\",\"potentialAction\":[{\"@type\":\"SearchAction\",\"target\":{\"@type\":\"EntryPoint\",\"urlTemplate\":\"https:\/\/lallavepsi.net\/?s={search_term_string}\"},\"query-input\":{\"@type\":\"PropertyValueSpecification\",\"valueRequired\":true,\"valueName\":\"search_term_string\"}}],\"inLanguage\":\"es-AR\"}]}<\/script>\n<!-- \/ Yoast SEO plugin. -->","yoast_head_json":{"title":"SEMINARIO ONLINE SENTIDO Y SINSENTIDO DE VIDA -","description":"Descubr\u00ed o redescubr\u00ed tu deseo, prop\u00f3sito o sentido de vida, que pueden estar asociados a una gran vocaci\u00f3n, una acci\u00f3n, un principio, un amor, o incluso el sufrimiento. Pautas de autoconocimiento y cambio. Ver detalle en:\u00a0https:\/\/lallavepsi.net\/index.php\/jornadas-y-talleres-online\/proyecto-sentido-de-vida\/","robots":{"index":"index","follow":"follow","max-snippet":"max-snippet:-1","max-image-preview":"max-image-preview:large","max-video-preview":"max-video-preview:-1"},"canonical":"https:\/\/lallavepsi.net\/index.php\/producto\/taller-online-proyecto-sentido-de-vida\/","og_locale":"es_ES","og_type":"article","og_title":"SEMINARIO ONLINE SENTIDO Y SINSENTIDO DE VIDA -","og_description":"Descubr\u00ed o redescubr\u00ed tu deseo, prop\u00f3sito o sentido de vida, que pueden estar asociados a una gran vocaci\u00f3n, una acci\u00f3n, un principio, un amor, o incluso el sufrimiento. Pautas de autoconocimiento y cambio. Ver detalle en:\u00a0https:\/\/lallavepsi.net\/index.php\/jornadas-y-talleres-online\/proyecto-sentido-de-vida\/","og_url":"https:\/\/lallavepsi.net\/index.php\/producto\/taller-online-proyecto-sentido-de-vida\/","article_modified_time":"2025-01-16T18:23:07+00:00","og_image":[{"width":1280,"height":853,"url":"https:\/\/lallavepsi.net\/wp-content\/uploads\/2023\/03\/cyclist-trail-bike-5217020.jpg","type":"image\/jpeg"}],"twitter_card":"summary_large_image","twitter_misc":{"Tiempo de lectura":"1 minuto"},"schema":{"@context":"https:\/\/schema.org","@graph":[{"@type":"WebPage","@id":"https:\/\/lallavepsi.net\/index.php\/producto\/taller-online-proyecto-sentido-de-vida\/","url":"https:\/\/lallavepsi.net\/index.php\/producto\/taller-online-proyecto-sentido-de-vida\/","name":"SEMINARIO ONLINE SENTIDO Y SINSENTIDO DE VIDA -","isPartOf":{"@id":"https:\/\/lallavepsi.net\/#website"},"primaryImageOfPage":{"@id":"https:\/\/lallavepsi.net\/index.php\/producto\/taller-online-proyecto-sentido-de-vida\/#primaryimage"},"image":{"@id":"https:\/\/lallavepsi.net\/index.php\/producto\/taller-online-proyecto-sentido-de-vida\/#primaryimage"},"thumbnailUrl":"https:\/\/lallavepsi.net\/wp-content\/uploads\/2023\/03\/cyclist-trail-bike-5217020.jpg","datePublished":"2023-03-10T13:44:08+00:00","dateModified":"2025-01-16T18:23:07+00:00","description":"Descubr\u00ed o redescubr\u00ed tu deseo, prop\u00f3sito o sentido de vida, que pueden estar asociados a una gran vocaci\u00f3n, una acci\u00f3n, un principio, un amor, o incluso el sufrimiento. Pautas de autoconocimiento y cambio. Ver detalle en:\u00a0https:\/\/lallavepsi.net\/index.php\/jornadas-y-talleres-online\/proyecto-sentido-de-vida\/","breadcrumb":{"@id":"https:\/\/lallavepsi.net\/index.php\/producto\/taller-online-proyecto-sentido-de-vida\/#breadcrumb"},"inLanguage":"es-AR","potentialAction":[{"@type":"ReadAction","target":["https:\/\/lallavepsi.net\/index.php\/producto\/taller-online-proyecto-sentido-de-vida\/"]}]},{"@type":"ImageObject","inLanguage":"es-AR","@id":"https:\/\/lallavepsi.net\/index.php\/producto\/taller-online-proyecto-sentido-de-vida\/#primaryimage","url":"https:\/\/lallavepsi.net\/wp-content\/uploads\/2023\/03\/cyclist-trail-bike-5217020.jpg","contentUrl":"https:\/\/lallavepsi.net\/wp-content\/uploads\/2023\/03\/cyclist-trail-bike-5217020.jpg","width":1280,"height":853,"caption":"cyclist, trail, bike-5217020.jpg"},{"@type":"BreadcrumbList","@id":"https:\/\/lallavepsi.net\/index.php\/producto\/taller-online-proyecto-sentido-de-vida\/#breadcrumb","itemListElement":[{"@type":"ListItem","position":1,"name":"Inicio","item":"https:\/\/lallavepsi.net\/"},{"@type":"ListItem","position":2,"name":"VER TIENDA","item":"https:\/\/lallavepsi.net\/index.php\/ver-tienda\/"},{"@type":"ListItem","position":3,"name":"SEMINARIO ONLINE SENTIDO Y SINSENTIDO DE VIDA"}]},{"@type":"WebSite","@id":"https:\/\/lallavepsi.net\/#website","url":"https:\/\/lallavepsi.net\/","name":"","description":"","potentialAction":[{"@type":"SearchAction","target":{"@type":"EntryPoint","urlTemplate":"https:\/\/lallavepsi.net\/?s={search_term_string}"},"query-input":{"@type":"PropertyValueSpecification","valueRequired":true,"valueName":"search_term_string"}}],"inLanguage":"es-AR"}]}},"_links":{"self":[{"href":"https:\/\/lallavepsi.net\/index.php\/wp-json\/wp\/v2\/product\/1949","targetHints":{"allow":["GET"]}}],"collection":[{"href":"https:\/\/lallavepsi.net\/index.php\/wp-json\/wp\/v2\/product"}],"about":[{"href":"https:\/\/lallavepsi.net\/index.php\/wp-json\/wp\/v2\/types\/product"}],"replies":[{"embeddable":true,"href":"https:\/\/lallavepsi.net\/index.php\/wp-json\/wp\/v2\/comments?post=1949"}],"wp:featuredmedia":[{"embeddable":true,"href":"https:\/\/lallavepsi.net\/index.php\/wp-json\/wp\/v2\/media\/1950"}],"wp:attachment":[{"href":"https:\/\/lallavepsi.net\/index.php\/wp-json\/wp\/v2\/media?parent=1949"}],"wp:term":[{"taxonomy":"product_brand","embeddable":true,"href":"https:\/\/lallavepsi.net\/index.php\/wp-json\/wp\/v2\/product_brand?post=1949"},{"taxonomy":"product_cat","embeddable":true,"href":"https:\/\/lallavepsi.net\/index.php\/wp-json\/wp\/v2\/product_cat?post=1949"},{"taxonomy":"product_tag","embeddable":true,"href":"https:\/\/lallavepsi.net\/index.php\/wp-json\/wp\/v2\/product_tag?post=1949"}],"curies":[{"name":"wp","href":"https:\/\/api.w.org\/{rel}","templated":true}]}}