{"id":2131,"date":"2023-07-22T00:09:10","date_gmt":"2023-07-22T00:09:10","guid":{"rendered":"https:\/\/lallavepsi.net\/?post_type=product&#038;p=2131"},"modified":"2025-01-15T23:26:44","modified_gmt":"2025-01-15T23:26:44","slug":"https-lallavepsi-net-index-php-formaciones-online-meditacion","status":"publish","type":"product","link":"https:\/\/lallavepsi.net\/index.php\/producto\/https-lallavepsi-net-index-php-formaciones-online-meditacion\/","title":{"rendered":"FORMACI\u00d3N ONLINE MEDITACI\u00d3N II: TEOR\u00cdA SINT\u00c9RGICA Y MEDITACI\u00d3N AUTOALUSIVA"},"content":{"rendered":"","protected":false},"excerpt":{"rendered":"<p>Alcanz\u00e1 y sosten\u00e9 una consciencia meditativa permanente. La meditaci\u00f3n funciona como un algoritmo capaz de ser decodificado y expandido sin l\u00edmite. Meditaci\u00f3n profunda, avanzada o experta que te llevar\u00e1 a un cambio de consciencia, al despertar del ser. Ver programa en:\u00a0<a href=\"https:\/\/lallavepsi.net\/index.php\/formaciones-online\/meditacion\/\">https:\/\/lallavepsi.net\/index.php\/formaciones-online\/meditacion\/<\/a><\/p>\n<p>&nbsp;<\/p>\n","protected":false},"featured_media":2132,"comment_status":"open","ping_status":"closed","template":"","meta":{"_monsterinsights_skip_tracking":false,"_monsterinsights_sitenote_active":false,"_monsterinsights_sitenote_note":"","_monsterinsights_sitenote_category":0,"_uf_show_specific_survey":0,"_uf_disable_surveys":false,"site-sidebar-layout":"default","site-content-layout":"default","ast-site-content-layout":"default","site-content-style":"default","site-sidebar-style":"default","ast-global-header-display":"","ast-banner-title-visibility":"","ast-main-header-display":"","ast-hfb-above-header-display":"","ast-hfb-below-header-display":"","ast-hfb-mobile-header-display":"","site-post-title":"","ast-breadcrumbs-content":"","ast-featured-img":"","footer-sml-layout":"","ast-disable-related-posts":"","theme-transparent-header-meta":"default","adv-header-id-meta":"","stick-header-meta":"","header-above-stick-meta":"","header-main-stick-meta":"","header-below-stick-meta":"","astra-migrate-meta-layouts":"set","ast-page-background-enabled":"default","ast-page-background-meta":{"desktop":{"background-color":"var(--ast-global-color-4)","background-image":"","background-repeat":"repeat","background-position":"center center","background-size":"auto","background-attachment":"scroll","background-type":"","background-media":"","overlay-type":"","overlay-color":"","overlay-opacity":"","overlay-gradient":""},"tablet":{"background-color":"","background-image":"","background-repeat":"repeat","background-position":"center center","background-size":"auto","background-attachment":"scroll","background-type":"","background-media":"","overlay-type":"","overlay-color":"","overlay-opacity":"","overlay-gradient":""},"mobile":{"background-color":"","background-image":"","background-repeat":"repeat","background-position":"center center","background-size":"auto","background-attachment":"scroll","background-type":"","background-media":"","overlay-type":"","overlay-color":"","overlay-opacity":"","overlay-gradient":""}},"ast-content-background-meta":{"desktop":{"background-color":"var(--ast-global-color-5)","background-image":"","background-repeat":"repeat","background-position":"center center","background-size":"auto","background-attachment":"scroll","background-type":"","background-media":"","overlay-type":"","overlay-color":"","overlay-opacity":"","overlay-gradient":""},"tablet":{"background-color":"var(--ast-global-color-5)","background-image":"","background-repeat":"repeat","background-position":"center center","background-size":"auto","background-attachment":"scroll","background-type":"","background-media":"","overlay-type":"","overlay-color":"","overlay-opacity":"","overlay-gradient":""},"mobile":{"background-color":"var(--ast-global-color-5)","background-image":"","background-repeat":"repeat","background-position":"center center","background-size":"auto","background-attachment":"scroll","background-type":"","background-media":"","overlay-type":"","overlay-color":"","overlay-opacity":"","overlay-gradient":""}}},"product_brand":[],"product_cat":[189],"product_tag":[346,729,723,501,351,458,736,727,726,733,340,354,353,345,722,724,725,344,737,347,348,728,617,355,350],"class_list":{"0":"post-2131","1":"product","2":"type-product","3":"status-publish","4":"has-post-thumbnail","6":"product_cat-formaciones","7":"product_tag-atencion-plena","8":"product_tag-autoalusion","9":"product_tag-concentracion","10":"product_tag-consciencia-cosmica","11":"product_tag-consciencia-plena","12":"product_tag-estados-alterados-de-consciencia","13":"product_tag-fisica-cuantica","14":"product_tag-grinberg","15":"product_tag-intuicion","16":"product_tag-jacobo-grinberg","17":"product_tag-meditacion","18":"product_tag-mente-en-blanco","19":"product_tag-mente-relajada","20":"product_tag-mindfulness","21":"product_tag-observacion","22":"product_tag-paz","23":"product_tag-percepcion-extrasensorial","24":"product_tag-precipitacion","25":"product_tag-quantum","26":"product_tag-respiracion","27":"product_tag-tecnicas-de-meditacion","28":"product_tag-teoria-sintergica","29":"product_tag-vacio","30":"product_tag-vacio-de-pensamiento","31":"product_tag-zen","32":"desktop-align-left","33":"tablet-align-left","34":"mobile-align-left","36":"first","37":"instock","38":"sale","39":"virtual","40":"taxable","41":"purchasable","42":"product-type-simple"},"yoast_head":"<!-- This site is optimized with the Yoast SEO plugin v27.0 - https:\/\/yoast.com\/product\/yoast-seo-wordpress\/ -->\n<title>FORMACI\u00d3N ONLINE MEDITACI\u00d3N II: TEOR\u00cdA SINT\u00c9RGICA Y MEDITACI\u00d3N AUTOALUSIVA -<\/title>\n<meta name=\"description\" content=\"Alcanz\u00e1 y sosten\u00e9 una consciencia meditativa permanente. La meditaci\u00f3n funciona como un algoritmo capaz de ser decodificado y expandido sin l\u00edmite. Meditaci\u00f3n profunda, avanzada o experta que te llevar\u00e1 a un cambio de consciencia, al despertar del ser. Ver programa en:\u00a0https:\/\/lallavepsi.net\/index.php\/formaciones-online\/meditacion\/\" \/>\n<meta name=\"robots\" content=\"index, follow, max-snippet:-1, max-image-preview:large, max-video-preview:-1\" \/>\n<link rel=\"canonical\" href=\"https:\/\/lallavepsi.net\/index.php\/producto\/https-lallavepsi-net-index-php-formaciones-online-meditacion\/\" \/>\n<meta property=\"og:locale\" content=\"es_ES\" \/>\n<meta property=\"og:type\" content=\"article\" \/>\n<meta property=\"og:title\" content=\"FORMACI\u00d3N ONLINE MEDITACI\u00d3N II: TEOR\u00cdA SINT\u00c9RGICA Y MEDITACI\u00d3N AUTOALUSIVA -\" \/>\n<meta property=\"og:description\" content=\"Alcanz\u00e1 y sosten\u00e9 una consciencia meditativa permanente. La meditaci\u00f3n funciona como un algoritmo capaz de ser decodificado y expandido sin l\u00edmite. Meditaci\u00f3n profunda, avanzada o experta que te llevar\u00e1 a un cambio de consciencia, al despertar del ser. Ver programa en:\u00a0https:\/\/lallavepsi.net\/index.php\/formaciones-online\/meditacion\/\" \/>\n<meta property=\"og:url\" content=\"https:\/\/lallavepsi.net\/index.php\/producto\/https-lallavepsi-net-index-php-formaciones-online-meditacion\/\" \/>\n<meta property=\"article:modified_time\" content=\"2025-01-15T23:26:44+00:00\" \/>\n<meta property=\"og:image\" content=\"https:\/\/lallavepsi.net\/wp-content\/uploads\/2023\/07\/4f58d64a22f97fc6fd752a5577349362.jpg\" \/>\n\t<meta property=\"og:image:width\" content=\"480\" \/>\n\t<meta property=\"og:image:height\" content=\"360\" \/>\n\t<meta property=\"og:image:type\" content=\"image\/jpeg\" \/>\n<meta name=\"twitter:card\" content=\"summary_large_image\" \/>\n<meta name=\"twitter:label1\" content=\"Tiempo de lectura\" \/>\n\t<meta name=\"twitter:data1\" content=\"1 minuto\" \/>\n<script type=\"application\/ld+json\" class=\"yoast-schema-graph\">{\"@context\":\"https:\/\/schema.org\",\"@graph\":[{\"@type\":\"WebPage\",\"@id\":\"https:\/\/lallavepsi.net\/index.php\/producto\/https-lallavepsi-net-index-php-formaciones-online-meditacion\/\",\"url\":\"https:\/\/lallavepsi.net\/index.php\/producto\/https-lallavepsi-net-index-php-formaciones-online-meditacion\/\",\"name\":\"FORMACI\u00d3N ONLINE MEDITACI\u00d3N II: TEOR\u00cdA SINT\u00c9RGICA Y MEDITACI\u00d3N AUTOALUSIVA -\",\"isPartOf\":{\"@id\":\"https:\/\/lallavepsi.net\/#website\"},\"primaryImageOfPage\":{\"@id\":\"https:\/\/lallavepsi.net\/index.php\/producto\/https-lallavepsi-net-index-php-formaciones-online-meditacion\/#primaryimage\"},\"image\":{\"@id\":\"https:\/\/lallavepsi.net\/index.php\/producto\/https-lallavepsi-net-index-php-formaciones-online-meditacion\/#primaryimage\"},\"thumbnailUrl\":\"https:\/\/lallavepsi.net\/wp-content\/uploads\/2023\/07\/4f58d64a22f97fc6fd752a5577349362.jpg\",\"datePublished\":\"2023-07-22T00:09:10+00:00\",\"dateModified\":\"2025-01-15T23:26:44+00:00\",\"description\":\"Alcanz\u00e1 y sosten\u00e9 una consciencia meditativa permanente. La meditaci\u00f3n funciona como un algoritmo capaz de ser decodificado y expandido sin l\u00edmite. Meditaci\u00f3n profunda, avanzada o experta que te llevar\u00e1 a un cambio de consciencia, al despertar del ser. Ver programa en:\u00a0https:\/\/lallavepsi.net\/index.php\/formaciones-online\/meditacion\/\",\"breadcrumb\":{\"@id\":\"https:\/\/lallavepsi.net\/index.php\/producto\/https-lallavepsi-net-index-php-formaciones-online-meditacion\/#breadcrumb\"},\"inLanguage\":\"es-AR\",\"potentialAction\":[{\"@type\":\"ReadAction\",\"target\":[\"https:\/\/lallavepsi.net\/index.php\/producto\/https-lallavepsi-net-index-php-formaciones-online-meditacion\/\"]}]},{\"@type\":\"ImageObject\",\"inLanguage\":\"es-AR\",\"@id\":\"https:\/\/lallavepsi.net\/index.php\/producto\/https-lallavepsi-net-index-php-formaciones-online-meditacion\/#primaryimage\",\"url\":\"https:\/\/lallavepsi.net\/wp-content\/uploads\/2023\/07\/4f58d64a22f97fc6fd752a5577349362.jpg\",\"contentUrl\":\"https:\/\/lallavepsi.net\/wp-content\/uploads\/2023\/07\/4f58d64a22f97fc6fd752a5577349362.jpg\",\"width\":480,\"height\":360},{\"@type\":\"BreadcrumbList\",\"@id\":\"https:\/\/lallavepsi.net\/index.php\/producto\/https-lallavepsi-net-index-php-formaciones-online-meditacion\/#breadcrumb\",\"itemListElement\":[{\"@type\":\"ListItem\",\"position\":1,\"name\":\"Inicio\",\"item\":\"https:\/\/lallavepsi.net\/\"},{\"@type\":\"ListItem\",\"position\":2,\"name\":\"VER TIENDA\",\"item\":\"https:\/\/lallavepsi.net\/index.php\/ver-tienda\/\"},{\"@type\":\"ListItem\",\"position\":3,\"name\":\"FORMACI\u00d3N ONLINE MEDITACI\u00d3N II: TEOR\u00cdA SINT\u00c9RGICA Y MEDITACI\u00d3N AUTOALUSIVA\"}]},{\"@type\":\"WebSite\",\"@id\":\"https:\/\/lallavepsi.net\/#website\",\"url\":\"https:\/\/lallavepsi.net\/\",\"name\":\"\",\"description\":\"\",\"potentialAction\":[{\"@type\":\"SearchAction\",\"target\":{\"@type\":\"EntryPoint\",\"urlTemplate\":\"https:\/\/lallavepsi.net\/?s={search_term_string}\"},\"query-input\":{\"@type\":\"PropertyValueSpecification\",\"valueRequired\":true,\"valueName\":\"search_term_string\"}}],\"inLanguage\":\"es-AR\"}]}<\/script>\n<!-- \/ Yoast SEO plugin. -->","yoast_head_json":{"title":"FORMACI\u00d3N ONLINE MEDITACI\u00d3N II: TEOR\u00cdA SINT\u00c9RGICA Y MEDITACI\u00d3N AUTOALUSIVA -","description":"Alcanz\u00e1 y sosten\u00e9 una consciencia meditativa permanente. La meditaci\u00f3n funciona como un algoritmo capaz de ser decodificado y expandido sin l\u00edmite. Meditaci\u00f3n profunda, avanzada o experta que te llevar\u00e1 a un cambio de consciencia, al despertar del ser. Ver programa en:\u00a0https:\/\/lallavepsi.net\/index.php\/formaciones-online\/meditacion\/","robots":{"index":"index","follow":"follow","max-snippet":"max-snippet:-1","max-image-preview":"max-image-preview:large","max-video-preview":"max-video-preview:-1"},"canonical":"https:\/\/lallavepsi.net\/index.php\/producto\/https-lallavepsi-net-index-php-formaciones-online-meditacion\/","og_locale":"es_ES","og_type":"article","og_title":"FORMACI\u00d3N ONLINE MEDITACI\u00d3N II: TEOR\u00cdA SINT\u00c9RGICA Y MEDITACI\u00d3N AUTOALUSIVA -","og_description":"Alcanz\u00e1 y sosten\u00e9 una consciencia meditativa permanente. La meditaci\u00f3n funciona como un algoritmo capaz de ser decodificado y expandido sin l\u00edmite. Meditaci\u00f3n profunda, avanzada o experta que te llevar\u00e1 a un cambio de consciencia, al despertar del ser. Ver programa en:\u00a0https:\/\/lallavepsi.net\/index.php\/formaciones-online\/meditacion\/","og_url":"https:\/\/lallavepsi.net\/index.php\/producto\/https-lallavepsi-net-index-php-formaciones-online-meditacion\/","article_modified_time":"2025-01-15T23:26:44+00:00","og_image":[{"width":480,"height":360,"url":"https:\/\/lallavepsi.net\/wp-content\/uploads\/2023\/07\/4f58d64a22f97fc6fd752a5577349362.jpg","type":"image\/jpeg"}],"twitter_card":"summary_large_image","twitter_misc":{"Tiempo de lectura":"1 minuto"},"schema":{"@context":"https:\/\/schema.org","@graph":[{"@type":"WebPage","@id":"https:\/\/lallavepsi.net\/index.php\/producto\/https-lallavepsi-net-index-php-formaciones-online-meditacion\/","url":"https:\/\/lallavepsi.net\/index.php\/producto\/https-lallavepsi-net-index-php-formaciones-online-meditacion\/","name":"FORMACI\u00d3N ONLINE MEDITACI\u00d3N II: TEOR\u00cdA SINT\u00c9RGICA Y MEDITACI\u00d3N AUTOALUSIVA -","isPartOf":{"@id":"https:\/\/lallavepsi.net\/#website"},"primaryImageOfPage":{"@id":"https:\/\/lallavepsi.net\/index.php\/producto\/https-lallavepsi-net-index-php-formaciones-online-meditacion\/#primaryimage"},"image":{"@id":"https:\/\/lallavepsi.net\/index.php\/producto\/https-lallavepsi-net-index-php-formaciones-online-meditacion\/#primaryimage"},"thumbnailUrl":"https:\/\/lallavepsi.net\/wp-content\/uploads\/2023\/07\/4f58d64a22f97fc6fd752a5577349362.jpg","datePublished":"2023-07-22T00:09:10+00:00","dateModified":"2025-01-15T23:26:44+00:00","description":"Alcanz\u00e1 y sosten\u00e9 una consciencia meditativa permanente. La meditaci\u00f3n funciona como un algoritmo capaz de ser decodificado y expandido sin l\u00edmite. Meditaci\u00f3n profunda, avanzada o experta que te llevar\u00e1 a un cambio de consciencia, al despertar del ser. Ver programa en:\u00a0https:\/\/lallavepsi.net\/index.php\/formaciones-online\/meditacion\/","breadcrumb":{"@id":"https:\/\/lallavepsi.net\/index.php\/producto\/https-lallavepsi-net-index-php-formaciones-online-meditacion\/#breadcrumb"},"inLanguage":"es-AR","potentialAction":[{"@type":"ReadAction","target":["https:\/\/lallavepsi.net\/index.php\/producto\/https-lallavepsi-net-index-php-formaciones-online-meditacion\/"]}]},{"@type":"ImageObject","inLanguage":"es-AR","@id":"https:\/\/lallavepsi.net\/index.php\/producto\/https-lallavepsi-net-index-php-formaciones-online-meditacion\/#primaryimage","url":"https:\/\/lallavepsi.net\/wp-content\/uploads\/2023\/07\/4f58d64a22f97fc6fd752a5577349362.jpg","contentUrl":"https:\/\/lallavepsi.net\/wp-content\/uploads\/2023\/07\/4f58d64a22f97fc6fd752a5577349362.jpg","width":480,"height":360},{"@type":"BreadcrumbList","@id":"https:\/\/lallavepsi.net\/index.php\/producto\/https-lallavepsi-net-index-php-formaciones-online-meditacion\/#breadcrumb","itemListElement":[{"@type":"ListItem","position":1,"name":"Inicio","item":"https:\/\/lallavepsi.net\/"},{"@type":"ListItem","position":2,"name":"VER TIENDA","item":"https:\/\/lallavepsi.net\/index.php\/ver-tienda\/"},{"@type":"ListItem","position":3,"name":"FORMACI\u00d3N ONLINE MEDITACI\u00d3N II: TEOR\u00cdA SINT\u00c9RGICA Y MEDITACI\u00d3N AUTOALUSIVA"}]},{"@type":"WebSite","@id":"https:\/\/lallavepsi.net\/#website","url":"https:\/\/lallavepsi.net\/","name":"","description":"","potentialAction":[{"@type":"SearchAction","target":{"@type":"EntryPoint","urlTemplate":"https:\/\/lallavepsi.net\/?s={search_term_string}"},"query-input":{"@type":"PropertyValueSpecification","valueRequired":true,"valueName":"search_term_string"}}],"inLanguage":"es-AR"}]}},"_links":{"self":[{"href":"https:\/\/lallavepsi.net\/index.php\/wp-json\/wp\/v2\/product\/2131","targetHints":{"allow":["GET"]}}],"collection":[{"href":"https:\/\/lallavepsi.net\/index.php\/wp-json\/wp\/v2\/product"}],"about":[{"href":"https:\/\/lallavepsi.net\/index.php\/wp-json\/wp\/v2\/types\/product"}],"replies":[{"embeddable":true,"href":"https:\/\/lallavepsi.net\/index.php\/wp-json\/wp\/v2\/comments?post=2131"}],"wp:featuredmedia":[{"embeddable":true,"href":"https:\/\/lallavepsi.net\/index.php\/wp-json\/wp\/v2\/media\/2132"}],"wp:attachment":[{"href":"https:\/\/lallavepsi.net\/index.php\/wp-json\/wp\/v2\/media?parent=2131"}],"wp:term":[{"taxonomy":"product_brand","embeddable":true,"href":"https:\/\/lallavepsi.net\/index.php\/wp-json\/wp\/v2\/product_brand?post=2131"},{"taxonomy":"product_cat","embeddable":true,"href":"https:\/\/lallavepsi.net\/index.php\/wp-json\/wp\/v2\/product_cat?post=2131"},{"taxonomy":"product_tag","embeddable":true,"href":"https:\/\/lallavepsi.net\/index.php\/wp-json\/wp\/v2\/product_tag?post=2131"}],"curies":[{"name":"wp","href":"https:\/\/api.w.org\/{rel}","templated":true}]}}